NOAA-Style Climate Reports

Select a Year or Month report
2018: Gen Feb Mar Apr Mag Giu Lug Ago Set Ott Nov Dic
2017: Gen Feb Mar Apr Mag Giu Lug Ago Set Ott Nov Dic
2016: Gen Feb Mar Apr Mag Giu Lug Ago Set Ott Nov Dic
2015: Gen Feb Mar Apr Mag Giu Lug Ago Set Ott Nov Dic
2014: Gen Feb Mar Apr Mag Giu Lug Ago Set Ott Nov Dic

Report for 2018 Aprile
                   Monthly Climatological Summary for apr 2018

Name: SienaMETEO   City: San Rocco a Pilli - Sovicille (SI)   State: Italia
Elevation: 241 m  Lat: N 43° 15' 22"   Lon: E 011° 16' 53"

                  Temperature (°C), Rain (mm), Wind Speed (km/h)

                                      Heat  Cool        Avg
    Mean                              Deg   Deg         Wind                 Dom
Day Temp  High   Time   Low    Time   Days  Days  Rain  Speed High   Time    Dir
----------------------------------------------------------------------------------
 1  11,4  16,7   15.17   7,2   06.19   6,9   0,0   1,8   0,0   0,0   00.00   ---
 2  10,6  19,1   15.25   3,5   06.56   7,8   0,0   0,0   0,0   0,0   00.00   ---
 3  11,6  18,6   14.35   5,3   05.02   6,7   0,0   0,0   0,0   0,0   00.00   ---
 4  11,7  13,9   16.57   9,7   07.49   6,6   0,0  16,6   0,0   0,0   00.00   ---
 5  12,7  18,4   13.48   8,8   07.29   5,6   0,0   2,4   0,0   0,0   00.00   ---
 6  12,7  20,8   16.29   5,8   05.58   6,0   0,4   0,2   0,0   0,0   00.00   ---
 7  13,7  21,5   16.10   5,1   07.21   5,3   0,6   0,0   0,0   0,0   00.00   ---
 8  14,2  21,8   15.12   6,2   07.11   4,8   0,8   0,0   0,0   0,0   00.00   ---
 9  11,9  14,7   00.00  10,7   23.14   6,4   0,0  17,2   0,0   0,0   00.00   ---
10  11,3  16,3   14.28   7,0   07.17   7,0   0,0   0,4   0,0   0,0   00.00   ---
11  11,4  15,1   14.27   7,2   06.20   6,9   0,0   0,4   0,0   0,0   00.00   ---
12  12,2  17,3   13.37   9,3   07.48   6,1   0,0   2,8   0,0   0,0   00.00   ---
13  13,4  19,9   17.55   8,2   07.38   5,0   0,1   0,0   0,0   0,0   00.00   ---
14  14,5  22,1   15.10   6,3   06.23   4,7   0,9   0,0   0,0   0,0   00.00   ---
15  14,6  20,2   18.37  11,3   06.57   3,8   0,1   0,4   0,0   0,0   00.00   ---
16  16,4  24,7   15.30   9,1   06.21   3,4   1,4   0,0   0,0   0,0   00.00   ---
17  15,5  23,0   12.45   9,7   06.29   3,3   0,5   1,2   0,0   0,0   00.00   ---
18  17,0  21,3   17.20  11,1   06.20   2,1   0,8   0,0   0,0   0,0   00.00   ---
19  18,1  24,9   17.04   9,8   06.08   2,3   2,1   0,0   0,0   0,0   00.00   ---
20  18,8  27,8   15.23   9,4   07.05   2,6   3,1   0,0   0,0   0,0   00.00   ---
21  19,1  27,8   16.36   9,4   06.22   2,6   3,4   0,0   0,0   0,0   00.00   ---
22  18,6  28,5   15.18   9,4   06.49   2,6   2,9   0,0   0,0   0,0   00.00   ---
23  17,8  26,7   13.49   8,7   06.34   3,0   2,5   0,0   0,0   0,0   00.00   ---
24  17,3  26,1   14.16   9,1   05.44   3,1   2,0   0,0   0,0   0,0   00.00   ---
25  17,7  27,1   16.22   9,2   06.51   3,0   2,3   0,0   0,0   0,0   00.00   ---
26  17,4  27,4   16.08   8,1   07.11   3,3   2,3   0,0   0,0   0,0   00.00   ---
27  18,5  28,3   14.42   8,1   05.54   3,1   3,3   0,0   0,0   0,0   00.00   ---
28  19,9  29,1   16.48  11,0   06.58   1,9   3,5   0,0   0,0   0,0   00.00   ---
29  18,7  27,3   16.24  11,9   05.11   2,1   2,5   0,0   0,0   0,0   00.00   ---
30  16,8  22,6   16.16  12,6   22.36   2,2   0,7   0,0   0,0   0,0   00.00   ---
----------------------------------------------------------------------------------
    15,2  29,1    28     3,5     2   130,2  36,2  43,4   0,0   0,0     0     ---

Max >=  34,0:  0
Max <=   0,0:  0
Min <=   0,0:  0
Min <= -10,0:  0
Max Rain: 17,2 on day 9
Days of Rain: 10 (>= 0,2 mm)  6 (>= 1,0 mm)  0 (>= 20,0 mm)
Heat Base: 18,3  Cool Base: 18,3  Method: Integration