NOAA-Style Climate Reports

Select a Year or Month report
2018: Gen Feb Mar Apr Mag Giu Lug Ago Set Ott Nov Dic
2017: Gen Feb Mar Apr Mag Giu Lug Ago Set Ott Nov Dic
2016: Gen Feb Mar Apr Mag Giu Lug Ago Set Ott Nov Dic
2015: Gen Feb Mar Apr Mag Giu Lug Ago Set Ott Nov Dic
2014: Gen Feb Mar Apr Mag Giu Lug Ago Set Ott Nov Dic

Report for 2018 Marzo
                   Monthly Climatological Summary for mar 2018

Name: SienaMETEO   City: San Rocco a Pilli - Sovicille (SI)   State: Italia
Elevation: 241 m  Lat: N 43° 15' 22"   Lon: E 011° 16' 53"

                  Temperature (°C), Rain (mm), Wind Speed (km/h)

                                      Heat  Cool        Avg
    Mean                              Deg   Deg         Wind                 Dom
Day Temp  High   Time   Low    Time   Days  Days  Rain  Speed High   Time    Dir
----------------------------------------------------------------------------------
 1  -0,2   1,1   13.34  -2,5   02.34  18,5   0,0  18,4   0,0   0,0   00.00   ---
 2   4,7   8,4   12.57   0,7   00.00  13,5   0,0  16,2   0,0   0,0   00.00   ---
 3   7,4  10,3   18.08   4,9   07.10  10,9   0,0   7,8   0,0   0,0   00.00   ---
 4   8,4  13,0   15.19   4,8   07.46   9,9   0,0   5,8   0,0   0,0   00.00   ---
 5   7,4   9,5   13.42   5,7   23.48  10,9   0,0   2,4   0,0   0,0   00.00   ---
 6   7,9  12,9   15.50   5,3   02.13  10,4   0,0   9,6   0,0   0,0   00.00   ---
 7   8,8  13,0   16.47   5,1   06.05   9,5   0,0   1,0   0,0   0,0   00.00   ---
 8  10,4  16,4   13.07   5,7   06.55   7,9   0,0   0,0   0,0   0,0   00.00   ---
 9  10,3  16,7   15.51   4,6   06.43   8,0   0,0   0,0   0,0   0,0   00.00   ---
10   8,8  12,7   17.07   5,1   04.17   9,5   0,0   0,0   0,0   0,0   00.00   ---
11  11,0  14,1   13.43   8,2   22.21   7,3   0,0  23,0   0,0   0,0   00.00   ---
12  10,2  13,1   16.23   7,3   10.25   8,1   0,0  15,6   0,0   0,0   00.00   ---
13  10,5  14,6   11.15   6,7   06.52   7,8   0,0   0,0   0,0   0,0   00.00   ---
14  11,0  16,9   11.56   5,4   23.40   7,3   0,0   0,0   0,0   0,0   00.00   ---
15   7,5  11,7   13.39   1,9   05.45  10,8   0,0   3,6   0,0   0,0   00.00   ---
16  12,0  17,4   13.33   7,3   07.06   6,3   0,0   6,6   0,0   0,0   00.00   ---
17   9,7  13,8   12.55   4,7   23.52   8,6   0,0   2,2   0,0   0,0   00.00   ---
18   6,3   7,9   16.03   4,1   00.41  12,0   0,0  14,4   0,0   0,0   00.00   ---
19   5,7   8,9   11.51   3,4   22.49  12,6   0,0   1,0   0,0   0,0   00.00   ---
20   6,3  11,0   14.17   3,3   01.13  11,9   0,0   6,0   0,0   0,0   00.00   ---
21   4,8   6,7   16.29   3,4   21.39  13,5   0,0   1,2   0,0   0,0   00.00   ---
22   4,7   8,6   13.50  -0,2   04.57  13,6   0,0   0,0   0,0   0,0   00.00   ---
23   6,0  11,4   12.42   0,8   23.52  12,3   0,0   0,0   0,0   0,0   00.00   ---
24   5,9  12,8   14.29  -1,4   06.01  12,4   0,0   0,0   0,0   0,0   00.00   ---
25   6,1  12,8   14.05  -0,9   06.39  11,7   0,0   0,0   0,0   0,0   00.00   ---
26   8,6  15,8   15.00   1,3   07.20   9,7   0,0   0,0   0,0   0,0   00.00   ---
27   9,1  18,2   16.54   0,8   07.30   9,2   0,0   0,0   0,0   0,0   00.00   ---
28   9,8  17,2   14.15   1,4   07.25   8,5   0,0   0,0   0,0   0,0   00.00   ---
29  13,2  17,7   13.52   9,3   06.50   5,1   0,0   0,0   0,0   0,0   00.00   ---
30  14,0  17,7   14.25  11,4   00.00   4,3   0,0   0,0   0,0   0,0   00.00   ---
31  11,1  12,9   00.20   7,9   23.08   7,2   0,0   8,2   0,0   0,0   00.00   ---
----------------------------------------------------------------------------------
     8,3  18,2    27    -2,5     1   309,2   0,0 143,0   0,0   0,0     0     ---

Max >=  34,0:  0
Max <=   0,0:  0
Min <=   0,0:  4
Min <= -10,0:  0
Max Rain: 23,0 on day 11
Days of Rain: 17 (>= 0,2 mm)  17 (>= 1,0 mm)  1 (>= 20,0 mm)
Heat Base: 18,3  Cool Base: 18,3  Method: Integration