NOAA-Style Climate Reports

Select a Year or Month report
2018: Gen Feb Mar Apr Mag Giu Lug Ago Set Ott Nov Dic
2017: Gen Feb Mar Apr Mag Giu Lug Ago Set Ott Nov Dic
2016: Gen Feb Mar Apr Mag Giu Lug Ago Set Ott Nov Dic
2015: Gen Feb Mar Apr Mag Giu Lug Ago Set Ott Nov Dic
2014: Gen Feb Mar Apr Mag Giu Lug Ago Set Ott Nov Dic

Report for 2018 Gennaio
                   Monthly Climatological Summary for gen 2018

Name: SienaMETEO   City: San Rocco a Pilli - Sovicille (SI)   State: Italia
Elevation: 241 m  Lat: N 43° 15' 22"   Lon: E 011° 16' 53"

                  Temperature (°C), Rain (mm), Wind Speed (km/h)

                                      Heat  Cool        Avg
    Mean                              Deg   Deg         Wind                 Dom
Day Temp  High   Time   Low    Time   Days  Days  Rain  Speed High   Time    Dir
----------------------------------------------------------------------------------
 1   9,4  12,6   13.30   4,8   01.28   8,9   0,0   4,2   0,0   0,0   00.00   ---
 2   8,2  12,1   14.04   3,2   23.54  10,1   0,0   0,6   0,0   0,0   00.00   ---
 3   5,2  14,3   18.10  -0,1   07.55  13,1   0,0   0,0   0,0   0,0   00.00   ---
 4   6,7   8,9   18.59   3,7   04.40  11,6   0,0   1,4   0,0   0,0   00.00   ---
 5   7,2   9,8   13.28   4,7   07.05  11,1   0,0   0,0   0,0   0,0   00.00   ---
 6   9,7  13,1   14.55   5,6   00.00   8,6   0,0   0,2   0,0   0,0   00.00   ---
 7   9,6  15,6   13.38   5,8   06.00   8,7   0,0   0,0   0,0   0,0   00.00   ---
 8  11,1  15,8   23.20   6,6   08.21   7,2   0,0   0,0   0,0   0,0   00.00   ---
 9  11,8  15,4   00.00   7,1   23.54   6,5   0,0   3,8   0,0   0,0   00.00   ---
10   6,5  10,3   15.22   3,1   08.01  11,8   0,0   0,4   0,0   0,0   00.00   ---
11   6,4   7,2   15.15   5,4   07.15  11,9   0,0   9,0   0,0   0,0   00.00   ---
12   6,9  10,4   12.52   4,1   03.44  11,4   0,0   0,2   0,0   0,0   00.00   ---
13   5,5  10,0   13.02   1,1   07.58  12,8   0,0   0,0   0,0   0,0   00.00   ---
14   3,2   8,4   14.14  -1,0   08.40  15,1   0,0   0,0   0,0   0,0   00.00   ---
15   3,5   8,9   15.27  -1,3   06.46  14,8   0,0   0,2   0,0   0,0   00.00   ---
16   8,8  13,8   22.35   4,3   02.38   9,5   0,0   2,8   0,0   0,0   00.00   ---
17  11,1  13,6   03.05   4,5   23.34   7,1   0,0   0,6   0,0   0,0   00.00   ---
18   4,9  11,6   15.07  -2,6   07.40  13,4   0,0   0,0   0,0   0,0   00.00   ---
19   6,8   9,3   19.34   3,4   08.22  11,5   0,0   0,0   0,0   0,0   00.00   ---
----------------------------------------------------------------------------------
     7,5  15,8     8    -2,6    18   205,1   0,0  23,4   0,0   0,0     0     ---

Max >=  34,0:  0
Max <=   0,0:  0
Min <=   0,0:  4
Min <= -10,0:  0
Max Rain: 9,0 on day 11
Days of Rain: 11 (>= 0,2 mm)  5 (>= 1,0 mm)  0 (>= 20,0 mm)
Heat Base: 18,3  Cool Base: 18,3  Method: Integration