NOAA-Style Climate Reports

Select a Year or Month report
2018: Gen Feb Mar Apr Mag Giu Lug Ago Set Ott Nov Dic
2017: Gen Feb Mar Apr Mag Giu Lug Ago Set Ott Nov Dic
2016: Gen Feb Mar Apr Mag Giu Lug Ago Set Ott Nov Dic
2015: Gen Feb Mar Apr Mag Giu Lug Ago Set Ott Nov Dic
2014: Gen Feb Mar Apr Mag Giu Lug Ago Set Ott Nov Dic

Report for 2017 Dicembre
                   Monthly Climatological Summary for dic 2017

Name: SienaMETEO   City: San Rocco a Pilli - Sovicille (SI)   State: Italia
Elevation: 241 m  Lat: N 43° 15' 22"   Lon: E 011° 16' 53"

                  Temperature (°C), Rain (mm), Wind Speed (km/h)

                                      Heat  Cool        Avg
    Mean                              Deg   Deg         Wind                 Dom
Day Temp  High   Time   Low    Time   Days  Days  Rain  Speed High   Time    Dir
----------------------------------------------------------------------------------
 1   1,9   6,4   14.55  -1,7   04.37  16,4   0,0   1,6   0,0   0,0   00.00   ---
 2   4,3   8,6   13.22   0,2   00.51  14,0   0,0   0,0   0,0   0,0   00.00   ---
 3   2,7   7,7   14.44  -0,8   23.55  15,6   0,0   0,0   0,0   0,0   00.00   ---
 4   1,4   8,0   14.35  -2,4   07.18  16,9   0,0   0,2   0,0   0,0   00.00   ---
 5   2,1   9,6   15.01  -2,9   07.47  16,2   0,0   0,0   0,0   0,0   00.00   ---
 6   2,7   8,8   14.54  -1,8   08.18  15,6   0,0   0,2   0,0   0,0   00.00   ---
 7   4,9   8,3   13.57   1,5   01.23  13,4   0,0   1,2   0,0   0,0   00.00   ---
 8   9,0  11,5   11.35   5,4   00.00   9,3   0,0   0,4   0,0   0,0   00.00   ---
 9   4,9   9,2   00.00  -2,8   23.53  13,4   0,0   0,0   0,0   0,0   00.00   ---
10   1,7  12,1   23.55  -5,9   07.32  16,6   0,0   2,4   0,0   0,0   00.00   ---
11  13,7  14,4   23.05  12,0   00.05   4,5   0,0   1,4   0,0   0,0   00.00   ---
12  10,4  14,6   01.40   7,8   22.49   7,9   0,0  16,6   0,0   0,0   00.00   ---
13   7,9  10,1   15.00   5,9   23.58  10,4   0,0   1,2   0,0   0,0   00.00   ---
14   9,2  13,0   14.43   5,2   00.33   9,1   0,0   0,6   0,0   0,0   00.00   ---
15   9,3  11,2   11.26   7,8   03.01   9,0   0,0   2,2   0,0   0,0   00.00   ---
16   5,5   8,6   02.30   2,4   22.54  12,8   0,0  10,4   0,0   0,0   00.00   ---
17   3,4   8,4   15.02  -1,4   23.56  14,9   0,0   0,0   0,0   0,0   00.00   ---
18  -0,3   5,6   15.01  -4,5   08.25  18,6   0,0   0,2   0,0   0,0   00.00   ---
19  -0,2   5,7   13.59  -3,8   07.22  18,5   0,0   0,2   0,0   0,0   00.00   ---
20   0,8   6,9   14.35  -2,6   02.34  17,5   0,0   0,0   0,0   0,0   00.00   ---
21   1,2   7,6   14.14  -3,1   06.05  17,1   0,0   0,0   0,0   0,0   00.00   ---
22   2,7  10,9   14.40  -2,8   06.17  15,6   0,0   0,0   0,0   0,0   00.00   ---
23   3,2  10,3   15.03  -1,8   07.33  15,1   0,0   0,0   0,0   0,0   00.00   ---
24   4,7  10,4   14.46  -1,4   05.47  13,6   0,0   0,0   0,0   0,0   00.00   ---
25   8,9  11,7   14.55   6,7   07.03   9,4   0,0   0,0   0,0   0,0   00.00   ---
26   9,2  12,2   12.18   7,4   05.32   9,1   0,0   1,4   0,0   0,0   00.00   ---
27   8,9  10,1   12.08   6,5   23.58   9,4   0,0  17,4   0,0   0,0   00.00   ---
28   4,2   6,9   15.14   1,6   22.56  14,1   0,0  10,2   0,0   0,0   00.00   ---
29   2,6   6,4   13.52   0,0   08.41  15,7   0,0   0,2   0,0   0,0   00.00   ---
30   4,1   7,1   13.33   0,6   01.04  14,2   0,0   1,6   0,0   0,0   00.00   ---
31   7,2  10,8   14.36   5,7   22.21  11,1   0,0   0,0   0,0   4,8   23.30   ---
----------------------------------------------------------------------------------
     4,9  14,6    12    -5,9    10   415,0   0,0  69,6   0,0   4,8    31     ---

Max >=  34,0:  0
Max <=   0,0:  0
Min <=   0,0: 16
Min <= -10,0:  0
Max Rain: 17,4 on day 27
Days of Rain: 19 (>= 0,2 mm)  12 (>= 1,0 mm)  0 (>= 20,0 mm)
Heat Base: 18,3  Cool Base: 18,3  Method: Integration