NOAA-Style Climate Reports

Select a Year or Month report
2018: Gen Feb Mar Apr Mag Giu Lug Ago Set Ott Nov Dic
2017: Gen Feb Mar Apr Mag Giu Lug Ago Set Ott Nov Dic
2016: Gen Feb Mar Apr Mag Giu Lug Ago Set Ott Nov Dic
2015: Gen Feb Mar Apr Mag Giu Lug Ago Set Ott Nov Dic
2014: Gen Feb Mar Apr Mag Giu Lug Ago Set Ott Nov Dic

Report for 2017 Novembre
                   Monthly Climatological Summary for nov 2017

Name: SienaMETEO   City: San Rocco a Pilli - Sovicille (SI)   State: Italia
Elevation: 241 m  Lat: N 43° 15' 22"   Lon: E 011° 16' 53"

                  Temperature (°C), Rain (mm), Wind Speed (km/h)

                                      Heat  Cool        Avg
    Mean                              Deg   Deg         Wind                 Dom
Day Temp  High   Time   Low    Time   Days  Days  Rain  Speed High   Time    Dir
----------------------------------------------------------------------------------
 1   9,2  17,4   15.31   2,9   07.40   9,0   0,0   0,0   0,0   0,0   00.00   ---
 2  10,1  17,4   14.16   2,6   06.54   8,2   0,0   0,0   0,0   0,0   00.00   ---
 3  13,4  15,7   13.50  11,8   07.23   4,9   0,0   4,8   0,0   0,0   00.00   ---
 4  12,9  15,6   15.45  10,7   23.56   5,4   0,0   0,2   0,0   6,4   10.13     E
 5  12,0  15,3   15.56   9,8   04.12   6,3   0,0  18,2   0,0   0,0   00.00   ---
 6  10,8  14,7   13.04   7,6   22.41   7,5   0,0   4,8   0,0   6,4   03.08   ---
 7   8,6  13,1   14.04   6,0   23.42   9,7   0,0   0,4   0,0   0,0   00.00   ---
 8   7,8  10,9   14.28   4,7   07.19  10,5   0,0   0,2   0,0   0,0   00.00   ---
 9  10,4  13,3   13.54   7,7   07.10   7,9   0,0   0,0   0,0   0,0   00.00   ---
10  10,4  15,4   13.33   6,6   23.43   7,9   0,0   0,0   0,0   0,0   00.00   ---
11   8,2  15,4   14.50   2,3   07.07  10,1   0,0   0,0   0,0   0,0   00.00   ---
12   8,0  11,2   14.44   3,2   05.56  10,3   0,0   0,8   0,0   0,0   00.00   ---
13   6,3  11,7   04.10   3,6   10.45  12,0   0,0  20,4   0,0   0,0   00.00   ---
14   7,1  10,6   12.36   4,2   01.05  11,2   0,0   0,4   0,0   0,0   00.00   ---
15   8,9  12,8   11.59   6,6   06.34   9,4   0,0   0,6   0,0   0,0   00.00   ---
16   8,0  13,2   15.06   4,2   06.49  10,3   0,0   0,0   0,0   0,0   00.00   ---
17   7,5  14,1   14.18   2,0   07.28  10,8   0,0   0,0   0,0   0,0   00.00   ---
18   6,7  13,3   14.52   2,4   07.18  11,6   0,0   0,0   0,0   0,0   00.00   ---
19   4,9  10,3   14.41   0,6   06.11  13,4   0,0   0,2   0,0   0,0   00.00   ---
20   5,2  11,7   15.04   0,1   08.08  13,1   0,0   0,2   0,0   0,0   00.00   ---
21   6,2  13,1   15.14   1,4   03.03  12,1   0,0   0,2   0,0   0,0   00.00   ---
22   8,7  12,8   15.08   4,5   00.39   9,6   0,0   0,0   0,0   0,0   00.00   ---
23   9,8  14,7   14.05   7,1   02.37   8,5   0,0   0,0   0,0   1,6   06.42   ---
24   9,9  14,7   13.39   6,3   04.10   8,4   0,0   0,2   0,0   0,0   00.00   ---
25  12,0  16,0   13.47   7,7   07.33   6,3   0,0   0,0   0,0   0,0   00.00   ---
26   7,9  13,0   00.00   3,2   23.14  10,4   0,0   0,0   0,0   0,0   00.00   ---
27   3,4   8,9   15.20  -0,9   23.54  14,9   0,0   0,0   0,0   0,0   00.00   ---
28   2,4   8,1   22.03  -3,9   07.19  15,9   0,0   0,4   0,0   0,0   00.00   ---
29   8,5  10,3   11.07   5,6   01.20   9,8   0,0  15,4   0,0   0,0   00.00   ---
30   5,0   9,7   12.19   0,1   23.08  13,3   0,0   1,0   0,0   0,0   00.00   ---
----------------------------------------------------------------------------------
     8,3  17,4     1    -3,9    28   298,7   0,0  68,4   0,0   6,4     4       E

Max >=  34,0:  0
Max <=   0,0:  0
Min <=   0,0:  2
Min <= -10,0:  0
Max Rain: 20,4 on day 13
Days of Rain: 17 (>= 0,2 mm)  6 (>= 1,0 mm)  1 (>= 20,0 mm)
Heat Base: 18,3  Cool Base: 18,3  Method: Integration