NOAA-Style Climate Reports

Select a Year or Month report
2018: Gen Feb Mar Apr Mag Giu Lug Ago Set Ott Nov Dic
2017: Gen Feb Mar Apr Mag Giu Lug Ago Set Ott Nov Dic
2016: Gen Feb Mar Apr Mag Giu Lug Ago Set Ott Nov Dic
2015: Gen Feb Mar Apr Mag Giu Lug Ago Set Ott Nov Dic
2014: Gen Feb Mar Apr Mag Giu Lug Ago Set Ott Nov Dic

Report for 2017 Ottobre
                   Monthly Climatological Summary for ott 2017

Name: SienaMETEO   City: San Rocco a Pilli - Sovicille (SI)   State: Italia
Elevation: 241 m  Lat: N 43° 15' 22"   Lon: E 011° 16' 53"

                  Temperature (°C), Rain (mm), Wind Speed (km/h)

                                      Heat  Cool        Avg
    Mean                              Deg   Deg         Wind                 Dom
Day Temp  High   Time   Low    Time   Days  Days  Rain  Speed High   Time    Dir
----------------------------------------------------------------------------------
 1  14,7  17,8   16.46  12,0   06.56   3,6   0,0   0,8   0,0   0,0   00.00   ---
 2  17,3  23,6   17.31  13,1   05.59   2,2   1,2   0,0   0,0   0,0   00.00   ---
 3  16,2  23,3   13.33   9,4   07.12   3,0   1,0   0,2   0,0   0,0   00.00   ---
 4  19,0  24,9   17.26  14,2   08.00   1,2   1,9   0,0   0,0   0,0   00.00   ---
 5  17,1  24,1   14.25  10,8   07.20   2,6   1,4   0,0   0,0   0,0   00.00   ---
 6  16,4  22,8   17.25  11,4   23.59   3,0   1,0   4,2   0,0   0,0   00.00   ---
 7  13,8  19,9   14.07   8,1   07.39   4,7   0,2   0,0   0,0   0,0   00.00   ---
 8  13,6  21,9   13.31   6,4   04.42   5,4   0,7   0,0   0,0   0,0   00.00   ---
 9  14,8  21,7   13.41   8,3   07.22   4,2   0,7   0,0   0,0   0,0   00.00   ---
10  15,2  21,6   13.05   8,8   08.00   3,8   0,7   0,0   0,0   0,0   00.00   ---
11  15,2  22,5   13.50   8,2   07.50   4,1   1,0   0,2   0,0   0,0   00.00   ---
12  14,5  20,8   13.48   8,1   07.46   4,3   0,5   0,0   0,0   0,0   00.00   ---
13  15,9  22,2   15.50  11,0   04.00   3,2   0,8   0,2   0,0   0,0   00.00   ---
14  14,8  22,7   16.54   9,7   05.28   4,2   0,7   0,4   0,0   1,6   10.12   ---
15  15,0  24,1   16.06   8,5   07.33   4,4   1,1   0,2   0,0   0,0   00.00   ---
16  14,7  23,5   13.53   5,7   08.20   4,8   1,2   0,2   0,0   0,0   00.00   ---
17  14,4  23,3   16.19   7,3   08.10   4,8   0,9   0,0   0,0   0,0   00.00   ---
18  13,6  21,9   13.57   5,8   08.03   5,3   0,7   0,0   0,0   0,0   00.00   ---
19  12,7  20,8   16.00   5,6   08.18   6,0   0,4   0,2   0,0   0,0   00.00   ---
20  13,7  22,0   16.22   6,6   07.02   5,2   0,7   0,2   0,0   0,0   00.00   ---
21  15,2  21,7   16.30  10,2   03.52   3,7   0,6   0,2   0,0   0,0   00.00   ---
22  15,1  21,2   14.22  11,3   04.35   3,5   0,3   0,2   0,0  12,9   10.07   ENE
23  12,5  18,0   13.36   6,9   08.33   5,8   0,0   0,0   0,0   0,0   00.00   ---
24  11,9  20,3   15.37   3,4   08.08   6,7   0,3   0,0   0,0   0,0   00.00   ---
25  12,3  20,4   16.34   4,4   07.55   6,3   0,3   0,0   0,0   0,0   00.00   ---
26  12,7  22,2   13.50   4,6   08.04   6,3   0,7   0,0   0,0   0,0   00.00   ---
27  11,4  16,9   16.35   5,3   07.12   6,9   0,0   0,0   0,0   0,0   00.00   ---
28  12,5  18,5   13.22   6,8   07.58   5,8   0,0   0,0   0,0   0,0   00.00   ---
29  11,6  19,1   12.50   5,3   04.46   7,0   0,0   0,0   0,0   0,0   00.00   ---
30  12,8  18,9   15.07   7,2   07.29   5,5   0,1   0,0   0,0   0,0   00.00   ---
31  11,2  18,3   14.27   6,1   07.03   7,1   0,0   0,0   0,0   0,0   00.00   ---
----------------------------------------------------------------------------------
    14,3  24,9     4     3,4    24   144,6  19,1   7,2   0,0  12,9    22     ENE

Max >=  34,0:  0
Max <=   0,0:  0
Min <=   0,0:  0
Min <= -10,0:  0
Max Rain: 4,2 on day 6
Days of Rain: 12 (>= 0,2 mm)  1 (>= 1,0 mm)  0 (>= 20,0 mm)
Heat Base: 18,3  Cool Base: 18,3  Method: Integration