NOAA-Style Climate Reports

Select a Year or Month report
2018: Gen Feb Mar Apr Mag Giu Lug Ago Set Ott Nov Dic
2017: Gen Feb Mar Apr Mag Giu Lug Ago Set Ott Nov Dic
2016: Gen Feb Mar Apr Mag Giu Lug Ago Set Ott Nov Dic
2015: Gen Feb Mar Apr Mag Giu Lug Ago Set Ott Nov Dic
2014: Gen Feb Mar Apr Mag Giu Lug Ago Set Ott Nov Dic

Report for 2017 Settembre
                   Monthly Climatological Summary for set 2017

Name: SienaMETEO   City: San Rocco a Pilli - Sovicille (SI)   State: Italia
Elevation: 241 m  Lat: N 43° 15' 22"   Lon: E 011° 16' 53"

                  Temperature (°C), Rain (mm), Wind Speed (km/h)

                                      Heat  Cool        Avg
    Mean                              Deg   Deg         Wind                 Dom
Day Temp  High   Time   Low    Time   Days  Days  Rain  Speed High   Time    Dir
----------------------------------------------------------------------------------
 1  22,6  30,2   15.29  16,7   06.15   0,2   4,5  54,2   0,0   4,8   08.58   ---
 2  21,0  26,3   13.08  12,9   23.25   0,3   3,1   1,4   0,0   0,0   00.00   ---
 3  17,7  24,8   18.06  11,1   06.40   2,4   1,8   0,2   0,0   0,0   00.00   ---
 4  19,0  28,2   16.42  10,2   06.54   2,4   3,1   0,0   0,0   0,0   00.00   ---
 5  20,9  30,2   16.59  13,1   07.35   1,4   4,1   0,0   0,0   0,0   00.00   ---
 6  20,8  28,5   13.38  13,7   06.18   1,1   3,6   0,0   0,0   0,0   00.00   ---
 7  21,9  30,1   16.00  16,9   07.32   0,1   3,8   1,8   0,0   0,0   00.00   ---
 8  21,0  28,2   16.12  15,6   06.52   0,5   3,2   0,0   0,0   1,6   06.26   ---
 9  20,1  26,9   14.45  14,7   06.12   0,8   2,6   0,0   0,0   0,0   00.00   ---
10  19,6  21,7   14.41  16,9   07.55   0,1   1,4  21,8   0,0   1,6   07.51   ---
11  19,5  24,6   15.10  16,8   07.13   0,4   1,5   0,6   0,0   6,4   08.03   ---
12  18,4  24,7   12.34  12,9   07.14   1,6   1,7   0,0   0,0   8,0   06.36   ENE
13  18,4  26,7   15.17  11,8   07.30   2,2   2,3   0,0   0,0   0,0   00.00   ---
14  19,3  27,2   15.34  12,2   06.50   1,8   2,9   0,0   0,0  12,9   03.58   SSE
15  21,2  26,8   14.05  16,2   06.59   0,2   3,1   3,6   0,0   1,6   23.56   ---
16  18,7  23,8   14.10  13,7   23.54   0,7   1,1  39,0   0,1  14,5   06.05    NW
17  15,9  22,4   14.25  11,5   06.54   3,2   0,8   1,6   0,0   0,0   00.00   ---
18  15,6  23,4   12.55  10,3   05.58   3,5   0,8   3,2   0,0   4,8   21.13   ---
19  14,2  19,3   15.16  10,7   23.39   4,1   0,0   8,6   0,0  14,5   03.17     W
20  15,3  22,6   17.39   9,8   03.55   3,6   0,6   0,0   0,0   0,0   00.00   ---
21  14,9  23,1   14.16   7,3   07.28   4,4   1,0   0,0   0,0   3,2   08.24   ---
22  15,5  23,8   14.54   7,4   07.15   4,0   1,2   0,0   0,0   0,0   00.00   ---
23  15,9  23,7   14.23   9,6   07.27   3,5   1,2   0,0   0,0   0,0   00.00   ---
24  14,7  19,8   14.03  10,3   06.11   3,7   0,1   1,4   0,0   0,0   00.00   ---
25  15,4  21,5   17.15   9,1   07.00   3,6   0,7   0,2   0,0   0,0   00.00   ---
26  15,6  21,9   13.44   8,9   06.54   3,5   0,8   0,0   0,0   0,0   00.00   ---
27  16,3  23,2   17.27   9,3   07.21   3,3   1,3   0,0   0,0   0,0   00.00   ---
28  16,8  23,6   14.04   9,8   07.12   3,0   1,5   0,0   0,0   0,0   00.00   ---
29  16,1  23,0   15.23   9,6   06.05   3,4   1,1   0,0   0,0   0,0   00.00   ---
30  16,5  24,1   17.37  10,1   07.21   2,8   1,0   0,0   0,0   0,0   00.00   ---
----------------------------------------------------------------------------------
    18,0  30,2     1     7,3    21    65,8  55,9 137,6   0,0  14,5    16     WNW

Max >=  34,0:  0
Max <=   0,0:  0
Min <=   0,0:  0
Min <= -10,0:  0
Max Rain: 54,2 on day 1
Days of Rain: 13 (>= 0,2 mm)  10 (>= 1,0 mm)  3 (>= 20,0 mm)
Heat Base: 18,3  Cool Base: 18,3  Method: Integration