NOAA-Style Climate Reports

Select a Year or Month report
2018: Gen Feb Mar Apr Mag Giu Lug Ago Set Ott Nov Dic
2017: Gen Feb Mar Apr Mag Giu Lug Ago Set Ott Nov Dic
2016: Gen Feb Mar Apr Mag Giu Lug Ago Set Ott Nov Dic
2015: Gen Feb Mar Apr Mag Giu Lug Ago Set Ott Nov Dic
2014: Gen Feb Mar Apr Mag Giu Lug Ago Set Ott Nov Dic

Report for 2017 Agosto
                   Monthly Climatological Summary for ago 2017

Name: SienaMETEO   City: San Rocco a Pilli - Sovicille (SI)   State: Italia
Elevation: 241 m  Lat: N 43° 15' 22"   Lon: E 011° 16' 53"

                  Temperature (°C), Rain (mm), Wind Speed (km/h)

                                      Heat  Cool        Avg
    Mean                              Deg   Deg         Wind                 Dom
Day Temp  High   Time   Low    Time   Days  Days  Rain  Speed High   Time    Dir
----------------------------------------------------------------------------------
 1  30,2  41,3   16.03  19,2   06.12   0,0  11,9   0,0   0,0   0,0   00.00   ---
 2  30,1  42,4   16.39  18,4   06.21   0,0  11,8   0,0   0,0   0,0   00.00   ---
 3  31,2  42,2   15.35  19,8   06.53   0,0  12,9   0,0   0,0   0,0   00.00   ---
 4  30,8  42,6   15.06  19,2   06.19   0,0  12,5   0,0   0,0   0,0   00.00   ---
 5  29,9  41,3   17.00  19,0   07.05   0,0  11,6   0,0   0,0   0,0   00.00   ---
 6  29,3  39,2   13.47  19,4   06.23   0,0  11,0   0,0   0,0   0,0   00.00   ---
 7  28,9  39,1   17.16  19,2   07.16   0,0  10,6   0,0   0,0   0,0   00.00   ---
 8  27,9  36,7   13.53  19,2   06.02   0,0   9,6   0,0   0,0   0,0   00.00   ---
 9  27,9  35,8   13.57  19,2   06.04   0,0   9,6   0,0   0,0   0,0   00.00   ---
10  26,3  32,4   12.39  21,3   23.57   0,0   8,0   0,8   0,0   0,0   00.00   ---
11  23,2  28,6   12.35  18,7   23.57   0,0   4,9   0,0   0,0   0,0   00.00   ---
12  20,2  27,6   17.38  14,4   06.42   0,9   2,8  10,4   0,0   1,6   05.01   ---
13  23,1  32,1   14.08  14,4   06.55   0,6   5,4   0,0   0,0   0,0   00.00   ---
14  24,4  34,8   17.44  14,2   06.50   0,7   6,8   0,0   0,0   0,0   00.00   ---
15  26,0  36,8   15.17  15,7   06.35   0,3   8,0   0,0   0,0   0,0   00.00   ---
16  25,8  36,9   14.40  15,3   06.29   0,4   8,0   0,0   0,0   0,0   00.00   ---
17  27,1  37,5   17.14  16,3   06.55   0,3   9,1   0,0   0,0   0,0   00.00   ---
18  28,3  38,4   15.19  18,9   07.28   0,0  10,0   0,0   0,0   0,0   00.00   ---
19  25,4  34,3   15.04  17,8   06.34   0,0   7,2   0,0   0,0   0,0   00.00   ---
20  24,5  31,3   15.00  19,2   06.36   0,0   6,2   0,2   0,0   0,0   00.00   ---
21  22,5  28,8   15.29  15,1   06.04   0,5   4,7   0,0   0,0   0,0   00.00   ---
22  23,0  32,3   16.24  13,8   06.46   0,7   5,4   0,0   0,0   0,0   00.00   ---
23  23,9  34,6   15.30  13,8   07.13   0,8   6,4   0,0   0,0   0,0   00.00   ---
24  24,7  35,6   15.19  14,1   06.38   0,7   7,1   0,0   0,0   0,0   00.00   ---
25  25,2  35,4   15.48  15,4   07.03   0,3   7,2   0,0   0,0   0,0   00.00   ---
26  26,2  36,8   15.55  16,3   07.19   0,2   8,2   0,0   0,0   0,0   00.00   ---
27  26,6  38,2   15.39  15,8   07.03   0,2   8,5   0,0   0,0   0,0   00.00   ---
28  26,7  37,2   14.21  16,3   07.21   0,2   8,6   0,0   0,0   0,0   00.00   ---
29  27,8  36,6   16.20  19,2   07.10   0,0   9,5   0,0   0,0   0,0   00.00   ---
30  26,9  36,3   16.12  17,6   06.36   0,0   8,7   0,0   0,0   0,0   00.00   ---
31  25,4  35,4   14.57  17,9   06.04   0,0   7,1   0,0   0,0   0,0   00.00   ---
----------------------------------------------------------------------------------
    26,4  42,6     4    13,8    22     6,8 259,3  11,4   0,0   1,6    12     ---

Max >=  27,0: 31
Max <=   0,0:  0
Min <=   0,0:  0
Min <= -18,0:  0
Max Rain: 10,4 on day 12
Days of Rain: 3 (>= 0,2 mm)  1 (>= 2,0 mm)  0 (>= 20,0 mm)
Heat Base: 18,3  Cool Base: 18,3  Method: Integration