NOAA-Style Climate Reports

Select a Year or Month report
2018: Gen Feb Mar Apr Mag Giu Lug Ago Set Ott Nov Dic
2017: Gen Feb Mar Apr Mag Giu Lug Ago Set Ott Nov Dic
2016: Gen Feb Mar Apr Mag Giu Lug Ago Set Ott Nov Dic
2015: Gen Feb Mar Apr Mag Giu Lug Ago Set Ott Nov Dic
2014: Gen Feb Mar Apr Mag Giu Lug Ago Set Ott Nov Dic

Report for 2017 Luglio
                   Monthly Climatological Summary for lug 2017

Name: SienaMETEO   City: San Rocco a Pilli - Sovicille (SI)   State: Italia
Elevation: 241 m  Lat: N 43° 15' 22"   Lon: E 011° 16' 53"

                  Temperature (°C), Rain (mm), Wind Speed (km/h)

                                      Heat  Cool        Avg
    Mean                              Deg   Deg         Wind                 Dom
Day Temp  High   Time   Low    Time   Days  Days  Rain  Speed High   Time    Dir
----------------------------------------------------------------------------------
 1  19,3  27,1   15.58  13,4   06.14   1,6   2,6   0,2   0,0   6,4   08.27   ---
 2  20,9  29,2   14.39  12,2   06.40   1,5   4,1   0,0   0,0   3,2   05.59   ---
 3  24,0  32,1   14.28  15,6   05.03   0,4   6,1   0,0   0,0   0,0   00.00   ---
 4  25,1  34,8   14.52  14,7   05.30   0,5   7,3   0,0   0,0   0,0   00.00   ---
 5  25,7  35,8   16.12  14,6   06.00   0,6   8,0   0,0   0,0   0,0   00.00   ---
 6  26,2  37,1   15.22  14,0   06.15   0,6   8,5   0,0   0,0   0,0   00.00   ---
 7  26,5  37,3   15.14  14,9   06.28   0,5   8,7   0,0   0,0   0,0   00.00   ---
 8  27,6  38,4   16.43  16,1   06.01   0,2   9,6   0,0   0,0   0,0   00.00   ---
 9  26,7  36,3   14.07  17,8   05.31   0,0   8,5   0,0   0,0   0,0   00.00   ---
10  26,3  34,7   15.45  17,9   06.17   0,0   8,0   0,0   0,0   0,0   00.00   ---
11  26,5  34,8   15.06  18,7   06.06   0,0   8,2   0,0   0,0   0,0   00.00   ---
12  26,5  35,9   14.25  17,8   06.05   0,0   8,2   0,0   0,0   0,0   00.00   ---
13  26,8  36,9   16.21  18,2   06.12   0,0   8,5   0,0   0,0   0,0   00.00   ---
14  26,6  34,6   16.53  19,4   06.14   0,0   8,3   0,0   0,0   0,0   00.00   ---
15  25,6  33,6   15.48  17,8   06.45   0,0   7,4   0,0   0,0   0,0   00.00   ---
16  23,4  28,4   15.32  17,7   04.41   0,0   5,1   0,0   0,0   0,0   00.00   ---
17  23,8  30,8   16.54  15,5   06.51   0,3   5,8   0,0   0,0   0,0   00.00   ---
18  24,5  35,4   16.49  13,0   06.29   1,0   7,2   0,0   0,0   0,0   00.00   ---
19  24,6  34,3   14.42  14,8   06.18   0,5   6,9   0,0   0,0   0,0   00.00   ---
20  24,9  34,4   16.43  15,0   06.08   0,4   7,0   0,0   0,0   0,0   00.00   ---
21  25,2  34,6   15.00  15,7   06.47   0,3   7,2   0,0   0,0   0,0   00.00   ---
22  26,8  34,7   14.39  19,7   06.43   0,0   8,5   0,0   0,0   0,0   00.00   ---
23  27,2  37,4   15.17  19,4   06.23   0,0   8,9   0,0   0,0   0,0   00.00   ---
24  25,5  32,3   14.50  20,6   06.29   0,0   7,2   0,4   0,0   0,0   00.00   ---
25  21,8  28,7   17.22  16,6   06.30   0,2   3,7   0,0   0,0   0,0   00.00   ---
26  21,0  29,0   12.20  13,5   06.41   1,0   3,6   0,8   0,0   0,0   00.00   ---
27  23,5  33,9   15.42  14,3   07.02   0,9   6,1   0,0   0,0   0,0   00.00   ---
28  24,9  34,7   16.36  15,6   06.48   0,4   7,0   0,0   0,0   0,0   00.00   ---
29  26,4  36,1   15.42  17,3   06.23   0,1   8,1   0,0   0,0   0,0   00.00   ---
30  26,6  35,2   16.23  18,2   06.31   0,0   8,3   0,0   0,0   0,0   00.00   ---
31  28,5  40,4   16.21  17,3   06.14   0,1  10,3   0,0   0,0   0,0   00.00   ---
----------------------------------------------------------------------------------
    25,1  40,4    31    12,2     2    11,1 222,9   1,4   0,0   6,4     1     ---

Max >=  27,0: 31
Max <=   0,0:  0
Min <=   0,0:  0
Min <= -18,0:  0
Max Rain: 0,8 on day 26
Days of Rain: 3 (>= 0,2 mm)  0 (>= 2,0 mm)  0 (>= 20,0 mm)
Heat Base: 18,3  Cool Base: 18,3  Method: Integration