NOAA-Style Climate Reports

Select a Year or Month report
2018: Gen Feb Mar Apr Mag Giu Lug Ago Set Ott Nov Dic
2017: Gen Feb Mar Apr Mag Giu Lug Ago Set Ott Nov Dic
2016: Gen Feb Mar Apr Mag Giu Lug Ago Set Ott Nov Dic
2015: Gen Feb Mar Apr Mag Giu Lug Ago Set Ott Nov Dic
2014: Gen Feb Mar Apr Mag Giu Lug Ago Set Ott Nov Dic

Report for 2017 Giugnio
                   Monthly Climatological Summary for giu 2017

Name: SienaMETEO   City: San Rocco a Pilli - Sovicille (SI)   State: Italia
Elevation: 241 m  Lat: N 43° 15' 22"   Lon: E 011° 16' 53"

                  Temperature (°C), Rain (mm), Wind Speed (km/h)

                                      Heat  Cool        Avg
    Mean                              Deg   Deg         Wind                 Dom
Day Temp  High   Time   Low    Time   Days  Days  Rain  Speed High   Time    Dir
----------------------------------------------------------------------------------
 1  21,2  30,1   15.10  12,5   06.23   1,5   4,5   0,0   0,0   0,0   00.00   ---
 2  20,6  29,8   16.27  10,2   05.51   1,9   4,2   0,0   0,0   0,0   00.00   ---
 3  22,0  31,7   16.56  12,1   05.59   1,5   5,1   0,0   0,0   0,0   00.00   ---
 4  22,1  30,5   15.13  13,0   06.15   1,1   4,9   0,0   0,0   0,0   00.00   ---
 5  22,0  29,9   13.51  13,9   06.21   0,8   4,5   0,0   0,0   0,0   00.00   ---
 6  19,9  27,5   13.55  17,2   06.22   0,2   1,2   0,0   0,0   0,0   00.00   ---
 7  20,5  28,4   13.40  13,6   06.20   1,1   3,3   0,0   0,1  14,5   02.50    NE
 8  21,1  29,7   18.10  11,1   06.05   1,9   4,7   0,0   0,0   6,4   08.35   ---
 9  22,7  32,3   17.00  12,1   05.55   1,2   5,6   0,0   0,0   0,0   00.00   ---
10  22,8  32,1   17.25  14,3   06.05   0,9   5,4   0,0   0,0   0,0   00.00   ---
11  24,6  33,6   16.05  14,4   06.45   0,7   7,0   0,0   0,0   0,0   00.00   ---
12  25,3  35,8   16.45  14,9   06.20   0,4   7,5   0,0   0,0   0,0   00.00   ---
13  25,6  35,2   16.25  15,4   06.30   0,4   7,7   0,0   0,0   0,0   00.00   ---
14  25,8  33,7   15.10  18,3   06.00   0,0   7,5   0,0   0,0   0,0   00.00   ---
15  24,5  33,2   14.50  16,8   06.20   0,2   6,2   0,0   0,0   3,2   05.05   ---
16  26,3  34,7   16.57  18,0   05.48   0,0   8,0   0,0   0,0   0,0   00.00   ---
17  25,9  33,2   16.09  18,7   05.56   0,0   7,6   7,2   0,0   0,0   00.00   ---
18  24,1  28,6   15.42  19,2   23.58   0,0   5,8   0,0   0,0   0,0   00.00   ---
19  24,5  33,5   16.37  14,6   06.25   0,4   6,6   0,0   0,0   0,0   00.00   ---
20  25,1  34,6   14.12  15,3   06.39   0,4   7,2   0,0   0,0   0,0   00.00   ---
21  25,0  34,9   15.29  15,0   06.43   0,5   7,2   0,0   0,0   0,0   00.00   ---
22  26,1  36,4   16.02  15,9   05.41   0,3   8,1   0,0   0,0   0,0   00.00   ---
23  26,1  35,1   14.53  17,0   05.50   0,1   7,9   0,0   0,0   0,0   00.00   ---
24  27,0  36,0   15.51  18,0   06.23   0,0   8,7   0,0   0,0   0,0   00.00   ---
25  25,8  32,8   16.40  18,9   04.28   0,0   7,5   1,2   0,0   0,0   00.00   ---
26  26,8  36,3   15.48  16,9   06.51   0,1   8,6   0,0   0,0   0,0   00.00   ---
27  27,2  33,9   14.19  19,9   06.16   0,0   8,9   0,0   0,0   0,0   00.00   ---
28  24,3  32,3   15.53  19,3   21.24   0,0   6,0   3,6   0,0   0,0   00.00   ---
29  23,1  29,8   14.32  17,2   06.17   0,1   4,9   0,2   0,0   8,0   04.45   ---
30  17,8  23,6   10.32  15,2   23.57   1,1   0,6  16,0   0,0   4,8   20.34   ---
----------------------------------------------------------------------------------
    23,9  36,4    22    10,2     2    16,8 182,9  28,2   0,0  14,5     7      NE

Max >=  27,0: 29
Max <=   0,0:  0
Min <=   0,0:  0
Min <= -18,0:  0
Max Rain: 16,0 on day 30
Days of Rain: 5 (>= 0,2 mm)  3 (>= 2,0 mm)  0 (>= 20,0 mm)
Heat Base: 18,3  Cool Base: 18,3  Method: Integration