NOAA-Style Climate Reports

Select a Year or Month report
2018: Gen Feb Mar Apr Mag Giu Lug Ago Set Ott Nov Dic
2017: Gen Feb Mar Apr Mag Giu Lug Ago Set Ott Nov Dic
2016: Gen Feb Mar Apr Mag Giu Lug Ago Set Ott Nov Dic
2015: Gen Feb Mar Apr Mag Giu Lug Ago Set Ott Nov Dic
2014: Gen Feb Mar Apr Mag Giu Lug Ago Set Ott Nov Dic

Report for 2017 Maggio
                   Monthly Climatological Summary for mag 2017

Name: SienaMETEO   City: San Rocco a Pilli - Sovicille (SI)   State: Italia
Elevation: 241 m  Lat: N 43° 15' 22"   Lon: E 011° 16' 53"

                  Temperature (°C), Rain (mm), Wind Speed (km/h)

                                      Heat  Cool        Avg
    Mean                              Deg   Deg         Wind                 Dom
Day Temp  High   Time   Low    Time   Days  Days  Rain  Speed High   Time    Dir
----------------------------------------------------------------------------------
 1  11,0  18,4   11.28   4,9   06.09   7,3   0,0   5,8   4,3  48,3   12.17     S
 2  12,6  20,1   16.50   5,0   06.48   5,9   0,2   0,0   1,7  32,2   16.54     W
 3  14,3  22,2   17.24   8,1   06.30   4,5   0,5   0,2   0,3  17,7   20.43    NW
 4  15,1  20,8   17.17  10,7   06.09   3,5   0,3   0,8   2,8  33,8   14.36   SSW
 5  15,8  22,1   16.02   8,7   06.13   3,5   1,0   0,0   0,2  16,1   17.15     S
 6  14,5  20,6   16.36  10,6   06.38   3,9   0,2  15,6   5,4  62,8   17.48     S
 7  14,4  21,1   13.16  10,0   23.59   4,0   0,1   0,0   8,4  64,4   01.14     W
 8  13,8  21,0   17.24   6,5   06.29   5,0   0,5   0,0   3,4  35,4   15.30   NNW
 9  15,6  21,6   15.47  11,1   06.02   3,1   0,4   2,2   3,7  29,0   14.35   NNW
10  15,6  24,2   15.03   7,2   06.21   4,1   1,4   0,0   1,8  29,0   18.07     S
11  17,1  24,6   13.59  10,4   05.54   2,6   1,4   0,0   0,4  22,5   19.02   SSE
12  18,3  23,9   14.08  12,0   06.18   1,6   1,6   0,6   0,6  16,1   19.40    SW
13  18,7  26,3   16.26  11,6   06.12   1,9   2,3   0,4   1,1  25,7   19.07    NW
14  18,3  26,4   16.16  10,8   06.28   2,2   2,2   0,0   0,4  20,9   21.17     W
15  18,4  26,1   13.28  10,3   05.55   2,3   2,4   0,0   0,0   0,0   00.00   ---
16  19,4  25,7   16.07  11,6   06.52   1,7   2,8   0,0   0,0   0,0   00.00   ---
17  20,1  27,4   13.47  10,7   06.17   1,7   3,6   0,0   0,2  27,4   10.19   NNE
18  20,2  27,8   14.14  11,8   06.15   1,5   3,4   0,0   0,0   4,8   00.10   ---
19  18,7  26,2   15.54  11,2   06.05   1,9   2,4   0,0   0,1  17,7   23.18   WNW
20  17,9  23,9   12.46  13,9   05.49   1,8   1,5   0,0   1,3  30,6   21.37   WNW
21  19,3  25,4   16.22  13,8   02.52   1,4   2,5   0,0   1,8  25,7   05.16    NW
22  19,5  28,7   16.29  10,3   06.17   2,1   3,3   0,0   0,3  16,1   10.16     E
23  20,0  29,3   16.08  10,5   06.16   2,0   3,6   0,0   0,0   0,0   00.00   ---
24  20,2  29,9   16.19  11,2   06.00   1,9   3,8   0,0   0,0   0,0   00.00   ---
25  19,6  26,9   13.55  11,3   05.34   1,8   3,1   0,0   0,0   0,0   00.00   ---
26  19,9  27,1   17.00  11,4   04.16   1,7   3,3   0,0   0,2  16,1   17.58   NNE
27  20,3  28,6   16.19  10,6   04.55   2,0   4,0   0,0   2,1  30,6   12.13    NE
28  21,8  30,2   15.55  11,1   06.24   1,6   5,2   0,0   0,6  24,1   14.13    NE
29  22,2  32,1   16.35  13,2   05.50   1,0   4,9   0,0   3,2  35,4   17.18     S
30  21,9  30,8   15.24  12,8   06.22   1,2   4,8   0,0   0,0   4,8   21.37   ---
31  21,4  30,1   14.45  11,8   06.20   1,4   4,5   0,0   0,0   0,0   00.00   ---
----------------------------------------------------------------------------------
    17,9  32,1    29     4,9     1    82,1  71,2  25,6   1,4  64,4     7     WSW

Max >=  27,0: 11
Max <=   0,0:  0
Min <=   0,0:  0
Min <= -18,0:  0
Max Rain: 15,6 on day 6
Days of Rain: 7 (>= 0,2 mm)  3 (>= 2,0 mm)  0 (>= 20,0 mm)
Heat Base: 18,3  Cool Base: 18,3  Method: Integration