NOAA-Style Climate Reports

Select a Year or Month report
2018: Gen Feb Mar Apr Mag Giu Lug Ago Set Ott Nov Dic
2017: Gen Feb Mar Apr Mag Giu Lug Ago Set Ott Nov Dic
2016: Gen Feb Mar Apr Mag Giu Lug Ago Set Ott Nov Dic
2015: Gen Feb Mar Apr Mag Giu Lug Ago Set Ott Nov Dic
2014: Gen Feb Mar Apr Mag Giu Lug Ago Set Ott Nov Dic

Report for 2017 Marzo
                   Monthly Climatological Summary for mar 2017

Name: SienaMETEO   City: San Rocco a Pilli - Sovicille (SI)   State: Italia
Elevation: 241 m  Lat: N 43° 15' 22"   Lon: E 011° 16' 53"

                  Temperature (°C), Rain (mm), Wind Speed (km/h)

                                      Heat  Cool        Avg
    Mean                              Deg   Deg         Wind                 Dom
Day Temp  High   Time   Low    Time   Days  Days  Rain  Speed High   Time    Dir
----------------------------------------------------------------------------------
 1  10,4  14,8   12.34   6,3   23.16   7,9   0,0   0,6  11,9  51,5   03.11   WSW
 2   9,8  15,4   13.44   3,9   07.07   8,5   0,0   0,0   1,5  20,9   16.02   WNW
 3  11,2  16,5   15.18   7,8   06.32   7,1   0,0   0,0   1,2  17,7   14.35   SSE
 4   9,9  13,2   16.33   7,1   04.33   8,4   0,0   2,4  10,3  57,9   16.27   SSE
 5   8,2  11,7   16.48   6,2   10.21  10,1   0,0   8,0   3,1  51,5   15.02    SW
 6  10,1  13,5   10.08   6,8   00.36   8,2   0,0  10,0   8,7  54,7   20.50    SW
 7  10,0  14,9   16.43   5,2   23.01   8,3   0,0   0,6  13,4  51,5   13.34    NW
 8  10,2  15,0   16.34   5,0   00.46   8,1   0,0   0,0  11,2  45,1   14.53   NNW
 9  10,1  18,7   12.57   1,2   06.39   8,2   0,0   0,0   1,2  19,3   17.41   WNW
10  11,1  20,3   12.30   2,1   06.42   7,4   0,2   0,0   5,5  57,9   13.28     N
11  10,0  16,2   16.32   3,9   23.58   8,3   0,0   0,0   3,3  32,2   13.56    NE
12   8,6  17,2   15.30   0,8   07.14   9,7   0,0   0,0   0,9  17,7   17.17   WSW
13   8,6  15,7   16.42   1,4   05.25   9,7   0,0   0,0   2,8  29,0   12.12    NE
14   9,0  18,3   16.35   0,7   06.37   9,2   0,0   0,0   0,7  19,3   16.20   ENE
15  10,7  18,9   16.47   1,9   07.12   7,7   0,0   0,0   0,9  19,3   11.53     E
16  11,8  21,3   16.40   2,5   07.14   6,8   0,3   0,0   2,3  22,5   15.07   WNW
17  10,7  19,2   12.36   2,6   06.38   7,7   0,1   0,0   4,2  40,2   15.24     W
18  10,6  19,8   15.21   2,1   06.20   7,8   0,1   0,0   2,2  40,2   14.39     W
19  12,5  19,2   14.09   5,1   06.49   5,9   0,1   0,0   1,4  24,1   19.33   SSW
20  14,2  17,8   13.29  10,1   23.56   4,1   0,0   0,0   0,4  11,3   12.38    SW
21  13,5  19,7   14.16   9,7   00.49   4,8   0,1   0,0   1,6  19,3   16.54   WNW
22  12,7  18,1   16.22   9,0   03.22   5,6   0,0   0,0   3,3  32,2   17.25   SSE
23  12,6  17,3   16.24   8,9   23.58   5,7   0,0   0,0   4,7  40,2   13.08   SSE
24  14,1  21,6   17.16   7,7   05.55   4,9   0,6   0,0   0,7  16,1   11.12   ENE
25  14,2  23,3   13.52   7,1   05.47   5,0   0,8   4,2   5,4  33,8   21.52   SSW
26   9,8  15,3   13.58   5,1   07.27   8,1   0,0   0,2   4,1  46,7   14.04   WNW
27   9,5  14,3   15.43   3,8   06.46   8,8   0,0   0,0   7,0  46,7   12.12   NNE
28  10,2  20,0   17.18   0,3   06.59   8,2   0,1   0,0   0,3  14,5   16.22   NNE
29  12,8  23,8   17.45   2,3   07.26   6,5   1,0   0,0   0,6  22,5   20.45   WNW
30  15,3  24,0   17.54   5,2   07.22   4,7   1,7   0,0   1,5  24,1   14.11   NNE
31  15,2  24,6   15.47   6,6   06.50   4,6   1,5   0,0   0,8  33,8   16.32     W
----------------------------------------------------------------------------------
    11,2  24,6    31     0,3    28   226,0   6,6  26,0   3,8  57,9     4       W

Max >=  27,0:  0
Max <=   0,0:  0
Min <=   0,0:  0
Min <= -18,0:  0
Max Rain: 10,0 on day 6
Days of Rain: 7 (>= 0,2 mm)  4 (>= 2,0 mm)  0 (>= 20,0 mm)
Heat Base: 18,3  Cool Base: 18,3  Method: Integration