NOAA-Style Climate Reports

Select a Year or Month report
2018: Gen Feb Mar Apr Mag Giu Lug Ago Set Ott Nov Dic
2017: Gen Feb Mar Apr Mag Giu Lug Ago Set Ott Nov Dic
2016: Gen Feb Mar Apr Mag Giu Lug Ago Set Ott Nov Dic
2015: Gen Feb Mar Apr Mag Giu Lug Ago Set Ott Nov Dic
2014: Gen Feb Mar Apr Mag Giu Lug Ago Set Ott Nov Dic

Report for 2017 Febbraio
                   Monthly Climatological Summary for feb 2017

Name: SienaMETEO   City: San Rocco a Pilli - Sovicille (SI)   State: Italia
Elevation: 241 m  Lat: N 43° 15' 22"   Lon: E 011° 16' 53"

                  Temperature (°C), Rain (mm), Wind Speed (km/h)

                                      Heat  Cool        Avg
    Mean                              Deg   Deg         Wind                 Dom
Day Temp  High   Time   Low    Time   Days  Days  Rain  Speed High   Time    Dir
----------------------------------------------------------------------------------
 1  11,5  15,1   12.30   9,2   07.57   6,8   0,0   0,0   6,0  38,6   12.24   SSE
 2  11,7  13,4   15.21   9,7   02.25   6,6   0,0   0,6   6,2  33,8   14.23   SSE
 3  12,3  14,7   14.08  11,1   23.59   6,0   0,0   3,0  10,2  43,5   12.48   SSE
 4   9,4  12,3   16.16   5,8   07.54   8,9   0,0   2,2   7,3  49,9   19.44   SSW
 5   9,3  12,8   14.26   6,3   04.05   9,0   0,0  10,4   5,2  46,7   20.01   SSE
 6   7,9   8,8   00.00   6,8   06.44  10,4   0,0   7,6   5,0  37,0   21.55    NW
 7   8,0  12,1   12.43   3,8   23.55  10,3   0,0   0,0   1,5  20,9   00.03   NNW
 8   6,2  10,1   14.31   3,0   01.50  12,1   0,0   0,0   4,3  37,0   17.54    NE
 9   7,2   9,6   12.32   6,1   00.00  11,1   0,0   0,0   9,5  43,5   11.29   NNE
10   6,6  11,2   14.23   2,5   07.58  11,7   0,0   0,0   2,4  24,1   15.32   NNE
11   7,3  13,9   16.28   1,4   06.50  11,0   0,0   0,0   0,4  16,1   15.09   ENE
12   8,1  14,1   15.05   2,9   07.25  10,3   0,0   0,0   0,4  17,7   13.34   ENE
13   8,3  14,6   15.00   3,4   07.06  10,0   0,0   0,0   0,8  19,3   15.54    NE
14   6,9  13,1   16.23   1,4   07.14  11,4   0,0   0,0   1,1  17,7   11.26    NE
15   6,1  14,2   13.02  -1,1   07.16  12,2   0,0   0,0   0,3  14,5   17.17   NNW
16   6,7  14,8   14.38  -1,2   07.03  11,6   0,0   0,0   2,6  25,7   15.08     W
17   8,5  14,1   14.08   3,1   07.51   9,8   0,0   0,2   1,5  22,5   15.57     W
18   8,4  13,1   14.35   3,1   23.28   9,9   0,0   8,6   4,5  29,0   14.42   NNE
19   5,8  12,7   15.30  -1,0   07.29  12,5   0,0   0,0   1,5  19,3   15.41     W
20   4,5  11,7   15.37  -0,4   04.39  13,8   0,0   2,2   0,5  14,5   14.31     S
21   5,6  13,8   14.58  -1,7   07.07  12,7   0,0   0,2   1,3  20,9   14.59   WSW
22   7,3  11,5   16.20   2,6   03.43  11,0   0,0   0,2   1,8  20,9   15.37   SSE
23  10,7  15,6   15.34   8,3   04.56   7,6   0,0   0,0   4,1  30,6   16.07   SSE
24  11,1  12,9   14.34   9,6   03.30   7,2   0,0  16,2   5,9  35,4   11.24   SSE
25   8,4  11,6   14.22   2,8   23.57   9,9   0,0  15,0  10,6  61,2   00.29   NNE
26   6,9  14,7   15.12  -0,5   06.58  11,4   0,0   0,0   1,0  17,7   16.04    NW
27   7,3  14,9   13.18  -0,1   06.59  11,0   0,0   0,0   1,9  22,5   15.31   WNW
28  10,1  14,1   12.57   5,7   03.50   8,2   0,0   3,0  10,7  54,7   18.37     S
----------------------------------------------------------------------------------
     8,1  15,6    23    -1,7    21   284,4   0,0  69,4   3,9  61,2    25      SE

Max >=  27,0:  0
Max <=   0,0:  0
Min <=   0,0:  7
Min <= -18,0:  0
Max Rain: 16,2 on day 24
Days of Rain: 13 (>= 0,2 mm)  9 (>= 2,0 mm)  0 (>= 20,0 mm)
Heat Base: 18,3  Cool Base: 18,3  Method: Integration