NOAA-Style Climate Reports

Select a Year or Month report
2018: Gen Feb Mar Apr Mag Giu Lug Ago Set Ott Nov Dic
2017: Gen Feb Mar Apr Mag Giu Lug Ago Set Ott Nov Dic
2016: Gen Feb Mar Apr Mag Giu Lug Ago Set Ott Nov Dic
2015: Gen Feb Mar Apr Mag Giu Lug Ago Set Ott Nov Dic
2014: Gen Feb Mar Apr Mag Giu Lug Ago Set Ott Nov Dic

Report for 2017 Gennaio
                   Monthly Climatological Summary for gen 2017

Name: SienaMETEO   City: San Rocco a Pilli - Sovicille (SI)   State: Italia
Elevation: 241 m  Lat: N 43° 15' 22"   Lon: E 011° 16' 53"

                  Temperature (°C), Rain (mm), Wind Speed (km/h)

                                      Heat  Cool        Avg
    Mean                              Deg   Deg         Wind                 Dom
Day Temp  High   Time   Low    Time   Days  Days  Rain  Speed High   Time    Dir
----------------------------------------------------------------------------------
 1   1,4   7,0   14.53  -4,7   07.47  16,9   0,0   0,0   0,1   6,4   21.23     E
 2   7,0  10,8   15.05   3,7   06.32  11,3   0,0   3,0   2,1  20,9   14.05     S
 3   6,2   8,8   12.21  -0,6   23.42  12,1   0,0   9,0   5,4  37,0   11.46   NNE
 4   1,8   6,3   22.33  -3,5   07.29  16,5   0,0   0,0   0,4  14,5   20.46     E
 5   4,4   7,8   12.20   0,3   23.47  13,9   0,0   0,0  14,4  59,5   13.58   NNW
 6  -0,3   2,3   13.11  -4,1   23.44  18,6   0,0   0,0  11,5  43,5   14.13   NNW
 7  -3,3   0,8   14.48  -7,4   06.29  21,6   0,0   0,0   0,5  20,9   12.30   NNE
 8  -1,7   1,3   14.54  -4,7   23.53  20,0   0,0   0,0   0,0   6,4   10.33   ---
 9  -1,5   5,3   15.14  -6,2   05.53  19,8   0,0   0,0   0,1   6,4   14.24    NE
10   0,0   4,3   13.44  -2,9   00.00  18,3   0,0   0,0   4,3  35,4   12.41    NE
11  -2,0   3,1   15.27  -6,4   08.00  20,3   0,0   0,0   0,0   6,4   11.53    NE
12   2,6   6,6   15.24  -1,5   02.26  15,7   0,0   0,0   0,1   8,0   14.21    NE
13   7,2  11,8   09.28   1,7   18.50  11,1   0,0   1,6  14,4  70,8   14.07    SW
14   1,4   7,2   15.10  -4,2   08.40  16,9   0,0   0,0   1,0  29,0   00.03    NW
15   2,2   6,8   13.59  -1,6   01.21  16,1   0,0   0,0   5,9  45,1   14.40     N
16   1,9   4,6   13.33   0,3   07.23  16,4   0,0   0,0   5,6  30,6   15.05   NNW
17   2,1   5,2   14.37   0,3   00.07  16,2   0,0   0,0   9,0  40,2   14.52   NNW
18   3,3   4,9   13.41   1,3   06.54  15,0   0,0   0,0  10,7  53,1   02.25   NNW
19   2,7   5,7   12.53  -0,2   23.14  15,6   0,0   0,0   4,8  46,7   13.09   NNE
20   1,6   7,9   14.42  -3,4   07.55  16,7   0,0   0,0   1,9  22,5   11.46    NE
21   2,0   8,1   14.00  -2,8   07.48  16,3   0,0   0,0   3,7  35,4   14.39   NNE
22   5,4  10,2   14.17   0,8   01.10  12,9   0,0   0,0   4,3  30,6   14.59   NNE
23   7,4  11,3   13.46   3,8   08.08  10,9   0,0   0,0   5,0  32,2   10.12   NNE
24   8,4  12,5   15.11   5,8   07.57   9,9   0,0   0,0   3,3  29,0   15.11   NNE
25   4,4  11,2   14.20  -1,3   07.57  13,9   0,0   0,0   1,2  22,5   12.57   NNE
26   2,4   9,9   15.25  -3,2   07.07  15,9   0,0   0,0   0,8  12,9   13.51    NE
27   4,3  10,8   15.24  -0,4   07.54  14,0   0,0   0,0   0,6  12,9   14.44    NE
28   4,5  11,4   14.33  -0,6   05.18  13,8   0,0   0,0   1,4  19,3   15.24    NE
29   4,3  12,7   15.45  -1,5   07.07  14,0   0,0   0,0   0,3  12,9   15.36   NNW
30   4,4  11,1   13.49  -1,2   07.50  13,9   0,0   0,4   0,3  19,3   17.10     W
31   7,0  10,6   15.31   2,8   02.10  11,3   0,0   0,4   4,7  29,0   15.36   SSE
----------------------------------------------------------------------------------
     3,0  12,7    29    -7,4     7   475,8   0,0  14,4   3,8  70,8    13       N

Max >=  27,0:  0
Max <=   0,0:  0
Min <=   0,0: 21
Min <= -18,0:  0
Max Rain: 9,0 on day 3
Days of Rain: 5 (>= 0,2 mm)  2 (>= 2,0 mm)  0 (>= 20,0 mm)
Heat Base: 18,3  Cool Base: 18,3  Method: Integration