NOAA-Style Climate Reports

Select a Year or Month report
2018: Gen Feb Mar Apr Mag Giu Lug Ago Set Ott Nov Dic
2017: Gen Feb Mar Apr Mag Giu Lug Ago Set Ott Nov Dic
2016: Gen Feb Mar Apr Mag Giu Lug Ago Set Ott Nov Dic
2015: Gen Feb Mar Apr Mag Giu Lug Ago Set Ott Nov Dic
2014: Gen Feb Mar Apr Mag Giu Lug Ago Set Ott Nov Dic

Report for 2017
                   Annual Climatological Summary for 2017

Name: SienaMETEO   City: San Rocco a Pilli - Sovicille (SI)   State: Italia
Elevation: 241 m  Lat: N 43° 15' 22"   Lon: E 011° 16' 53"

                  Temperature (°C), Heat Base: 18,3  Cool Base: 18,3
                          Dep.  Heat  Cool                       Max  Max  Min  Min
        Mean  Mean        From  Deg   Deg                        >=   <=   <=   <=
 YR MO  Max   Min   Mean  Norm  Days  Days  Hi  Date  Low  Date 34,0  0,0  0,0 -10,0
------------------------------------------------------------------------------------
 17  1   7,7  -1,3   3,0   0.0   475     0  12,7  29  -7,4    7    0    0   21    0
 17  2  13,1   3,7   8,1   0.0   284     0  15,6  23  -1,7   21    0    0    7    0
 17  3  18,1   4,8  11,2   0.0   226     6  24,6  31   0,3   28    0    0    0    0
 17  4  20,9   6,3  13,2   0.0   167    15  25,9  12  -0,7   21    0    0    2    0
 17  5  25,5  10,5  17,9   0.0    82    71  32,1  29   4,9    1    0    0    0    0
 17  6  32,3  15,6  23,9   0.0    16   182  36,4  22  10,2    2    9    0    0    0
 17  7  34,2  16,4  25,1   0.0    11   222  40,4  31  12,2    2   21    0    0    0
 17  8  36,1  17,2  26,4   0.0     6   259  42,6   4  13,8   22   24    0    0    0
 17  9  24,8  12,0  18,0   0.0    65    55  30,2   1   7,3   21    0    0    0    0
 17 10  21,3   8,1  14,3   0.0   144    19  24,9   4   3,4   24    0    0    0    0
 17 11  13,1   4,4   8,3   0.0   298     0  17,4   1  -3,9   28    0    0    2    0
 17 12   9,5   1,2   4,9   0.0   415     0  14,6  12  -5,9   10    0    0   16    0
------------------------------------------------------------------------------------
        21,4   8,2  14,5   0.0  2194   833  42,6 ago  -7,4  gen   54    0   48    0

                                Precipitation (mm)

              Dep.   Max        Days of Rain
              From   Obs.           >=
 YR MO Total  Norm   Day Date  0,2  1,0 20,0
---------------------------------------------
 17  1  14,4   0.0   9,0   3     5    3    0
 17  2  69,4   0.0  16,2  24    13    9    0
 17  3  26,0   0.0  10,0   6     7    4    0
 17  4  28,6   0.0  14,2  27    10    4    0
 17  5  25,6   0.0  15,6   6     7    3    0
 17  6  28,2   0.0  16,0  30     5    4    0
 17  7   1,4   0.0   0,8  26     3    0    0
 17  8  11,4   0.0  10,4  12     3    1    0
 17  9 137,6   0.0  54,2   1    13   10    3
 17 10   7,2   0.0   4,2   6    12    1    0
 17 11  68,4   0.0  20,4  13    17    6    1
 17 12  69,6   0.0  17,4  27    19   12    0
---------------------------------------------
       487,8   0.0  54,2  set  114   57    4

                                Wind Speed (km/h)
                          Dom
 YR MO   Avg.  Hi   Date  Dir
------------------------------
 17  1   3,8  70,8   13     N
 17  2   3,9  61,2   25    SE
 17  3   3,8  57,9    4   WNW
 17  4   2,9  53,1   26   SSW
 17  5   1,4  64,4    7   WSW
 17  6   0,0  14,5    7    NE
 17  7   0,0   6,4    1   ---
 17  8   0,0   1,6   12   ---
 17  9   0,0  14,5   16   WNW
 17 10   0,0  12,9   22    NE
 17 11   0,0   6,4    4     E
 17 12   0,0   4,8   31   ---
------------------------------
         1,3  70,8  gen   WSW