NOAA-Style Climate Reports

Select a Year or Month report
2018: Gen Feb Mar Apr Mag Giu Lug Ago Set Ott Nov Dic
2017: Gen Feb Mar Apr Mag Giu Lug Ago Set Ott Nov Dic
2016: Gen Feb Mar Apr Mag Giu Lug Ago Set Ott Nov Dic
2015: Gen Feb Mar Apr Mag Giu Lug Ago Set Ott Nov Dic
2014: Gen Feb Mar Apr Mag Giu Lug Ago Set Ott Nov Dic

Report for 2016 Dicembre
                   Monthly Climatological Summary for dic 2016

Name: SienaMETEO   City: San Rocco a Pilli - Sovicille (SI)   State: Italia
Elevation: 241 m  Lat: N 43° 15' 22"   Lon: E 011° 16' 53"

                  Temperature (°C), Rain (mm), Wind Speed (km/h)

                                      Heat  Cool        Avg
    Mean                              Deg   Deg         Wind                 Dom
Day Temp  High   Time   Low    Time   Days  Days  Rain  Speed High   Time    Dir
----------------------------------------------------------------------------------
 1   2,9   8,2   14.59  -2,6   03.11  15,4   0,0   0,0   0,0   6,4   21.02   ---
 2   7,4   8,6   15.59   6,2   00.00  10,9   0,0   0,2   0,0   0,0   00.00   ---
 3   8,8  11,8   15.30   6,7   23.16   9,5   0,0   0,2   0,1  12,9   15.26   NNE
 4   8,9  13,2   13.50   6,1   23.44   9,3   0,0   0,2   0,8  16,1   13.53   ENE
 5   8,5  13,2   14.41   4,8   23.00   9,8   0,0   0,0   0,6  16,1   15.03    NE
 6   6,1  12,2   14.12   2,4   07.32  12,2   0,0   0,2   0,0   1,6   08.45   ---
 7   5,5  13,5   14.40   0,3   07.54  12,8   0,0   0,2   2,0  24,1   14.35    NE
 8   3,7  11,2   14.26  -0,8   07.30  14,6   0,0   0,0   0,0   1,6   12.27   ---
 9   3,5  10,4   15.12  -1,4   06.49  14,8   0,0   0,2   0,3   9,7   14.43   ENE
10   7,1  11,9   14.52   1,9   00.55  11,2   0,0   0,0   0,6  14,5   20.28   SSE
11   9,6  11,5   14.41   7,8   23.45   8,7   0,0   0,0   0,0   6,4   09.28   ---
12   7,5  10,2   14.12   3,1   23.52  10,8   0,0   0,2   0,1  11,3   06.16   WSW
13   4,5  10,9   14.48  -0,5   07.32  13,8   0,0   0,2   0,1   9,7   19.45     E
14   7,0   9,2   14.11   4,6   02.05  11,3   0,0   0,4   0,1   9,7   01.13    NE
15   6,9  12,1   14.31   2,7   23.58  11,4   0,0   0,2   0,2  11,3   14.20   ENE
16   4,1   9,6   12.49  -0,7   07.03  14,2   0,0   0,0   4,4  38,6   12.35    NE
17   4,0   9,3   14.32  -0,7   23.52  14,3   0,0   0,0   2,5  24,1   12.05   NNE
18   0,9   7,2   15.00  -3,2   08.01  17,4   0,0   0,2   0,1   6,4   14.03   ENE
19   3,5   7,3   14.10  -1,3   01.53  14,7   0,0   0,8   0,8  17,7   17.30    NE
20   7,0   8,9   16.30   4,4   00.18  11,3   0,0   7,6   0,2   8,0   02.49   NNW
21   9,2  14,2   12.37   4,3   23.47   9,1   0,0   0,8   3,3  33,8   11.17    NE
22   4,9  11,3   14.17   0,4   08.19  13,4   0,0   0,2   0,0   0,0   00.00   ---
23   3,6  10,9   15.09  -1,9   08.22  14,7   0,0   0,2   0,1   6,4   15.10   ENE
24   3,8  11,0   15.22  -2,1   08.09  14,5   0,0   0,2   0,4  12,9   17.56   NNE
25   6,1  11,9   15.04   2,0   03.47  12,2   0,0   0,0   0,6  14,5   14.50   NNW
26   5,1   7,4   14.12   2,5   02.49  13,2   0,0   0,4   0,2   9,7   19.21   ENE
27   5,8   7,9   14.10   1,4   23.57   3,7   0,0   0,2   0,1  24,1   22.11   ---
28   3,7  11,1   14.54  -0,4   06.02   3,1   0,0   0,2   1,2  20,9   14.29     W
29   3,6   7,7   13.53  -0,5   00.07   3,7   0,0   0,2   6,4  38,6   12.11    NE
30   0,9   8,4   15.13  -2,9   07.31   6,6   0,0   0,0   1,2  29,0   13.31   NNE
31   0,7   7,9   14.03  -3,7   06.22  17,6   0,0   0,0   0,0   4,8   13.58   ---
----------------------------------------------------------------------------------
     5,3  14,2    21    -3,7    31   360,2   0,0  13,2   0,7  38,6    16      NE

Max >=  27,0:  0
Max <=   0,0:  0
Min <=   0,0: 14
Min <= -18,0:  0
Max Rain: 7,6 on day 20
Days of Rain: 21 (>= 0,2 mm)  1 (>= 2,0 mm)  0 (>= 20,0 mm)
Heat Base: 18,3  Cool Base: 18,3  Method: Integration