NOAA-Style Climate Reports

Select a Year or Month report
2018: Gen Feb Mar Apr Mag Giu Lug Ago Set Ott Nov Dic
2017: Gen Feb Mar Apr Mag Giu Lug Ago Set Ott Nov Dic
2016: Gen Feb Mar Apr Mag Giu Lug Ago Set Ott Nov Dic
2015: Gen Feb Mar Apr Mag Giu Lug Ago Set Ott Nov Dic
2014: Gen Feb Mar Apr Mag Giu Lug Ago Set Ott Nov Dic

Report for 2016 Novembre
                   Monthly Climatological Summary for nov 2016

Name: SienaMETEO   City: San Rocco a Pilli - Sovicille (SI)   State: Italia
Elevation: 241 m  Lat: N 43° 15' 22"   Lon: E 011° 16' 53"

                  Temperature (°C), Rain (mm), Wind Speed (km/h)

                                      Heat  Cool        Avg
    Mean                              Deg   Deg         Wind                 Dom
Day Temp  High   Time   Low    Time   Days  Days  Rain  Speed High   Time    Dir
----------------------------------------------------------------------------------
 1  11,7  18,0   15.31   5,5   07.18   6,2   0,0   0,0   0,5  11,3   17.47   NNE
 2  13,5  19,9   13.17   7,1   06.40   5,0   0,2   0,2   5,8  41,8   15.01     S
 3  15,2  19,7   12.14  10,4   23.58   3,2   0,1   0,2   1,4  29,0   15.55    NE
 4  12,2  17,7   15.12   7,1   07.02   6,1   0,0   0,2   0,0   6,4   10.49     E
 5  14,7  17,1   10.57  10,8   00.52   3,6   0,0  46,0   7,1  56,3   13.16   SSE
 6  14,9  19,1   12.37  10,1   23.18   3,4   0,0  69,6  11,2  56,3   03.37   SSW
 7  10,6  14,9   11.58   7,3   07.02   7,7   0,0   1,0   1,5  19,3   11.41     S
 8   8,1  11,7   14.24   4,2   23.23  10,2   0,0   0,6   0,4  24,1   15.37    NW
 9   5,6  10,1   14.56   0,5   07.12  12,7   0,0   5,8   0,2  12,9   13.35   ENE
10   9,4  13,7   15.41   6,8   07.16   8,9   0,0   2,0   0,9  24,1   16.05     S
11   8,7  11,5   11.20   3,9   23.58   9,6   0,0  19,4   5,7  53,1   17.00    SW
12   6,6  11,2   14.11   2,7   23.24  11,7   0,0   0,2   3,8  43,5   10.39    NW
13   4,7  10,3   15.09  -0,3   06.45  13,6   0,0   0,0   0,0   0,0   00.00   ---
14   7,4  12,4   13.08   3,4   06.18  10,9   0,0   0,0   3,9  30,6   11.16   NNE
15   5,8  11,2   13.24   1,6   07.36  12,5   0,0   0,2   2,1  24,1   12.44    NE
16   4,8  11,4   15.19  -0,8   06.50  13,5   0,0   0,0   0,0   8,0   11.22    NE
17   8,2  11,1   14.47   5,1   01.34  10,1   0,0   0,4   0,1   8,0   19.55    NE
18  12,6  15,2   14.43  10,0   00.00   5,7   0,0  33,4   3,4  37,0   19.50   SSE
19  13,4  15,9   10.31  10,8   19.42   4,9   0,0   4,4   5,0  51,5   05.02   SSE
20  12,9  16,1   14.56  10,6   06.20   5,4   0,0   0,2   0,2  12,9   13.52   ENE
21  13,8  17,1   14.16  11,6   06.33   4,5   0,0   0,2   2,5  27,4   13.26   ESE
22  13,0  17,2   13.27   8,9   05.13   5,3   0,0   0,2   0,6  14,5   15.47    NE
23  12,6  16,6   13.20   8,7   06.46   5,7   0,0   0,0   1,0  16,1   19.49    NE
24  12,4  15,6   12.04   8,9   07.37   5,9   0,0   1,4   0,8  17,7   13.32    NE
25  12,3  15,4   15.12   8,2   23.57   6,0   0,0   5,8   1,1  27,4   03.04    NE
26   7,9  11,2   14.30   5,5   22.21  10,4   0,0   0,4   0,0   8,0   21.04   ENE
27   6,5   7,9   15.03   4,8   02.16  11,8   0,0   0,4   0,0   3,2   12.40   ---
28   7,3  11,6   15.27   4,4   05.24  11,0   0,0   0,2   4,0  37,0   21.18   NNE
29   3,5   6,1   00.00  -0,3   23.39  14,8   0,0   0,0  16,0  54,7   13.57   NNE
30   1,3   7,9   14.08  -2,9   07.52  17,0   0,0   0,0   0,0   9,7   14.04    NE
----------------------------------------------------------------------------------
     9,7  19,9     2    -2,9    30   257,3   0,3 192,4   2,7  56,3     5     ESE

Max >=  27,0:  0
Max <=   0,0:  0
Min <=   0,0:  4
Min <= -18,0:  0
Max Rain: 69,6 on day 6
Days of Rain: 23 (>= 0,2 mm)  8 (>= 2,0 mm)  3 (>= 20,0 mm)
Heat Base: 18,3  Cool Base: 18,3  Method: Integration