NOAA-Style Climate Reports

Select a Year or Month report
2018: Gen Feb Mar Apr Mag Giu Lug Ago Set Ott Nov Dic
2017: Gen Feb Mar Apr Mag Giu Lug Ago Set Ott Nov Dic
2016: Gen Feb Mar Apr Mag Giu Lug Ago Set Ott Nov Dic
2015: Gen Feb Mar Apr Mag Giu Lug Ago Set Ott Nov Dic
2014: Gen Feb Mar Apr Mag Giu Lug Ago Set Ott Nov Dic

Report for 2016 Ottobre
                   Monthly Climatological Summary for ott 2016

Name: SienaMETEO   City: San Rocco a Pilli - Sovicille (SI)   State: Italia
Elevation: 241 m  Lat: N 43° 15' 22"   Lon: E 011° 16' 53"

                  Temperature (°C), Rain (mm), Wind Speed (km/h)

                                      Heat  Cool        Avg
    Mean                              Deg   Deg         Wind                 Dom
Day Temp  High   Time   Low    Time   Days  Days  Rain  Speed High   Time    Dir
----------------------------------------------------------------------------------
 1  17,0  23,7   13.29  11,4   05.02   2,6   1,3   7,0   1,5  24,1   13.38   SSE
 2  18,8  23,7   15.14  15,7   23.33   0,9   1,4   8,8   3,3  32,2   14.51   WSW
 3  17,3  23,8   13.22  12,8   04.39   2,2   1,2   0,4   2,8  35,4   13.05     W
 4  15,6  22,5   13.46   8,8   08.03   3,6   1,0   0,0   1,2  20,9   17.49     N
 5  14,4  21,1   17.25   8,1   07.20   4,4   0,5   0,0   0,6  17,7   11.32     E
 6  13,3  16,9   15.20   9,9   01.24   5,0   0,0   0,0   1,8  20,9   12.40    NE
 7  13,3  18,1   17.09  10,2   23.59   5,0   0,0  28,8   2,7  24,1   11.33    NW
 8  12,5  19,6   14.41   8,7   03.12   5,8   0,0  11,6   1,5  33,8   15.36   ESE
 9  13,4  18,4   16.06  10,6   06.43   4,9   0,0   1,8   0,4  16,1   21.13   NNE
10  12,2  16,6   13.18   7,7   23.57   6,1   0,0   0,2   1,5  24,1   15.05     N
11   7,8  10,6   15.20   4,9   06.38  10,5   0,0   1,8   0,6  25,7   15.51     N
12   9,8  15,8   16.48   4,6   07.41   8,5   0,0   0,0   0,5  14,5   14.55   ESE
13   9,3  12,2   13.13   6,8   06.06   9,0   0,0   3,4   0,8  25,7   14.25    NE
14  14,8  22,4   14.07  10,4   00.54   4,1   0,6  55,6   3,1  54,7   18.54     N
15  15,9  20,7   13.57  13,0   01.24   2,7   0,3   0,2   0,1  12,9   16.54   WNW
16  14,5  20,1   15.21  10,9   06.00   4,0   0,3   0,2   0,7  19,3   17.05    NW
17  14,7  20,4   16.06   9,7   07.39   3,9   0,3   0,2   0,7  20,9   16.13   SSE
18  15,0  18,8   16.13  12,6   23.55   3,3   0,0   0,2   0,2  12,9   17.32     S
19  13,9  20,1   15.12  11,1   05.07   4,5   0,1   0,2   2,2  30,6   17.32   SSE
20  13,4  18,8   12.46   9,6   05.12   4,9   0,0   0,2   0,9  19,3   16.32   NNW
21  13,0  17,3   12.45   9,3   23.40   5,3   0,0   0,2   0,4  19,3   16.40     S
22  10,9  17,1   15.37   5,4   06.56   7,3   0,0   0,2   0,1   9,7   18.13     E
23  13,0  17,5   16.08   9,4   02.03   5,3   0,0   0,0   0,5  14,5   13.31    NE
24  17,3  21,8   15.57  14,4   01.54   1,6   0,6   0,0   1,0  16,1   04.38   ENE
25  18,0  21,7   15.59  14,4   06.30   1,4   1,1   0,0   1,7  22,5   18.00    SE
26  19,0  21,9   15.32  15,0   23.31   0,4   1,1  15,2   1,8  57,9   21.46   NNE
27  15,4  18,7   13.45  10,6   22.55   2,9   0,0   0,8   7,4  45,1   15.58   NNE
28  12,9  17,8   13.35   7,7   00.00   5,4   0,0   0,0   3,6  45,1   01.50   NNE
29  11,2  19,5   13.50   4,1   07.15   7,2   0,1   0,0   0,1   8,0   03.45   WNW
30  12,7  20,8   14.25   6,1   07.25   6,0   0,4   0,0   0,3  16,1   14.15     E
31  12,0  19,1   15.05   6,0   07.25   6,4   0,1   0,0   0,5  14,5   14.30   ENE
----------------------------------------------------------------------------------
    13,9  23,8     3     4,1    29   145,1  10,4 137,0   1,4  57,9    26     NNE

Max >=  27,0:  0
Max <=   0,0:  0
Min <=   0,0:  0
Min <= -18,0:  0
Max Rain: 55,6 on day 14
Days of Rain: 20 (>= 0,2 mm)  7 (>= 2,0 mm)  2 (>= 20,0 mm)
Heat Base: 18,3  Cool Base: 18,3  Method: Integration