NOAA-Style Climate Reports

Select a Year or Month report
2018: Gen Feb Mar Apr Mag Giu Lug Ago Set Ott Nov Dic
2017: Gen Feb Mar Apr Mag Giu Lug Ago Set Ott Nov Dic
2016: Gen Feb Mar Apr Mag Giu Lug Ago Set Ott Nov Dic
2015: Gen Feb Mar Apr Mag Giu Lug Ago Set Ott Nov Dic
2014: Gen Feb Mar Apr Mag Giu Lug Ago Set Ott Nov Dic

Report for 2016 Settembre
                   Monthly Climatological Summary for set 2016

Name: SienaMETEO   City: San Rocco a Pilli - Sovicille (SI)   State: Italia
Elevation: 241 m  Lat: N 43° 15' 22"   Lon: E 011° 16' 53"

                  Temperature (°C), Rain (mm), Wind Speed (km/h)

                                      Heat  Cool        Avg
    Mean                              Deg   Deg         Wind                 Dom
Day Temp  High   Time   Low    Time   Days  Days  Rain  Speed High   Time    Dir
----------------------------------------------------------------------------------
 1  22,3  31,5   16.45  15,2   06.20   0,9   4,9   0,2   1,3  20,9   20.20   WNW
 2  23,9  33,2   18.06  15,6   06.43   0,4   6,1   0,0   1,9  27,4   18.31   WNW
 3  23,9  33,1   16.13  16,2   07.17   0,3   5,9   0,0   3,0  30,6   17.38   WNW
 4  22,6  30,8   14.56  15,2   06.41   0,6   4,9   0,0   3,9  33,8   15.13     W
 5  22,6  29,8   16.43  18,1   23.59   0,0   4,3   7,0   1,5  62,8   19.13   WNW
 6  19,4  26,1   14.18  13,5   07.23   1,2   2,2   0,2   5,8  41,8   18.50   NNE
 7  20,5  25,1   15.49  15,5   00.27   0,6   2,8   0,0   8,0  53,1   13.53     N
 8  22,8  28,4   16.00  16,8   07.02   0,1   4,6   0,0   3,4  32,2   11.25   NNE
 9  22,1  28,7   14.30  14,3   07.23   0,7   4,5   0,0   2,5  35,4   15.47   NNE
10  22,9  29,7   14.18  16,7   06.01   0,3   4,9   0,0   2,4  33,8   13.39   NNE
11  21,2  28,2   12.31  15,6   06.42   0,5   3,4   3,8   0,8  43,5   16.43    NE
12  21,8  29,7   17.13  15,4   06.33   0,6   4,1   0,0   1,1  25,7   17.26   NNE
13  21,5  30,9   15.21  15,5   06.59   0,6   3,7   0,0   1,1  38,6   16.11    NE
14  21,5  30,1   15.40  14,2   07.39   1,0   4,2   0,0   1,8  22,5   16.36   SSW
15  19,6  26,1   14.00  15,4   06.05   0,7   2,0   0,4   2,3  32,2   16.04     S
16  18,9  24,3   12.59  16,9   23.56   0,2   0,8  20,4   2,6  59,5   14.18   SSE
17  18,6  23,5   15.45  14,3   07.34   1,0   1,3   0,2   2,8  29,0   13.49   SSW
18  16,2  19,4   13.49  14,3   23.41   2,2   0,1  42,0   0,8  32,2   01.07     N
19  17,4  23,9   17.37  12,2   06.00   2,4   1,4   0,2   4,1  27,4   13.48   WNW
20  17,7  26,4   15.21  11,9   06.49   2,2   1,6   0,0   0,5  25,7   16.03    NW
21  17,9  24,7   14.00  14,3   07.36   1,8   1,3  12,2   2,0  41,8   16.48    NE
22  17,6  23,6   14.53  12,0   07.49   2,2   1,5   0,2   2,5  27,4   12.35    NE
23  17,1  23,8   14.04   9,9   07.16   2,8   1,6   0,0   0,2  12,9   14.39     W
24  17,9  23,9   13.57  11,9   07.08   2,1   1,7   0,0   1,6  41,8   10.54   ENE
25  16,8  24,6   17.27   9,1   06.52   3,2   1,7   0,0   0,6  17,7   14.58   ENE
26  17,2  24,0   13.48  10,2   07.44   2,9   1,8   0,0   2,7  30,6   13.09    NE
27  16,9  24,3   16.01   8,9   07.44   3,1   1,8   0,0   2,0  24,1   12.26    NE
28  16,9  24,3   17.32   9,8   07.20   3,1   1,7   0,0   1,6  29,0   12.45   NNE
29  16,9  25,7   14.00   8,9   07.24   3,2   1,8   0,0   1,4  22,5   16.57     W
30  16,5  24,1   15.25  10,8   06.27   3,1   1,3   0,0   1,4  24,1   17.18     S
----------------------------------------------------------------------------------
    19,6  33,2     2     8,9    27    44,0  83,9  86,8   2,3  62,8     5       N

Max >=  27,0: 12
Max <=   0,0:  0
Min <=   0,0:  0
Min <= -18,0:  0
Max Rain: 42,0 on day 18
Days of Rain: 11 (>= 0,2 mm)  5 (>= 2,0 mm)  2 (>= 20,0 mm)
Heat Base: 18,3  Cool Base: 18,3  Method: Integration