NOAA-Style Climate Reports

Select a Year or Month report
2018: Gen Feb Mar Apr Mag Giu Lug Ago Set Ott Nov Dic
2017: Gen Feb Mar Apr Mag Giu Lug Ago Set Ott Nov Dic
2016: Gen Feb Mar Apr Mag Giu Lug Ago Set Ott Nov Dic
2015: Gen Feb Mar Apr Mag Giu Lug Ago Set Ott Nov Dic
2014: Gen Feb Mar Apr Mag Giu Lug Ago Set Ott Nov Dic

Report for 2016 Agosto
                   Monthly Climatological Summary for ago 2016

Name: SienaMETEO   City: San Rocco a Pilli - Sovicille (SI)   State: Italia
Elevation: 241 m  Lat: N 43° 15' 22"   Lon: E 011° 16' 53"

                  Temperature (°C), Rain (mm), Wind Speed (km/h)

                                      Heat  Cool        Avg
    Mean                              Deg   Deg         Wind                 Dom
Day Temp  High   Time   Low    Time   Days  Days  Rain  Speed High   Time    Dir
----------------------------------------------------------------------------------
 1  24,3  31,7   16.27  20,2   06.29   0,0   6,0   0,4   2,8  33,8   17.54    NW
 2  24,9  33,1   17.11  17,3   06.43   0,1   6,7   0,0   2,7  22,5   18.31   NNW
 3  26,6  35,0   16.58  18,6   06.44   0,0   8,3   0,0   2,5  24,1   19.27    NW
 4  27,1  35,9   15.51  18,7   06.47   0,0   8,8   0,0   3,2  35,4   17.14     W
 5  23,0  31,3   15.13  17,6   06.27   0,0   4,7   0,0   4,9  49,9   17.35   WSW
 6  22,1  28,3   16.57  16,6   07.11   0,2   4,0   0,4   5,2  32,2   14.35     N
 7  23,2  28,1   14.57  16,3   06.53   0,1   5,0   0,0   9,9  49,9   12.46   NNE
 8  24,2  33,1   17.16  15,3   05.55   0,4   6,3   0,0   2,4  25,7   17.45    NW
 9  24,7  35,0   15.57  14,6   07.13   0,6   6,9   0,0   1,7  29,0   18.25     W
10  21,7  29,7   12.51  15,0   06.10   0,4   3,8   0,0   2,0  38,6   14.34   SSE
11  20,8  26,2   15.56  15,9   23.58   0,3   2,8   0,0   4,6  32,2   10.09   NNE
12  19,6  27,4   16.57  10,8   06.27   1,9   3,2   0,0   3,5  33,8   10.16    NE
13  21,6  30,1   16.30  11,6   06.48   1,6   4,9   0,0   4,0  29,0   12.03   NNE
14  24,0  34,1   16.35  13,6   06.30   0,9   6,6   0,0   1,6  20,9   13.40   SSE
15  24,9  34,9   15.45  15,1   06.45   0,5   7,1   0,0   3,1  32,2   17.00     W
16  23,7  33,4   15.25  14,1   06.00   0,7   6,2   0,0   4,4  40,2   16.35     W
17  23,1  31,6   15.50  14,6   06.20   0,6   5,4   0,0   4,3  35,4   17.50     W
18  23,6  30,3   17.15  17,7   07.00   0,0   5,3   0,6   1,8  33,8   14.05   WSW
19  23,2  30,4   15.00  17,0   07.00   0,2   5,0   0,0   2,0  29,0   15.35     S
20  25,2  33,9   16.17  17,7   06.52   0,0   7,0   0,0   2,5  29,0   16.52     S
21  24,8  32,9   15.22  17,5   06.52   0,1   6,5   0,0   2,3  24,1   18.57   WNW
22  23,1  28,2   14.44  17,0   06.37   0,1   4,9   0,0   7,4  41,8   11.25   NNE
23  22,9  29,4   16.38  15,0   03.54   0,5   5,2   0,0   6,0  45,1   10.54   NNE
24  24,4  30,9   17.26  15,6   06.58   0,1   6,2   0,0   5,7  33,8   13.35   NNE
25  24,1  32,1   16.07  15,0   06.35   0,4   6,2   0,0   3,6  27,4   11.51   NNE
26  24,1  33,0   17.31  14,6   07.08   0,6   6,4   0,0   1,8  22,5   19.37   ENE
27  25,0  34,7   16.13  15,4   07.14   0,4   7,1   0,0   2,7  29,0   16.58     S
28  24,1  33,8   15.25  14,7   06.46   0,6   6,4   0,0   2,7  38,6   15.29     W
29  23,9  33,3   16.00  15,7   07.08   0,4   6,0   0,0   3,9  29,0   14.59     W
30  22,3  32,9   15.49  16,9   06.30   0,1   4,2  73,0   3,1  66,0   17.22   NNE
31  20,7  29,3   15.18  17,3   06.16   0,1   2,5  22,8   1,5  53,1   15.53     E
----------------------------------------------------------------------------------
    23,6  35,9     4    10,8    12    11,9 175,6  97,2   3,5  66,0    30     NNW

Max >=  27,0: 30
Max <=   0,0:  0
Min <=   0,0:  0
Min <= -18,0:  0
Max Rain: 73,0 on day 30
Days of Rain: 5 (>= 0,2 mm)  2 (>= 2,0 mm)  2 (>= 20,0 mm)
Heat Base: 18,3  Cool Base: 18,3  Method: Integration