NOAA-Style Climate Reports

Select a Year or Month report
2018: Gen Feb Mar Apr Mag Giu Lug Ago Set Ott Nov Dic
2017: Gen Feb Mar Apr Mag Giu Lug Ago Set Ott Nov Dic
2016: Gen Feb Mar Apr Mag Giu Lug Ago Set Ott Nov Dic
2015: Gen Feb Mar Apr Mag Giu Lug Ago Set Ott Nov Dic
2014: Gen Feb Mar Apr Mag Giu Lug Ago Set Ott Nov Dic

Report for 2016 Luglio
                   Monthly Climatological Summary for lug 2016

Name: SienaMETEO   City: San Rocco a Pilli - Sovicille (SI)   State: Italia
Elevation: 241 m  Lat: N 43° 15' 22"   Lon: E 011° 16' 53"

                  Temperature (°C), Rain (mm), Wind Speed (km/h)

                                      Heat  Cool        Avg
    Mean                              Deg   Deg         Wind                 Dom
Day Temp  High   Time   Low    Time   Days  Days  Rain  Speed High   Time    Dir
----------------------------------------------------------------------------------
 1  24,5  33,1   16.08  15,1   06.29   0,5   6,7   0,0   1,8  20,9   17.03   SSW
 2  24,9  33,3   15.38  16,8   06.25   0,1   6,8   0,0   3,7  37,0   17.03   WSW
 3  24,9  33,1   14.50  16,6   05.47   0,2   6,8   0,0   4,3  33,8   13.19   WNW
 4  24,9  32,0   16.19  15,2   06.21   0,4   7,0   0,0   1,9  22,5   15.58   NNE
 5  26,3  34,8   15.08  18,4   05.46   0,0   8,0   0,0   2,3  29,0   17.57   WSW
 6  26,2  34,8   16.10  19,3   05.01   0,0   7,9   0,0   2,0  27,4   17.23     W
 7  26,7  35,8   15.31  18,7   06.17   0,0   8,4   0,0   1,7  37,0   16.41    SW
 8  25,5  33,8   15.12  17,1   05.51   0,1   7,4   0,0   3,3  30,6   17.47   SSW
 9  26,0  34,3   17.53  17,8   05.58   0,0   7,8   0,0   1,4  20,9   18.44     W
10  27,2  35,8   15.12  18,1   06.32   0,0   8,9   0,0   1,5  29,0   18.24     W
11  27,7  36,4   16.33  18,3   06.35   0,0   9,4   0,0   1,2  24,1   16.59   SSW
12  26,9  35,6   15.55  17,3   06.18   0,0   8,7   0,0   5,8  35,4   18.05     S
13  24,4  31,3   13.02  19,4   06.35   0,0   6,1   6,4   4,1  41,8   14.17    SW
14  21,8  28,1   13.35  15,7   06.35   0,2   3,7   0,0   5,8  37,0   12.30     W
15  18,5  21,4   14.33  15,7   05.23   0,6   0,8   0,2  11,3  54,7   07.53   NNW
16  20,8  26,1   15.37  15,7   05.25   0,6   3,1   0,0   4,1  30,6   10.35   NNW
17  21,2  30,8   16.10  11,3   06.15   1,7   4,6   0,0   1,4  29,0   18.24   WNW
18  23,5  33,8   15.53  13,1   06.37   1,0   6,1   0,0   1,6  32,2   17.31     W
19  24,3  35,2   16.12  13,8   06.17   0,9   6,9   0,0   3,0  29,0   17.52     W
20  25,7  36,6   16.13  15,7   06.47   0,3   7,8   0,0   3,3  30,6   17.45   WNW
21  24,9  34,7   17.05  13,6   05.39   0,8   7,4   0,0   2,5  29,0   14.43     W
22  25,1  34,9   15.37  15,4   06.39   0,4   7,3   0,0   2,8  29,0   16.57     S
23  23,9  30,7   15.45  18,6   05.54   0,0   5,6   0,6   3,4  32,2   14.48    NE
24  25,2  31,6   17.47  18,5   23.45   0,0   6,9   8,4   5,8  45,1   11.42     E
25  23,0  32,6   16.06  17,9   06.19   0,0   4,7   1,2   1,5  48,3   18.27   NNW
26  25,1  34,6   14.57  17,7   07.05   0,0   6,8   0,0   1,0  19,3   15.22   WNW
27  25,3  33,8   14.13  18,6   06.04   0,0   7,0   0,0   2,9  37,0   17.03     W
28  25,2  33,9   15.28  17,2   06.13   0,1   7,0   0,0   3,2  35,4   15.40   SSW
29  25,8  34,7   15.34  18,1   06.36   0,0   7,5   0,0   2,0  27,4   18.41     W
30  25,9  34,5   16.01  17,4   06.27   0,1   7,6   0,0   3,8  29,0   19.15     W
31  25,9  34,8   15.31  17,8   05.59   0,0   7,6   0,0   5,5  35,4   15.32     S
----------------------------------------------------------------------------------
    24,7  36,6    20    11,3    17     8,0 208,3  16,8   3,3  54,7    15       W

Max >=  27,0: 29
Max <=   0,0:  0
Min <=   0,0:  0
Min <= -18,0:  0
Max Rain: 8,4 on day 24
Days of Rain: 5 (>= 0,2 mm)  2 (>= 2,0 mm)  0 (>= 20,0 mm)
Heat Base: 18,3  Cool Base: 18,3  Method: Integration