NOAA-Style Climate Reports

Select a Year or Month report
2018: Gen Feb Mar Apr Mag Giu Lug Ago Set Ott Nov Dic
2017: Gen Feb Mar Apr Mag Giu Lug Ago Set Ott Nov Dic
2016: Gen Feb Mar Apr Mag Giu Lug Ago Set Ott Nov Dic
2015: Gen Feb Mar Apr Mag Giu Lug Ago Set Ott Nov Dic
2014: Gen Feb Mar Apr Mag Giu Lug Ago Set Ott Nov Dic

Report for 2016 Giugnio
                   Monthly Climatological Summary for giu 2016

Name: SienaMETEO   City: San Rocco a Pilli - Sovicille (SI)   State: Italia
Elevation: 241 m  Lat: N 43° 15' 22"   Lon: E 011° 16' 53"

                  Temperature (°C), Rain (mm), Wind Speed (km/h)

                                      Heat  Cool        Avg
    Mean                              Deg   Deg         Wind                 Dom
Day Temp  High   Time   Low    Time   Days  Days  Rain  Speed High   Time    Dir
----------------------------------------------------------------------------------
 1  15,8  22,4   13.17  12,1   06.34   3,0   0,5   7,8   0,8  37,0   14.12   WNW
 2  15,5  19,7   17.58  13,0   06.01   2,8   0,1   6,8   2,3  32,2   17.55   WSW
 3  16,1  21,7   15.06  12,7   01.18   2,6   0,4   5,4   0,5  25,7   15.43     S
 4  17,6  22,0   16.17  15,1   05.45   1,3   0,6   4,4   1,3  19,3   12.03    SW
 5  18,3  25,6   17.08  13,8   04.38   1,7   1,7   5,0   1,3  24,1   17.34    SW
 6  18,4  25,8   14.16  11,7   06.28   2,0   2,1   0,0   2,1  30,6   14.45   ENE
 7  20,1  27,8   14.29  13,9   05.54   1,3   3,1   0,0   1,5  19,3   16.24    NW
 8  19,2  28,2   13.10  14,4   05.42   0,8   1,7   4,6   0,6  38,6   13.58    SW
 9  18,6  24,0   13.02  16,2   04.43   0,7   1,1   0,2   2,2  25,7   15.44   NNW
10  20,1  26,2   18.22  14,4   06.19   1,0   2,8   0,0   1,2  19,3   14.08    NW
11  20,1  26,0   13.57  15,5   05.00   0,6   2,4   0,2   5,7  33,8   14.41     S
12  20,1  26,3   16.37  17,0   06.02   0,3   2,1   0,6   5,4  38,6   14.32    SW
13  20,5  27,3   14.09  15,8   06.18   0,6   2,7   0,0   2,6  37,0   15.46   WNW
14  19,5  26,3   15.04  14,7   05.44   1,1   2,3   0,0   5,2  40,2   17.03   WSW
15  19,8  27,3   17.05  11,2   05.13   1,8   3,3   0,0   4,6  37,0   13.16     S
16  22,6  30,4   16.10  15,8   05.19   0,4   4,6   0,0   5,1  38,6   16.29   SSE
17  20,6  26,0   17.41  15,2   03.18   0,7   3,0   7,6   6,9  38,6   11.22    SW
18  19,1  26,7   16.06  11,7   05.04   1,8   2,6   0,0   3,9  32,2   16.44     W
19  18,0  26,6   15.11  13,5   23.02   1,7   1,4   6,4   3,4  33,8   15.33    NW
20  18,0  23,2   17.56  12,8   06.15   1,7   1,5   0,2   1,6  32,2   09.47    NW
21  20,5  28,9   15.10  12,4   05.49   1,7   3,9   0,0   3,4  29,0   18.02   WNW
22  23,3  31,1   17.03  13,3   06.04   1,0   6,0   0,0   2,1  32,2   11.43   NNE
23  25,7  33,9   17.17  16,0   06.18   0,3   7,7   0,0   0,7  20,9   15.35     N
24  27,3  35,2   17.21  19,5   06.26   0,0   9,0   0,0   1,0  24,1   19.28    NW
25  26,8  34,6   14.59  20,2   05.06   0,0   8,5   0,0   3,4  38,6   15.47     W
26  25,1  33,9   16.24  16,4   06.30   0,2   6,9   0,0   3,8  38,6   20.00     W
27  22,9  29,8   15.45  15,3   06.04   0,3   5,0   0,0   3,6  32,2   15.56   WNW
28  23,7  31,7   17.00  15,8   05.31   0,4   5,8   0,0   2,4  25,7   19.35    NW
29  24,2  32,3   14.45  15,8   06.37   0,3   6,1   0,0   1,6  25,7   18.27   WSW
30  24,5  32,0   16.01  16,3   06.54   0,2   6,4   0,0   3,8  32,2   14.11     S
----------------------------------------------------------------------------------
    20,7  35,2    24    11,2    15    32,3 105,3  49,2   2,8  40,2    14     WSW

Max >=  27,0: 15
Max <=   0,0:  0
Min <=   0,0:  0
Min <= -18,0:  0
Max Rain: 7,8 on day 1
Days of Rain: 12 (>= 0,2 mm)  8 (>= 2,0 mm)  0 (>= 20,0 mm)
Heat Base: 18,3  Cool Base: 18,3  Method: Integration