NOAA-Style Climate Reports

Select a Year or Month report
2018: Gen Feb Mar Apr Mag Giu Lug Ago Set Ott Nov Dic
2017: Gen Feb Mar Apr Mag Giu Lug Ago Set Ott Nov Dic
2016: Gen Feb Mar Apr Mag Giu Lug Ago Set Ott Nov Dic
2015: Gen Feb Mar Apr Mag Giu Lug Ago Set Ott Nov Dic
2014: Gen Feb Mar Apr Mag Giu Lug Ago Set Ott Nov Dic

Report for 2016 Maggio
                   Monthly Climatological Summary for mag 2016

Name: SienaMETEO   City: San Rocco a Pilli - Sovicille (SI)   State: Italia
Elevation: 241 m  Lat: N 43° 15' 22"   Lon: E 011° 16' 53"

                  Temperature (°C), Rain (mm), Wind Speed (km/h)

                                      Heat  Cool        Avg
    Mean                              Deg   Deg         Wind                 Dom
Day Temp  High   Time   Low    Time   Days  Days  Rain  Speed High   Time    Dir
----------------------------------------------------------------------------------
 1  13,2  19,9   16.46   9,5   06.23   5,2   0,1  19,0   3,7  30,6   17.31   WNW
 2  12,1  16,7   15.26   9,2   03.18   6,2   0,0  15,6   7,3  40,2   15.35    NW
 3  16,7  23,0   14.59  12,2   06.21   2,4   0,8   0,0   7,3  37,0   00.01    NW
 4  16,2  23,2   17.08  10,2   04.39   3,2   1,1   0,0   0,9  32,2   01.08   NNW
 5  14,0  20,1   12.52   7,3   06.33   4,4   0,1   2,6   3,2  29,0   13.16   NNE
 6  15,1  23,3   16.38   6,7   06.26   4,4   1,2   0,0   1,1  20,9   14.37   ENE
 7  15,8  23,6   13.53   7,7   06.33   3,7   1,2   0,0   3,2  30,6   16.25     S
 8  15,9  21,0   15.19  11,2   06.42   2,8   0,4   0,0   0,5  16,1   16.11   SSE
 9  17,5  24,6   15.28  12,9   05.41   2,1   1,3   0,0   1,4  19,3   14.14    SE
10  18,8  24,7   13.45  12,6   05.51   1,6   2,1   0,0   3,8  38,6   11.36   SSE
11  17,1  20,6   13.34  13,9   06.19   1,7   0,5   0,2   1,8  24,1   14.18   SSE
12  16,0  20,7   14.07  12,2   23.29   2,5   0,3  10,4   6,8  46,7   16.04   WSW
13  16,0  21,9   14.43  11,8   00.16   2,8   0,5   1,2   7,2  41,8   13.18   SSW
14  16,2  24,5   17.29  12,2   05.42   3,0   0,9   4,6   1,0  20,9   18.32   SSE
15  15,5  23,1   15.48  12,1   23.46   3,2   0,5   0,6   1,6  38,6   16.37   NNW
16  14,3  20,6   14.32   9,8   03.40   4,2   0,2   1,2   1,6  27,4   15.36   ESE
17  14,9  20,9   15.05  10,7   00.00   3,7   0,3  12,2   1,8  27,4   15.35   NNE
18  14,9  22,4   15.10   7,7   06.55   4,2   0,8   0,0   3,4  33,8   17.30     S
19  12,2  18,3   15.36   8,4   06.06   6,0   0,0   9,4   4,0  67,6   17.07   SSE
20  15,3  21,3   17.51   9,8   01.41   3,6   0,6   0,2   9,1  45,1   12.02   NNW
21  19,3  27,0   16.23  11,4   05.22   2,0   2,9   0,0   5,0  33,8   17.46   WNW
22  19,5  29,3   15.46   9,5   06.18   2,4   3,6   0,0   1,5  25,7   17.30     S
23  15,3  21,0   14.20  10,0   23.55   3,2   0,2   4,6  10,8  62,8   16.38    SW
24  15,6  22,1   14.47   9,5   00.43   3,5   0,8   0,0   7,3  45,1   11.09   WSW
25  16,5  25,8   16.30   7,7   06.22   3,6   1,8   0,0   1,2  20,9   14.04     W
26  17,9  26,2   18.17   8,6   06.14   2,9   2,5   0,0   1,5  20,9   16.53   SSE
27  20,4  29,7   15.00  11,6   06.35   1,9   3,9   0,0   1,7  24,1   14.55   SSE
28  20,9  30,9   16.09  11,2   05.44   1,8   4,4   0,0   1,4  22,5   17.18   WSW
29  18,3  24,2   15.32  14,6   05.10   1,2   1,2   6,6   4,9  45,1   15.10   SSW
30  18,3  24,7   15.00  10,8   05.50   2,2   2,2   0,0   4,9  43,5   13.30    SW
31  17,9  24,4   16.32  10,7   06.19   2,2   1,8   0,0   4,3  41,8   15.38   WSW
----------------------------------------------------------------------------------
    16,4  30,9    28     6,7     6    97,8  38,2  88,4   3,6  67,6    19     WSW

Max >=  27,0:  4
Max <=   0,0:  0
Min <=   0,0:  0
Min <= -18,0:  0
Max Rain: 19,0 on day 1
Days of Rain: 14 (>= 0,2 mm)  9 (>= 2,0 mm)  0 (>= 20,0 mm)
Heat Base: 18,3  Cool Base: 18,3  Method: Integration