NOAA-Style Climate Reports

Select a Year or Month report
2018: Gen Feb Mar Apr Mag Giu Lug Ago Set Ott Nov Dic
2017: Gen Feb Mar Apr Mag Giu Lug Ago Set Ott Nov Dic
2016: Gen Feb Mar Apr Mag Giu Lug Ago Set Ott Nov Dic
2015: Gen Feb Mar Apr Mag Giu Lug Ago Set Ott Nov Dic
2014: Gen Feb Mar Apr Mag Giu Lug Ago Set Ott Nov Dic

Report for 2016 Aprile
                   Monthly Climatological Summary for apr 2016

Name: SienaMETEO   City: San Rocco a Pilli - Sovicille (SI)   State: Italia
Elevation: 241 m  Lat: N 43° 15' 22"   Lon: E 011° 16' 53"

                  Temperature (°C), Rain (mm), Wind Speed (km/h)

                                      Heat  Cool        Avg
    Mean                              Deg   Deg         Wind                 Dom
Day Temp  High   Time   Low    Time   Days  Days  Rain  Speed High   Time    Dir
----------------------------------------------------------------------------------
 1  15,8  20,1   16.10  11,1   07.05   2,8   0,3   0,0   1,8  24,1   02.35   ENE
 2  15,4  23,9   16.11   8,8   07.55   4,0   1,2   0,0   0,5  20,9   14.38   NNE
 3  15,0  23,4   17.38   7,8   06.14   4,4   1,1   0,0   1,4  22,5   18.23   SSE
 4  16,7  24,1   16.04   9,9   07.32   3,0   1,4   0,0   4,1  37,0   14.32   SSE
 5  16,2  24,3   16.21   8,7   07.47   3,6   1,5   0,0   2,1  25,7   12.07    SE
 6  17,0  27,6   17.28   7,8   07.28   3,7   2,4   0,0   1,0  19,3   17.59    NW
 7  17,2  26,3   14.09   7,9   06.56   3,3   2,2   0,0   1,2  24,1   19.38   WNW
 8  13,5  15,3   00.21  10,2   23.55   4,8   0,0   3,2   1,0  24,1   02.56     N
 9  10,7  14,0   15.51   7,9   23.58   7,6   0,0   1,0   1,8  32,2   16.30   WNW
10  12,1  20,7   15.37   4,7   07.29   6,4   0,3   0,0   2,1  29,0   17.10     W
11  13,1  22,5   14.14   4,3   06.34   5,9   0,7   0,0   5,4  33,8   14.57     S
12  14,7  21,9   15.10   7,1   06.10   4,3   0,7   0,0   2,9  27,4   13.35   SSE
13  15,5  22,4   15.20   9,4   05.45   3,7   0,9   0,0   3,1  33,8   23.10     W
14  14,6  21,1   14.05   8,9   07.35   4,1   0,4   0,0   5,1  49,9   14.25    SW
15  13,8  23,7   15.30   4,3   07.25   5,5   1,1   0,0   5,1  33,8   16.26     S
16  14,8  22,2   14.22   6,4   07.13   4,3   0,8   0,0   8,0  45,1   15.58   SSE
17  16,8  22,9   13.20  12,4   01.39   2,3   0,8   0,0   7,5  41,8   14.02   SSE
18  15,9  20,8   17.16  10,2   23.55   2,9   0,5   0,0   2,5  24,1   16.37   WSW
19  14,7  20,8   16.10   8,2   01.38   4,0   0,4   0,0   4,6  38,6   18.05   NNW
20  14,8  22,9   15.20   6,2   06.11   4,5   1,0   0,0   4,3  30,6   10.24    NE
21  14,5  23,1   14.43   5,9   06.26   4,8   1,0   0,0   1,8  30,6   17.30     S
22  14,4  21,7   14.50   9,6   06.13   4,3   0,4   2,0   1,6  32,2   17.37    SW
23  12,8  17,1   12.15  11,3   06.53   5,5   0,0  13,2   1,8  37,0   13.10     W
24  11,7  17,6   15.21   9,1   23.56   6,6   0,0  30,4   3,6  33,8   17.22    NW
25   9,4  15,1   15.14   5,2   23.55   8,9   0,0  10,0   5,7  46,7   10.06    NW
26  10,4  19,6   14.51   2,0   06.44   8,0   0,0   0,0   4,1  37,0   14.43   WSW
27  13,1  19,3   13.07   6,3   06.30   5,2   0,0   0,0   5,5  46,7   11.41    SW
28  11,6  13,5   15.23   9,7   04.32   6,7   0,0   2,0   0,2  11,3   10.59   WNW
29  14,8  21,9   15.30   8,3   06.53   4,0   0,5   0,8   1,7  19,3   21.33    NE
30  13,9  21,7   16.18   7,2   06.43   4,9   0,5   2,6   2,3  38,6   16.16    SE
----------------------------------------------------------------------------------
    14,2  27,6     6     2,0    26   144,0  20,1  65,2   3,2  49,9    14     SSW

Max >=  27,0:  1
Max <=   0,0:  0
Min <=   0,0:  0
Min <= -18,0:  0
Max Rain: 30,4 on day 24
Days of Rain: 9 (>= 0,2 mm)  7 (>= 2,0 mm)  1 (>= 20,0 mm)
Heat Base: 18,3  Cool Base: 18,3  Method: Integration