NOAA-Style Climate Reports

Select a Year or Month report
2018: Gen Feb Mar Apr Mag Giu Lug Ago Set Ott Nov Dic
2017: Gen Feb Mar Apr Mag Giu Lug Ago Set Ott Nov Dic
2016: Gen Feb Mar Apr Mag Giu Lug Ago Set Ott Nov Dic
2015: Gen Feb Mar Apr Mag Giu Lug Ago Set Ott Nov Dic
2014: Gen Feb Mar Apr Mag Giu Lug Ago Set Ott Nov Dic

Report for 2016 Marzo
                   Monthly Climatological Summary for mar 2016

Name: SienaMETEO   City: San Rocco a Pilli - Sovicille (SI)   State: Italia
Elevation: 241 m  Lat: N 43° 15' 22"   Lon: E 011° 16' 53"

                  Temperature (°C), Rain (mm), Wind Speed (km/h)

                                      Heat  Cool        Avg
    Mean                              Deg   Deg         Wind                 Dom
Day Temp  High   Time   Low    Time   Days  Days  Rain  Speed High   Time    Dir
----------------------------------------------------------------------------------
 1   7,9  14,0   14.32   2,1   07.13  10,4   0,0   0,0   2,8  35,4   13.13   WNW
 2   8,7  16,1   15.18   1,8   07.25   9,6   0,0   0,6   4,0  32,2   15.17   SSE
 3   7,5  11,3   09.55   1,9   23.54  10,8   0,0   3,2   8,5  72,4   02.28   WSW
 4   6,9  13,7   12.31  -0,1   07.41  11,4   0,0   0,0   2,5  27,4   15.34   WSW
 5   8,8  13,0   15.08   4,2   03.10   9,5   0,0   6,2  12,2  64,4   11.22    SE
 6   7,1  12,8   14.42   3,3   05.56  11,2   0,0  10,6   3,6  43,5   14.33     S
 7   5,9  11,3   16.39   2,4   07.05  12,4   0,0   0,8   2,2  25,7   16.13     W
 8   5,3   8,1   16.30   2,5   23.59  13,0   0,0   5,6   2,2  25,7   17.07     E
 9   5,2   8,6   12.23   1,9   02.25  13,1   0,0   9,0   1,2  22,5   04.41     N
10   7,9  13,5   14.40   2,8   06.54  10,4   0,0   0,0   2,8  32,2   16.02   NNE
11   9,0  13,2   12.45   5,4   07.32   9,3   0,0   1,6   5,6  40,2   17.00   NNE
12   9,4  13,4   13.18   4,5   06.25   8,9   0,0   0,0   7,5  46,7   14.15   NNE
13   9,3  12,6   13.10   5,9   02.42   9,0   0,0   0,0   9,0  48,3   11.09   NNE
14   8,9  12,9   13.49   4,0   23.57   9,4   0,0   0,0   6,6  51,5   10.50   NNE
15   7,1  13,5   13.45   0,4   06.13  11,2   0,0   0,0   1,0  17,7   14.28    NW
16   7,6  11,6   11.33   4,4   02.21  10,7   0,0   1,0   3,8  32,2   10.56    NE
17   8,8  12,9   11.45   4,1   06.31   9,5   0,0   0,0   5,7  41,8   16.06   NNE
18   9,7  17,6   17.06   1,9   06.46   8,6   0,0   0,0   0,5  17,7   17.54   NNW
19  10,1  18,7   16.41   2,3   07.06   8,2   0,0   0,0   1,3  22,5   17.33     W
20   9,2  15,6   14.07   2,5   06.02   9,1   0,0   0,0   1,6  19,3   16.40     S
21  12,4  17,7   14.15   8,5   06.42   5,9   0,0   0,2   1,0  17,7   17.57    NE
22  12,1  18,3   13.18   5,9   06.40   6,2   0,0   0,2   8,7  48,3   16.27   NNE
23   9,4  12,2   00.00   5,4   22.06   8,9   0,0   0,0   9,3  48,3   03.06     N
24  10,1  14,9   14.20   3,8   00.00   8,2   0,0   0,0   7,4  54,7   11.05   NNE
25   8,9  16,8   16.50   0,2   06.15   9,4   0,0   0,0   2,2  25,7   17.10     S
26  11,3  19,2   16.25   3,8   06.15   7,0   0,0   0,0   0,9  19,3   18.00    NW
27  10,8  19,3   15.05   2,8   07.10   7,2   0,0   0,2   3,4  38,6   15.20     S
28  11,6  16,2   17.13   8,9   23.28   6,6   0,0   4,4   2,7  32,2   16.18   WSW
29  11,9  19,0   14.22   4,9   07.13   6,4   0,0   0,0   4,0  33,8   17.39     S
30  14,0  21,3   13.56   8,0   07.58   4,7   0,4   0,0   6,3  38,6   16.41     S
----------------------------------------------------------------------------------
     9,1  21,3    30    -0,1     4   276,2   0,4  43,6   4,2  72,4     3     NNE

Max >=  27,0:  0
Max <=   0,0:  0
Min <=   0,0:  1
Min <= -18,0:  0
Max Rain: 10,6 on day 6
Days of Rain: 13 (>= 0,2 mm)  6 (>= 2,0 mm)  0 (>= 20,0 mm)
Heat Base: 18,3  Cool Base: 18,3  Method: Integration