NOAA-Style Climate Reports

Select a Year or Month report
2018: Gen Feb Mar Apr Mag Giu Lug Ago Set Ott Nov Dic
2017: Gen Feb Mar Apr Mag Giu Lug Ago Set Ott Nov Dic
2016: Gen Feb Mar Apr Mag Giu Lug Ago Set Ott Nov Dic
2015: Gen Feb Mar Apr Mag Giu Lug Ago Set Ott Nov Dic
2014: Gen Feb Mar Apr Mag Giu Lug Ago Set Ott Nov Dic

Report for 2016 Febbraio
                   Monthly Climatological Summary for feb 2016

Name: SienaMETEO   City: San Rocco a Pilli - Sovicille (SI)   State: Italia
Elevation: 241 m  Lat: N 43° 15' 22"   Lon: E 011° 16' 53"

                  Temperature (°C), Rain (mm), Wind Speed (km/h)

                                      Heat  Cool        Avg
    Mean                              Deg   Deg         Wind                 Dom
Day Temp  High   Time   Low    Time   Days  Days  Rain  Speed High   Time    Dir
----------------------------------------------------------------------------------
 1  11,5  16,8   15.24   7,7   23.10   6,8   0,0   0,0   0,1  12,9   15.04    NE
 2   9,5  12,0   16.07   6,1   01.04   8,8   0,0   1,8   0,2  14,5   02.40     E
 3  10,5  12,9   13.05   5,3   23.50   7,8   0,0   1,6   9,8  66,0   22.40     S
 4   6,4  10,9   15.31   1,0   23.56  11,9   0,0   0,2   8,5  41,8   12.04    NW
 5   4,7  12,9   15.50  -1,4   05.49  13,6   0,0   0,0   0,3  11,3   16.00   ENE
 6   6,7  12,3   14.33   0,3   06.14  11,6   0,0   0,0   1,9  20,9   22.27    SE
 7  10,3  12,7   15.11   6,7   01.41   8,0   0,0   0,6  12,0  46,7   11.05    SE
 8  11,1  14,7   13.05   9,1   21.36   7,2   0,0   1,8   6,8  35,4   16.11   SSE
 9  10,7  13,7   12.10   7,2   07.11   7,6   0,0   5,8  12,6  61,2   23.02   SSE
10   9,0  11,5   00.00   6,3   20.28   9,3   0,0   2,6  21,2  82,1   08.09    SW
11   7,6  12,1   13.01   4,6   07.56  10,7   0,0   1,8   1,3  45,1   00.28   SSW
12   8,8  13,2   11.55   4,7   04.46   9,4   0,0   6,6   5,2  48,3   23.46   SSW
13   9,0  13,8   12.34   5,1   08.04   9,3   0,0   0,6   4,1  48,3   00.35    SW
14  10,6  15,1   14.25   6,8   02.43   7,7   0,0  13,2   5,9  54,7   10.14     S
15   8,2   9,1   14.21   6,7   07.42  10,1   0,0  35,4   1,5  20,9   15.01    NE
16   9,7  13,6   14.59   7,4   07.30   8,6   0,0  17,0   4,2  37,0   14.35     N
17   8,0  11,2   14.47   5,7   03.58  10,3   0,0  12,0   0,7  16,1   00.48    NW
18   7,6  11,6   12.35   4,2   23.28  10,7   0,0   0,2   4,9  33,8   12.26     W
19   7,4  13,8   12.09   1,7   08.10  10,9   0,0   0,2   3,0  29,0   11.21     W
20   7,5  12,2   13.12   2,7   07.29  10,8   0,0   0,0   3,7  32,2   11.12     W
21   8,4  15,2   13.14   3,0   07.01   9,9   0,0   0,0   0,9  17,7   17.26     N
22   8,9  15,2   14.59   2,9   06.27   9,4   0,0   0,0   2,9  46,7   21.57   SSE
23  11,2  14,1   14.20   8,8   23.58   7,1   0,0   1,4   4,0  38,6   14.57    SW
24  10,1  15,6   15.36   3,8   06.43   8,2   0,0   0,0   0,1  14,5   18.15     W
25   9,5  14,2   11.44   6,7   07.05   8,8   0,0   4,6   1,8  46,7   12.16     S
26   8,0  13,7   13.57   4,9   04.53  10,3   0,0   0,6   1,5  33,8   14.01   WNW
27   8,7  12,4   23.38   6,2   01.08   9,6   0,0  16,6   6,1  40,2   22.32   ENE
28   9,6  12,4   00.01   7,8   06.37   8,7   0,0  28,6   4,7  38,6   02.26    NE
29   8,7  11,8   12.31   5,1   23.32   9,6   0,0  20,4   5,5  41,8   15.57     E
----------------------------------------------------------------------------------
     8,9  16,8     1    -1,4     5   272,7   0,0 173,6   4,8  82,1    10       S

Max >=  27,0:  0
Max <=   0,0:  0
Min <=   0,0:  1
Min <= -18,0:  0
Max Rain: 35,4 on day 15
Days of Rain: 22 (>= 0,2 mm)  11 (>= 2,0 mm)  3 (>= 20,0 mm)
Heat Base: 18,3  Cool Base: 18,3  Method: Integration