NOAA-Style Climate Reports

Select a Year or Month report
2018: Gen Feb Mar Apr Mag Giu Lug Ago Set Ott Nov Dic
2017: Gen Feb Mar Apr Mag Giu Lug Ago Set Ott Nov Dic
2016: Gen Feb Mar Apr Mag Giu Lug Ago Set Ott Nov Dic
2015: Gen Feb Mar Apr Mag Giu Lug Ago Set Ott Nov Dic
2014: Gen Feb Mar Apr Mag Giu Lug Ago Set Ott Nov Dic

Report for 2016 Gennaio
                   Monthly Climatological Summary for gen 2016

Name: SienaMETEO   City: San Rocco a Pilli - Sovicille (SI)   State: Italia
Elevation: 241 m  Lat: N 43° 15' 22"   Lon: E 011° 16' 53"

                  Temperature (°C), Rain (mm), Wind Speed (km/h)

                                      Heat  Cool        Avg
    Mean                              Deg   Deg         Wind                 Dom
Day Temp  High   Time   Low    Time   Days  Days  Rain  Speed High   Time    Dir
----------------------------------------------------------------------------------
 1   5,2   9,4   15.02   2,6   08.54  13,1   0,0   0,0   0,3  11,3   19.25    NE
 2   6,9  10,0   20.30   4,1   00.49  11,4   0,0  11,2   0,1   8,0   02.46   SSE
 3   7,3   9,9   00.07   4,3   22.52  11,0   0,0   1,0   3,3  29,0   11.23   NNW
 4   6,9  11,2   13.39   3,7   03.51  11,4   0,0   5,4   2,9  38,6   13.02   WSW
 5   8,9  11,9   13.39   6,8   23.47   9,4   0,0   2,2   1,0  12,9   00.57   SSW
 6   6,3   7,7   02.37   4,7   23.23  12,0   0,0  17,8   1,9  24,1   08.26    NW
 7   5,1   7,0   23.35   3,3   06.21  13,2   0,0   3,6   0,3  12,9   11.52   NNE
 8   8,4  11,3   15.45   6,7   06.36   9,9   0,0   0,2   0,5  17,7   01.44   ENE
 9  11,7  14,8   12.20   7,1   02.42   6,6   0,0   0,0  12,0  46,7   13.18     S
10  11,6  15,6   14.35   7,9   08.02   6,7   0,0   2,0   3,5  33,8   15.08     S
11  12,3  14,7   11.58  10,2   01.46   6,0   0,0   6,6  17,1  67,6   13.07     S
12  10,6  12,6   12.11   8,6   23.38   7,7   0,0   0,2  18,2  75,6   06.35    SW
13   8,5  11,3   14.09   3,2   23.55   9,8   0,0   0,0   4,8  51,5   10.09    SW
14   4,3   8,7   23.17   0,3   04.36  14,0   0,0  16,4   0,8  20,9   23.06     N
15   6,9   9,8   13.02   1,3   23.59  11,4   0,0   0,2   3,9  24,1   09.19   WNW
16   3,3   7,7   13.49  -0,4   06.51  15,0   0,0   0,0   9,0  48,3   14.12   NNW
17   1,4   6,3   14.37  -2,6   23.01  16,9   0,0   0,0   5,6  48,3   14.02    NW
18  -0,4   4,6   15.24  -5,3   08.19  18,6   0,0   0,0   0,1   9,7   01.57   SSE
19  -0,1   5,6   15.07  -4,2   08.01  18,4   0,0   0,0   0,1   6,4   13.30   NNE
20  -1,1   2,1   23.25  -4,8   07.14  19,4   0,0   2,6   0,0   0,0   00.00   ---
21   3,5   7,9   16.00   0,4   23.58  14,8   0,0   0,0   0,2  12,9   13.05     E
22   2,7   8,5   15.38  -1,8   05.38  15,6   0,0   0,0   0,0   8,0   07.53   ---
23   2,4   6,3   14.00  -1,2   04.31  15,9   0,0   0,2   0,1   9,7   07.57    NE
24   3,1  10,2   14.34  -3,3   07.12  15,2   0,0   0,0   0,0   6,4   23.52   WSW
25   5,2  11,6   16.08  -0,4   05.06  13,1   0,0   0,0   1,0  20,9   16.25   WSW
26   8,5  10,7   14.37   6,3   04.22   9,8   0,0   0,2   0,5  12,9   19.42   SSE
27   9,9  11,6   14.01   8,9   05.41   8,4   0,0   0,6   0,7  12,9   08.50   SSE
28  10,4  13,8   12.44   8,1   06.13   7,9   0,0   0,0   3,1  32,2   13.23     S
29  10,1  15,1   15.21   6,8   23.17   8,2   0,0   0,0   2,8  24,1   15.56   SSE
30   9,3  14,1   13.46   5,7   03.10   9,0   0,0   0,2   5,6  33,8   15.54     S
31  10,7  12,9   15.54   8,0   06.43   7,6   0,0   0,0   2,3  25,7   15.19    SW
----------------------------------------------------------------------------------
     6,4  15,6    10    -5,3    18   367,4   0,0  70,6   3,3  75,6    12      SW

Max >=  27,0:  0
Max <=   0,0:  0
Min <=   0,0:  9
Min <= -18,0:  0
Max Rain: 17,8 on day 6
Days of Rain: 17 (>= 0,2 mm)  9 (>= 2,0 mm)  0 (>= 20,0 mm)
Heat Base: 18,3  Cool Base: 18,3  Method: Integration