NOAA-Style Climate Reports

Select a Year or Month report
2018: Gen Feb Mar Apr Mag Giu Lug Ago Set Ott Nov Dic
2017: Gen Feb Mar Apr Mag Giu Lug Ago Set Ott Nov Dic
2016: Gen Feb Mar Apr Mag Giu Lug Ago Set Ott Nov Dic
2015: Gen Feb Mar Apr Mag Giu Lug Ago Set Ott Nov Dic
2014: Gen Feb Mar Apr Mag Giu Lug Ago Set Ott Nov Dic

Report for 2016
                   Annual Climatological Summary for 2016

Name: SienaMETEO   City: San Rocco a Pilli - Sovicille (SI)   State: Italia
Elevation: 241 m  Lat: N 43° 15' 22"   Lon: E 011° 16' 53"

                  Temperature (°C), Heat Base: 18,3  Cool Base: 18,3
                          Dep.  Heat  Cool                       Max  Max  Min  Min
        Mean  Mean        From  Deg   Deg                        >=   <=   <=   <=
 YR MO  Max   Min   Mean  Norm  Days  Days  Hi  Date  Low  Date 27,0  0,0  0,0 -18,0
------------------------------------------------------------------------------------
 16  1  10,2   3,1   6,4   0.0   367     0  15,6  10  -5,3   18    0    0    9    0
 16  2  13,1   5,1   8,9   0.0   272     0  16,8   1  -1,4    5    0    0    1    0
 16  3  14,8   3,8   9,3   0.0   280     0  21,3  30  -0,1    4    0    0    1    0
 16  4  21,0   7,9  14,2   0.0   144    20  27,6   6   2,0   26    1    0    0    0
 16  5  23,2  10,4  16,4   0.0    97    38  30,9  28   6,7    6    4    0    0    0
 16  6  27,8  14,7  20,7   0.0    32   105  35,2  24  11,2   15   15    0    0    0
 16  7  33,1  16,8  24,7   0.0     8   208  36,6  20  11,3   17   29    0    0    0
 16  8  31,7  15,9  23,6   0.0    11   175  35,9   4  10,8   12   30    0    0    0
 16  9  26,7  13,6  19,6   0.0    43    83  33,2   2   8,9   27   12    0    0    0
 16 10  19,3   9,7  13,9   0.0   145    10  23,8   3   4,1   29    0    0    0    0
 16 11  13,8   5,8   9,7   0.0   257     0  19,9   2  -2,9   30    0    0    4    0
 16 12  10,3   1,3   5,3   0.0   360     0  14,2  21  -3,7   31    0    0   14    0
------------------------------------------------------------------------------------
        20,4   9,0  14,4   0.0  2021   642  36,6 lug  -5,3  gen   91    0   29    0

                                Precipitation (mm)

              Dep.   Max        Days of Rain
              From   Obs.           >=
 YR MO Total  Norm   Day Date  0,2  2,0 20,0
---------------------------------------------
 16  1  70,6   0.0  17,8   6    17    9    0
 16  2 173,6   0.0  35,4  15    22   11    3
 16  3  43,6   0.0  10,6   6    13    6    0
 16  4  65,2   0.0  30,4  24     9    7    1
 16  5  88,4   0.0  19,0   1    14    9    0
 16  6  49,2   0.0   7,8   1    12    8    0
 16  7  16,8   0.0   8,4  24     5    2    0
 16  8  97,2   0.0  73,0  30     5    2    2
 16  9  86,8   0.0  42,0  18    11    5    2
 16 10 137,0   0.0  55,6  14    20    7    2
 16 11 192,4   0.0  69,6   6    23    8    3
 16 12  13,2   0.0   7,6  20    21    1    0
---------------------------------------------
      1034,0   0.0  73,0  ago  172   75   13

                                Wind Speed (km/h)
                          Dom
 YR MO   Avg.  Hi   Date  Dir
------------------------------
 16  1   3,3  75,6   12    SW
 16  2   4,8  82,1   10     S
 16  3   4,3  72,4    3    NE
 16  4   3,2  49,9   14   SSW
 16  5   3,6  67,6   19   WSW
 16  6   2,8  40,2   14   WSW
 16  7   3,3  54,7   15     W
 16  8   3,5  66,0   30   NNW
 16  9   2,3  62,8    5     N
 16 10   1,4  57,9   26   NNE
 16 11   2,7  56,3    6   ESE
 16 12   0,7  38,6   29    NE
------------------------------
         3,0  82,1  feb   WSW