NOAA-Style Climate Reports

Select a Year or Month report
2018: Gen Feb Mar Apr Mag Giu Lug Ago Set Ott Nov Dic
2017: Gen Feb Mar Apr Mag Giu Lug Ago Set Ott Nov Dic
2016: Gen Feb Mar Apr Mag Giu Lug Ago Set Ott Nov Dic
2015: Gen Feb Mar Apr Mag Giu Lug Ago Set Ott Nov Dic
2014: Gen Feb Mar Apr Mag Giu Lug Ago Set Ott Nov Dic

Report for 2015 Dicembre
                   Monthly Climatological Summary for dic 2015

Name: SienaMETEO   City: San Rocco a Pilli - Sovicille (SI)   State: Italia
Elevation: 241 m  Lat: N 43° 15' 22"   Lon: E 011° 16' 53"

                  Temperature (°C), Rain (mm), Wind Speed (km/h)

                                      Heat  Cool        Avg
    Mean                              Deg   Deg         Wind                 Dom
Day Temp  High   Time   Low    Time   Days  Days  Rain  Speed High   Time    Dir
----------------------------------------------------------------------------------
 1   8,6  14,8   14.27   4,7   08.26   9,7   0,0   0,0   0,7  12,9   15.04   NNE
 2   6,8  12,5   14.49   2,2   07.10  11,5   0,0   0,0   0,1   8,0   13.57   SSE
 3   7,4  10,8   13.44   4,9   03.17  10,9   0,0   0,0   0,6  12,9   13.45    NE
 4   6,7   9,1   14.34   3,3   03.32  11,6   0,0   0,0   0,0   4,8   03.27   ---
 5   9,0  13,2   13.58   4,3   23.52   9,3   0,0   0,0   0,3   8,0   03.52   NNE
 6   5,9  10,7   15.16   1,3   08.16  12,4   0,0   0,0   0,2   6,4   11.44    NW
 7   8,0  12,7   13.46   3,9   05.54  10,3   0,0   0,0   0,0   6,4   08.33   WNW
 8   8,7  12,7   14.56   5,3   06.41   9,6   0,0   0,0   0,2   9,7   13.16    NE
 9   6,7   9,9   15.25   4,1   06.37  11,6   0,0   0,0   0,0   8,0   07.05   SSW
10   5,8  12,9   14.30   1,3   07.00  12,5   0,0   0,2   1,7  24,1   12.05    NE
11   4,1  11,9   15.15  -1,7   07.45  14,2   0,0   0,2   0,7  25,7   15.10   WNW
12   7,5  11,8   15.15   4,2   06.50  10,6   0,0   0,0   0,8  20,9   15.05     S
13   7,4  12,6   13.43   4,3   08.10  10,8   0,0   0,0   1,6  22,5   13.45   SSE
14   6,2  11,0   14.17   3,4   02.45  12,1   0,0   0,0   0,1   8,0   09.37     S
15   6,2   9,3   15.52   2,8   05.11  12,1   0,0   0,0   0,1   6,4   20.42   ESE
16   8,8  13,2   14.28   4,7   23.56   9,5   0,0   0,6   0,1   9,7   15.45   ENE
17   4,9  11,6   14.52  -0,2   08.31  13,4   0,0   0,2   0,0   3,2   22.48    NE
18   6,4  10,3   14.50   1,9   08.10  11,9   0,0   1,0   0,1   9,7   06.04     E
19   9,4  11,6   14.16   7,8   23.59   8,9   0,0   1,2   0,0  11,3   23.56    SW
20   5,7   7,8   00.00   2,1   23.55  12,6   0,0   0,2   0,2  11,3   00.02     E
21   3,7   7,1   15.58   0,9   06.54  14,6   0,0   0,2   0,0  11,3   21.07   WNW
22   8,2  11,3   14.10   5,0   00.00  10,1   0,0   0,4   0,2  11,3   08.32     E
23   7,6  10,6   15.05   5,4   07.45  10,7   0,0   0,2   0,1  11,3   18.39   WSW
24   8,8  11,9   16.03   7,1   23.57   9,5   0,0   0,2   0,3  11,3   13.42   ENE
25   8,7  12,1   15.03   5,1   23.56   9,6   0,0   0,2   0,1   6,4   12.29     N
26   5,5   9,1   15.05   2,0   23.58  12,8   0,0   0,4   0,0   1,6   00.35   ---
27   3,4   8,2   15.03   0,0   08.01  14,9   0,0   0,2   0,0   3,2   11.07   ---
28   3,1   5,2   14.17   1,4   01.37  15,2   0,0   0,4   0,0   4,8   11.50    NE
29   5,7  10,9   15.18   1,6   00.00  12,6   0,0   0,0   0,7  16,1   16.19   WNW
30   5,7  10,5   15.18   2,0   08.31  12,6   0,0   0,0   2,5  22,5   15.26    NE
31   3,7   8,0   14.43  -1,2   08.03  14,6   0,0   0,0   0,3  12,9   11.47   ENE
----------------------------------------------------------------------------------
     6,6  14,8     1    -1,7    11   362,7   0,0   5,8   0,4  25,7    11     ENE

Max >=  27,0:  0
Max <=   0,0:  0
Min <=   0,0:  4
Min <= -18,0:  0
Max Rain: 1,2 on day 19
Days of Rain: 15 (>= 0,2 mm)  0 (>= 2,0 mm)  0 (>= 20,0 mm)
Heat Base: 18,3  Cool Base: 18,3  Method: Integration