NOAA-Style Climate Reports

Select a Year or Month report
2018: Gen Feb Mar Apr Mag Giu Lug Ago Set Ott Nov Dic
2017: Gen Feb Mar Apr Mag Giu Lug Ago Set Ott Nov Dic
2016: Gen Feb Mar Apr Mag Giu Lug Ago Set Ott Nov Dic
2015: Gen Feb Mar Apr Mag Giu Lug Ago Set Ott Nov Dic
2014: Gen Feb Mar Apr Mag Giu Lug Ago Set Ott Nov Dic

Report for 2015 Novembre
                   Monthly Climatological Summary for nov 2015

Name: SienaMETEO   City: San Rocco a Pilli - Sovicille (SI)   State: Italia
Elevation: 241 m  Lat: N 43° 15' 22"   Lon: E 011° 16' 53"

                  Temperature (°C), Rain (mm), Wind Speed (km/h)

                                      Heat  Cool        Avg
    Mean                              Deg   Deg         Wind                 Dom
Day Temp  High   Time   Low    Time   Days  Days  Rain  Speed High   Time    Dir
----------------------------------------------------------------------------------
 1  11,6  16,3   13.16   7,1   03.53   6,7   0,0   0,0   4,7  40,2   11.33    NE
 2  11,1  17,3   15.02   5,7   07.19   7,2   0,0   0,0   0,7  19,3   11.09   ENE
 3  11,4  18,3   15.36   4,9   07.18   6,9   0,0   0,0   0,2  11,3   12.27   ENE
 4  14,8  19,6   14.37  11,4   03.31   3,6   0,1   0,0   0,3  14,5   11.51   ENE
 5  14,1  18,1   14.53  11,8   23.29   4,2   0,0   0,0   0,3   9,7   12.35    NE
 6  14,5  19,2   13.15  11,3   23.53   3,8   0,0   0,0   1,8  20,9   11.03    NW
 7  12,2  18,6   15.05   9,0   02.38   6,1   0,0   0,2   0,2  14,5   18.16     N
 8  12,5  20,6   14.48   6,7   07.52   6,0   0,2   0,2   0,2   6,4   18.09     N
 9  13,3  17,9   15.26   8,7   06.11   5,0   0,0   0,0   2,6  24,1   15.05   WNW
10  14,7  18,5   13.01  11,9   21.05   3,6   0,0   0,0   1,7  17,7   14.07   NNW
11  14,0  15,9   13.24  12,5   04.59   4,3   0,0   0,0   0,4  12,9   14.06     N
12  13,0  16,9   14.21   9,2   23.09   5,3   0,0   0,0   0,2  12,9   13.44   ENE
13  11,4  14,2   15.37   8,3   04.06   6,9   0,0   0,0   0,1   8,0   20.44    SE
14  13,5  17,3   13.04   9,9   23.43   4,8   0,0   0,0   1,1  16,1   14.07    NW
15  10,2  13,1   15.47   6,9   05.57   8,1   0,0   0,2   0,1   8,0   20.48   SSW
16  12,6  16,9   13.41   9,9   00.38   5,7   0,0   0,0   1,4  17,7   15.10   NNW
17  12,6  15,1   15.15  11,2   01.28   5,7   0,0   0,0   0,9  14,5   15.32   SSE
18  12,9  17,4   12.41   8,7   23.49   5,4   0,0   0,0   0,7  12,9   01.38     E
19   9,3  12,2   16.02   5,3   05.43   9,0   0,0   0,2   0,7  17,7   15.30    SE
20  13,7  17,7   13.43  10,9   07.19   4,6   0,0   0,0   4,9  24,1   15.49     S
21  13,4  16,8   06.29   8,7   23.59   4,9   0,0   8,8  16,0  61,2   20.09    SW
22   5,5   9,9   13.18   1,9   23.58  12,8   0,0   3,4   3,8  41,8   00.44    NW
23   4,9   7,7   13.16   1,0   02.33  13,4   0,0   1,8   2,2  25,7   06.41    NE
24   5,7  10,7   14.03   1,4   23.41  12,6   0,0   0,0   1,6  22,5   11.49    NE
25   3,4   8,1   13.43  -1,2   07.35  14,9   0,0   3,0   0,0   9,7   13.15   ENE
26   5,4   8,8   12.46   1,2   08.00  12,9   0,0   0,2   4,5  45,1   22.05   NNE
27   6,7  10,1   12.31   2,2   23.38  11,6   0,0   0,0   8,3  41,8   12.35     N
28   3,4   8,2   14.43  -1,7   07.31  14,9   0,0   0,0   0,4   9,7   04.57     S
29   6,8  11,4   14.31   2,6   01.27  11,5   0,0   0,0   0,2   9,7   11.23    NE
30   8,0  12,8   14.30   3,9   07.37  10,3   0,0   0,0   0,2   9,7   00.14    SE
----------------------------------------------------------------------------------
    10,6  20,6     8    -1,7    28   232,7   0,3  18,0   2,0  61,2    21      NW

Max >=  27,0:  0
Max <=   0,0:  0
Min <=   0,0:  2
Min <= -18,0:  0
Max Rain: 8,8 on day 21
Days of Rain: 9 (>= 0,2 mm)  3 (>= 2,0 mm)  0 (>= 20,0 mm)
Heat Base: 18,3  Cool Base: 18,3  Method: Integration