NOAA-Style Climate Reports

Select a Year or Month report
2018: Gen Feb Mar Apr Mag Giu Lug Ago Set Ott Nov Dic
2017: Gen Feb Mar Apr Mag Giu Lug Ago Set Ott Nov Dic
2016: Gen Feb Mar Apr Mag Giu Lug Ago Set Ott Nov Dic
2015: Gen Feb Mar Apr Mag Giu Lug Ago Set Ott Nov Dic
2014: Gen Feb Mar Apr Mag Giu Lug Ago Set Ott Nov Dic

Report for 2015 Ottobre
                   Monthly Climatological Summary for ott 2015

Name: SienaMETEO   City: San Rocco a Pilli - Sovicille (SI)   State: Italia
Elevation: 241 m  Lat: N 43° 15' 22"   Lon: E 011° 16' 53"

                  Temperature (°C), Rain (mm), Wind Speed (km/h)

                                      Heat  Cool        Avg
    Mean                              Deg   Deg         Wind                 Dom
Day Temp  High   Time   Low    Time   Days  Days  Rain  Speed High   Time    Dir
----------------------------------------------------------------------------------
 1  13,4  14,3   12.44  11,7   07.06   4,9   0,0   7,4   4,1  37,0   11.38    NE
 2  16,9  22,4   14.14  14,3   00.00   1,9   0,5  11,4   5,4  41,8   14.40     E
 3  15,6  21,2   15.17  11,2   05.31   3,3   0,6   0,2   0,9  20,9   19.26     S
 4  17,4  22,6   16.07  13,7   03.48   1,8   0,9  10,2   7,0  51,5   16.14     S
 5  19,9  24,6   13.10  17,4   08.08   0,2   1,7   2,0   2,4  27,4   15.38   WSW
 6  19,1  24,9   16.02  15,3   05.42   0,9   1,7   0,0   2,9  35,4   17.05     S
 7  18,1  23,4   13.49  15,7   06.51   1,2   1,0   1,4   4,0  29,0   11.57     W
 8  17,5  22,8   13.41  13,2   08.34   1,9   1,2   0,0   1,1  20,9   14.18   ENE
 9  15,5  20,4   16.37   9,9   07.36   3,2   0,4   0,0   1,2  17,7   13.08    NE
10  14,5  16,6   04.41  12,7   22.31   3,8   0,0  21,6   3,3  25,7   05.24     N
11  15,2  19,4   15.54  11,7   23.57   3,3   0,1   0,0  11,1  41,8   03.18   NNW
12  14,0  18,7   13.37   9,4   07.03   4,3   0,0   0,4   0,1   8,0   12.40   ENE
13  17,0  20,9   16.23  14,6   00.50   1,6   0,3   8,8   4,9  38,6   13.36   SSE
14  15,9  17,0   00.00  15,1   07.46   2,4   0,0  10,4   1,6  30,6   11.01   SSE
15  13,1  15,8   00.00  10,3   22.01   5,2   0,0  16,2   2,8  20,9   03.01     N
16  12,3  16,8   13.40   9,1   08.22   6,0   0,0   0,6   3,2  29,0   12.41     W
17  11,7  16,3   15.24   8,0   07.57   6,6   0,0   1,0   0,1   8,0   16.14   ENE
18  11,8  16,8   13.13   5,9   07.31   6,5   0,0   0,0   0,2  11,3   12.16   ENE
19  15,0  19,1   13.05  10,9   23.49   3,4   0,0   1,0   1,0  22,5   14.02     N
20  12,0  17,2   15.09   6,8   08.15   6,3   0,0   0,0   4,0  32,2   12.09   ENE
21  10,5  16,1   13.26   6,3   06.38   7,8   0,0   0,0   5,0  41,8   13.30    NE
22  10,0  14,8   13.28   4,6   06.30   8,3   0,0   0,0   5,5  33,8   16.07     N
23  12,4  18,2   13.49   8,6   08.00   5,9   0,0   0,0   9,0  49,9   15.40   NNE
24  11,8  19,1   15.55   5,1   07.05   6,5   0,1   0,0   0,5  11,3   12.38     S
25  11,5  17,9   12.46   5,8   07.23   7,1   0,0   0,0   0,1   8,0   20.58    SW
26  11,3  17,6   14.34   6,2   07.05   7,0   0,0   0,0   0,2  11,3   14.22   NNE
27  11,8  17,4   14.29   6,2   05.10   6,5   0,0   0,0   0,0   6,4   05.31   WSW
28  15,0  16,6   16.08  13,2   00.11   3,3   0,0  22,8   1,1  27,4   23.29   ESE
29  12,6  15,7   15.12   8,5   23.57   5,7   0,0  13,6   0,9  29,0   01.16    NE
30  12,6  18,7   15.18   7,9   00.33   5,7   0,0   0,0   2,7  24,1   11.17   ENE
31  11,8  17,5   12.40   6,7   07.36   6,5   0,0   0,0   4,9  41,8   12.13    NE
----------------------------------------------------------------------------------
    14,1  24,9     6     4,6    22   139,0   8,5 129,0   2,9  51,5     4     NNE

Max >=  27,0:  0
Max <=   0,0:  0
Min <=   0,0:  0
Min <= -18,0:  0
Max Rain: 22,8 on day 28
Days of Rain: 16 (>= 0,2 mm)  10 (>= 2,0 mm)  2 (>= 20,0 mm)
Heat Base: 18,3  Cool Base: 18,3  Method: Integration