NOAA-Style Climate Reports

Select a Year or Month report
2018: Gen Feb Mar Apr Mag Giu Lug Ago Set Ott Nov Dic
2017: Gen Feb Mar Apr Mag Giu Lug Ago Set Ott Nov Dic
2016: Gen Feb Mar Apr Mag Giu Lug Ago Set Ott Nov Dic
2015: Gen Feb Mar Apr Mag Giu Lug Ago Set Ott Nov Dic
2014: Gen Feb Mar Apr Mag Giu Lug Ago Set Ott Nov Dic

Report for 2015 Settembre
                   Monthly Climatological Summary for set 2015

Name: SienaMETEO   City: San Rocco a Pilli - Sovicille (SI)   State: Italia
Elevation: 241 m  Lat: N 43° 15' 22"   Lon: E 011° 16' 53"

                  Temperature (°C), Rain (mm), Wind Speed (km/h)

                                      Heat  Cool        Avg
    Mean                              Deg   Deg         Wind                 Dom
Day Temp  High   Time   Low    Time   Days  Days  Rain  Speed High   Time    Dir
----------------------------------------------------------------------------------
 1  23,5  32,8   14.50  15,1   07.10   0,0   5,2   0,0   2,9  29,0   16.00   WSW
 2  23,0  31,0   15.20  16,4   07.00   0,0   4,7   0,0   3,2  30,6   16.00   WNW
 3  21,2  29,8   15.20  16,1   07.10   0,0   2,9   4,8   1,6  33,8   15.50   SSW
 4  21,8  27,7   14.10  17,1   05.20   0,0   3,5   0,4   1,9  22,5   13.40   WSW
 5  21,2  25,9   13.30  17,6   23.50   0,0   2,9   0,4   6,4  41,8   18.10     W
 6  19,4  26,8   15.40  11,9   07.10   0,0   1,1   0,0   2,2  20,9   00.10   SSW
 7  19,4  26,3   16.40  11,9   07.10   0,0   1,1   0,0   1,4  19,3   21.00   ENE
 8  20,0  24,6   14.30  12,5   06.50   0,0   1,7   0,0   5,1  30,6   10.40    NE
 9  17,5  24,1   15.30  10,4   07.10   0,8   0,0   0,0   6,0  38,6   11.10    NE
10  17,7  25,1   16.30  10,0   07.30   0,6   0,0   0,0   0,9  17,7   13.30   ENE
11  18,3  26,5   14.20  10,8   07.10   0,0   0,0   0,0   1,4  20,9   14.50   SSW
12  18,9  27,4   15.50  11,4   07.40   0,0   0,6   0,0   2,2  27,4   16.30   SSW
13  16,9  20,5   19.00  12,4   07.40   1,4   0,0   3,2   1,8  33,8   15.40    NE
14  22,3  25,5   17.10  17,1   02.10   0,0   4,0   6,4   9,6  54,7   05.40     S
15  21,9  27,7   15.00  17,8   06.50   0,0   3,6   0,0   3,8  43,5   15.50     S
16  23,5  28,1   15.10  18,8   00.20   0,0   5,2   0,8   7,4  48,3   13.20     S
17  24,9  32,2   14.20  19,6   07.20   0,0   6,6   0,0   8,0  59,5   14.30     S
18  22,6  27,6   15.30  18,1   23.50   0,0   4,3   0,0   4,9  32,2   16.30   NNW
19  19,1  25,1   14.00  13,3   07.20   0,0   0,8   0,0   1,9  24,1   16.20    NW
20  18,2  25,2   14.50  12,1   07.20   0,1   0,0   0,0   3,7  46,7   17.00   NNW
21  18,7  25,2   17.30  11,8   07.10   0,0   0,4   0,0   3,2  32,2   16.20   NNW
22  17,7  24,8   14.10  11,2   07.00   0,6   0,0   0,0   1,9  27,4   16.10     W
23  15,9  21,1   11.30  11,9   23.50   2,4   0,0   0,2   2,1  38,6   11.50    SW
24  14,7  19,7   14.47  11,0   05.43   3,7   0,1   0,0   9,3  41,8   15.29   NNW
25  17,6  21,9   12.53  14,2   06.48   1,6   0,8   0,0   5,2  35,4   14.43   NNE
26  16,5  22,6   14.06  10,6   07.26   2,9   1,1   0,0   4,5  35,4   14.22    NE
27  16,9  22,1   15.15  12,3   04.00   2,3   0,9   0,0   5,8  33,8   13.20    NE
28  15,6  19,0   13.52  11,2   03.03   2,8   0,1   0,0   8,5  40,2   15.03    NE
29  15,8  19,4   13.58  11,0   23.40   2,6   0,1   0,0   7,9  37,0   10.03    NE
30  13,4  19,0   13.08   6,9   06.51   4,9   0,0   0,0   5,6  38,6   17.13    NE
----------------------------------------------------------------------------------
    19,1  32,8     1     6,9    30    26,7  51,7  16,2   4,4  59,5    17     NNE

Max >=  27,0:  9
Max <=   0,0:  0
Min <=   0,0:  0
Min <= -18,0:  0
Max Rain: 6,4 on day 14
Days of Rain: 7 (>= 0,2 mm)  3 (>= 2,0 mm)  0 (>= 20,0 mm)
Heat Base: 18,3  Cool Base: 18,3  Method: Integration