NOAA-Style Climate Reports

Select a Year or Month report
2018: Gen Feb Mar Apr Mag Giu Lug Ago Set Ott Nov Dic
2017: Gen Feb Mar Apr Mag Giu Lug Ago Set Ott Nov Dic
2016: Gen Feb Mar Apr Mag Giu Lug Ago Set Ott Nov Dic
2015: Gen Feb Mar Apr Mag Giu Lug Ago Set Ott Nov Dic
2014: Gen Feb Mar Apr Mag Giu Lug Ago Set Ott Nov Dic

Report for 2015 Agosto
                   Monthly Climatological Summary for ago 2015

Name: Stazione Meteo San Rocco a Pilli   City: Siena   State: Italia
Elevation: 241 m  Lat: N 43° 15' 22"   Lon: E 011° 16' 53"

                  Temperature (°C), Rain (mm), Wind Speed (km/h)

                                      Heat  Cool        Avg
    Mean                              Deg   Deg         Wind                 Dom
Day Temp  High   Time   Low    Time   Days  Days  Rain  Speed High   Time    Dir
----------------------------------------------------------------------------------
 1  24,1  33,0   14.03  17,7   06.19   0,0   5,9   1,0   4,0  40,2   14.50   SSW
 2  24,7  34,6   16.01  17,7   06.31   0,1   6,4   0,0   3,5  30,6   16.31   WNW
 3  26,5  34,8   15.24  17,6   06.45   0,1   8,3   0,0   3,4  29,0   19.04    NW
 4  27,1  36,4   16.54  18,8   06.38   0,0   8,8   0,0   3,4  32,2   18.05   WNW
 5  27,8  38,3   15.55  18,3   06.14   0,0   9,5   0,0   2,6  30,6   18.25    NW
 6  28,8  37,6   17.54  19,1   06.37   0,0  10,5   0,0   2,5  29,0   18.40   NNW
 7  29,3  38,2   17.04  19,4   06.29   0,0  11,0   0,0   2,9  29,0   14.34    NE
 8  28,9  38,4   14.54  20,9   07.19   0,0  10,6   1,6   3,1  75,6   18.57     N
 9  25,2  36,6   14.33  19,3   06.32   0,0   6,9   7,2   2,5  51,5   19.26     N
10  20,4  26,4   11.44  18,2   13.24   0,0   2,1  17,2   1,7  48,3   12.08   NNE
11  23,6  32,4   16.34  17,4   06.55   0,1   5,4   5,6   2,3  35,4   02.14    NE
12  26,0  34,0   15.47  17,6   06.16   0,0   7,8   0,0   2,3  29,0   13.49   NNE
13  26,9  37,1   17.41  17,2   06.54   0,1   8,6   0,0   1,1  25,7   18.41    NW
14  25,7  34,0   14.22  17,4   06.39   0,0   7,5   0,0   2,4  30,6   15.19    SW
15  21,8  30,9   14.47  17,9   06.33   0,0   3,5  15,4   1,7  32,2   15.25   NNW
16  20,1  26,2   18.12  17,8   05.51   0,1   1,9   0,2   1,6  38,6   22.39     W
17  21,5  28,9   14.48  14,8   06.22   0,7   3,9   0,0   3,7  38,6   12.53   WSW
18  21,5  30,2   16.16  13,9   07.18   0,9   4,1   0,2   2,1  22,5   19.02   WNW
19  20,9  27,7   17.19  17,3   06.35   0,2   2,8  10,8   2,8  37,0   06.33     W
20  21,2  28,3   16.37  14,0   05.58   1,0   4,0   0,0   0,9  20,9   13.28   NNE
21  22,0  29,2   14.24  15,0   07.12   0,5   4,2   0,0   2,5  30,6   18.14     N
22  21,7  29,6   16.21  13,4   07.24   1,0   4,4   0,0   1,5  27,4   11.53    NE
23  22,2  29,3   14.54  15,3   06.13   0,6   4,5   0,0   3,7  32,2   15.51   SSW
24  20,4  25,7   16.39  18,1   07.07   0,0   2,1 126,4   4,1  40,2   20.11   ENE
25  21,9  28,2   14.51  17,5   05.36   0,1   3,8   0,0   4,6  35,4   15.29   WNW
----------------------------------------------------------------------------------
    24,0  38,4     8    13,4    22     5,5 148,5 185,6   2,7  75,6     8      NW

Max >=  27,0: 22
Max <=   0,0:  0
Min <=   0,0:  0
Min <= -18,0:  0
Max Rain: 126,4 on day 24
Days of Rain: 10 (>= 0,2 mm)  6 (>= 2,0 mm)  1 (>= 20,0 mm)
Heat Base: 18,3  Cool Base: 18,3  Method: Integration