NOAA-Style Climate Reports

Select a Year or Month report
2018: Gen Feb Mar Apr Mag Giu Lug Ago Set Ott Nov Dic
2017: Gen Feb Mar Apr Mag Giu Lug Ago Set Ott Nov Dic
2016: Gen Feb Mar Apr Mag Giu Lug Ago Set Ott Nov Dic
2015: Gen Feb Mar Apr Mag Giu Lug Ago Set Ott Nov Dic
2014: Gen Feb Mar Apr Mag Giu Lug Ago Set Ott Nov Dic

Report for 2015 Luglio
                   Monthly Climatological Summary for lug 2015

Name: Stazione Meteo San Rocco a Pilli   City: Siena   State: Italia
Elevation: 241 m  Lat: N 43° 15' 22"   Lon: E 011° 16' 53"

                  Temperature (°C), Rain (mm), Wind Speed (km/h)

                                      Heat  Cool        Avg
    Mean                              Deg   Deg         Wind                 Dom
Day Temp  High   Time   Low    Time   Days  Days  Rain  Speed High   Time    Dir
----------------------------------------------------------------------------------
 1  26,2  35,2   18.00  17,8   05.50   0,1  12,5   0,0   5,5  24,1   19.00     W
 2  26,9  35,2   14.55  18,7   05.50   0,0   8,6   0,0   7,2  29,0   17.15   WSW
 3  27,6  36,9   17.00  18,1   06.05   0,0   9,3   0,0   6,1  37,0   20.30    NW
 4  28,4  37,1   18.05  19,9   05.30   0,0  10,1   0,0   5,7  27,4   18.30   WNW
 5  28,7  36,9   16.25  20,3   06.10   0,0  10,4   0,0   7,5  29,0   16.35   WSW
 6  27,9  37,3   15.45  19,3   06.45   0,0   9,6   0,0   7,0  24,1   18.20   WNW
 7  27,8  36,9   16.10  18,4   06.15   0,0   9,5   0,0   6,8  30,6   17.35    SW
 8  27,1  34,8   14.45  19,7   06.25   0,0   8,8   0,0  10,0  33,8   17.00   SSW
 9  27,0  34,0   14.30  19,4   06.50   0,0   8,7   0,0  10,1  30,6   16.05     N
10  26,0  31,7   16.29  19,1   05.30   0,0   7,5   0,0   6,2  35,4   11.28    NE
11  25,8  35,2   15.56  16,1   06.24   0,3   7,8   0,0   3,5  30,6   15.10   WSW
12  26,2  35,4   16.39  17,2   06.15   0,1   8,0   0,0   2,7  25,7   17.51    SW
13  26,2  34,3   17.44  17,7   06.26   0,0   7,9   0,0   2,6  24,1   14.48    SW
14  27,5  37,2   17.35  18,4   05.58   0,0   9,2   0,0   2,3  27,4   18.28     W
15  28,6  37,9   15.47  19,3   06.32   0,0  10,3   0,0   2,8  38,6   17.26   SSW
16  28,5  37,6   16.39  19,4   05.45   0,0  10,2   0,0   4,0  30,6   14.22   SSW
17  28,0  37,1   14.59  18,7   05.55   0,0   9,7   0,0   3,7  29,0   16.20   SSW
18  28,5  38,2   16.09  19,8   04.56   0,0  10,2   0,0   2,9  25,7   14.06     W
19  28,5  37,8   14.15  18,7   06.04   0,0  10,2   0,0   3,8  43,5   15.31     W
20  28,5  37,6   15.22  19,4   07.02   0,0  10,2   0,0   3,1  30,6   13.53   WSW
21  29,2  39,3   16.10  19,5   07.12   0,0  10,9   0,0   3,4  25,7   18.25     W
22  27,9  39,0   16.02  19,8   06.55   0,0   9,6   0,0   3,8  62,8   17.39     S
23  27,0  37,0   15.45  18,6   05.59   0,0   8,7   0,0   2,7  38,6   16.00   WNW
24  26,0  36,8   14.43  19,3   06.24   0,0   7,7   0,0   2,7  56,3   15.32   NNW
25  22,9  30,3   12.23  17,9   06.09   0,0   4,6  26,2   1,6  62,8   13.30   NNW
26  25,4  34,8   16.50  17,8   06.35   0,0   7,1   0,0   3,4  30,6   17.38   WNW
27  25,1  31,1   13.59  18,8   06.16   0,0   6,8   0,0   6,6  48,3   15.44   WSW
28  24,3  31,9   14.26  17,2   06.32   0,1   6,1   0,0   4,0  35,4   17.42   WNW
29  24,8  32,8   14.39  15,7   06.21   0,3   6,8   0,0   4,9  41,8   15.44   WSW
30  26,1  34,7   15.29  18,1   06.20   0,0   7,8   0,0   3,4  38,6   16.35     W
31  25,8  32,2   15.28  21,3   07.30   0,0   7,5   1,4   3,0  30,6   17.04    NE
----------------------------------------------------------------------------------
    26,9  39,3    21    15,7    29     0,9 272,3  27,6   4,6  62,8    22       W

Max >=  27,0: 31
Max <=   0,0:  0
Min <=   0,0:  0
Min <= -18,0:  0
Max Rain: 26,2 on day 25
Days of Rain: 2 (>= 0,2 mm)  1 (>= 2,0 mm)  1 (>= 20,0 mm)
Heat Base: 18,3  Cool Base: 18,3  Method: Integration