NOAA-Style Climate Reports

Select a Year or Month report
2018: Gen Feb Mar Apr Mag Giu Lug Ago Set Ott Nov Dic
2017: Gen Feb Mar Apr Mag Giu Lug Ago Set Ott Nov Dic
2016: Gen Feb Mar Apr Mag Giu Lug Ago Set Ott Nov Dic
2015: Gen Feb Mar Apr Mag Giu Lug Ago Set Ott Nov Dic
2014: Gen Feb Mar Apr Mag Giu Lug Ago Set Ott Nov Dic

Report for 2015 Giugnio
                   Monthly Climatological Summary for giu 2015

Name: Stazione Meteo San Rocco a Pilli   City: Siena   State: Italia
Elevation: 241 m  Lat: N 43° 15' 22"   Lon: E 011° 16' 53"

                  Temperature (°C), Rain (mm), Wind Speed (km/h)

                                      Heat  Cool        Avg
    Mean                              Deg   Deg         Wind                 Dom
Day Temp  High   Time   Low    Time   Days  Days  Rain  Speed High   Time    Dir
----------------------------------------------------------------------------------
 1  19,8  28,3   14.23  11,7   06.03   1,7   3,2   0,6   1,8  27,4   17.54   NNW
 2  20,5  30,0   16.25  12,2   05.19   1,6   3,9   0,0   3,3  29,0   18.26    NW
 3  21,6  31,8   17.18  12,6   06.04   1,5   4,8   0,0   2,2  22,5   19.09    NW
 4  24,2  32,1   15.24  14,9   06.00   0,6   6,5   0,0   2,6  29,0   14.13   ENE
 5  25,4  33,3   15.32  15,6   06.05   0,4   7,4   0,0   3,6  29,0   13.37     E
 6  25,6  34,8   16.12  16,4   05.46   0,2   7,5   0,0   3,8  32,2   16.50   SSW
 7  25,7  34,2   16.55  17,4   05.45   0,1   7,5   0,0   3,2  40,2   20.36   SSE
 8  23,3  32,2   14.48  16,3   06.00   0,4   5,5  19,6   3,9  56,3   20.07    NW
 9  20,3  28,9   14.14  14,9   05.02   0,9   2,9   0,0   2,1  33,8   15.12   WNW
10  21,3  31,6   15.50  15,3   06.38   0,6   3,6   5,6   3,2  64,4   17.26   WNW
11  22,4  31,9   15.10  15,1   06.25   0,7   4,7   0,0   2,1  51,5   16.57     S
12  21,5  29,7   13.25  15,2   06.47   0,5   3,7   0,0   2,6  38,6   13.24     S
13  22,5  30,9   14.30  15,2   05.54   0,6   4,8   0,0   3,5  43,5   12.56   SSE
14  19,0  24,3   15.06  15,2   05.56   0,6   1,2  43,4   1,2  33,8   15.53    SW
15  19,3  24,7   13.13  16,3   04.46   0,5   1,5  14,8   3,0  40,2   12.45     S
16  19,8  26,7   16.10  15,4   04.23   0,9   2,4  18,0   2,5  33,8   18.53   WSW
17  18,7  22,8   16.07  15,5   23.58   0,7   1,1   9,8   2,6  37,0   16.21   NNE
18  19,7  26,8   17.52  12,8   06.41   1,5   2,9   0,0   3,0  25,7   17.12   NNW
19  21,2  29,3   16.23  13,5   06.20   1,1   4,0   0,0   2,4  20,9   16.53    SW
20  20,5  27,3   17.59  15,3   23.50   0,6   2,8   2,0   3,6  33,8   19.27   WSW
21  20,1  28,2   17.19  12,3   05.45   1,6   3,4   0,2   1,9  20,9   11.07   NNE
22  21,0  28,8   15.21  12,8   06.05   1,1   3,9   0,0   6,7  40,2   17.27   SSW
23  22,8  29,1   16.16  16,8   06.44   0,1   4,6   0,0  10,5  45,1   15.19   SSW
24  21,6  25,6   16.06  16,8   23.59   0,1   3,3   0,0   7,1  32,2   13.15    NE
25  20,8  29,0   17.47  10,9   05.18   1,8   4,3   0,0   3,5  30,6   11.28    NE
26  22,3  31,4   17.01  13,6   05.58   1,0   5,0   0,0   2,4  24,1   18.40   NNW
27  23,1  31,2   16.26  14,3   06.13   0,7   5,4   0,0   2,5  30,6   17.15     W
28  23,9  32,4   17.31  13,8   06.16   0,8   6,4   0,0   2,2  22,5   13.00   NNE
29  24,9  32,2   16.11  16,4   06.09   0,2   6,8   0,0   1,4  17,7   19.05     W
----------------------------------------------------------------------------------
    21,8  34,8     6    10,9    25    23,1 125,0 114,0   3,3  64,4    10     WSW

Max >=  27,0: 23
Max <=   0,0:  0
Min <=   0,0:  0
Min <= -18,0:  0
Max Rain: 43,4 on day 14
Days of Rain: 9 (>= 0,2 mm)  7 (>= 2,0 mm)  1 (>= 20,0 mm)
Heat Base: 18,3  Cool Base: 18,3  Method: Integration