NOAA-Style Climate Reports

Select a Year or Month report
2018: Gen Feb Mar Apr Mag Giu Lug Ago Set Ott Nov Dic
2017: Gen Feb Mar Apr Mag Giu Lug Ago Set Ott Nov Dic
2016: Gen Feb Mar Apr Mag Giu Lug Ago Set Ott Nov Dic
2015: Gen Feb Mar Apr Mag Giu Lug Ago Set Ott Nov Dic
2014: Gen Feb Mar Apr Mag Giu Lug Ago Set Ott Nov Dic

Report for 2015 Maggio
                   Monthly Climatological Summary for mag 2015

Name: Stazione Meteo San Rocco a Pilli   City: Siena   State: Italia
Elevation: 241 m  Lat: N 43° 15' 22"   Lon: E 011° 16' 53"

                  Temperature (°C), Rain (mm), Wind Speed (km/h)

                                      Heat  Cool        Avg
    Mean                              Deg   Deg         Wind                 Dom
Day Temp  High   Time   Low    Time   Days  Days  Rain  Speed High   Time    Dir
----------------------------------------------------------------------------------
 1  13,8  21,6   15.54   6,4   05.46   4,9   0,4   0,0   9,4  43,5   13.12   SSW
 2  17,6  23,6   17.02  13,7   06.15   1,9   1,2   0,6   5,4  37,0   18.05    SW
 3  17,7  24,2   14.53  12,4   06.16   2,1   1,4   0,0   4,1  29,0   17.23     S
 4  19,4  27,2   16.59  12,0   06.59   1,6   2,7   0,0   3,8  25,7   17.05     S
 5  20,1  29,2   16.23  12,2   05.45   1,6   3,4   0,0   5,7  38,6   14.42     S
 6  20,3  30,3   14.45  13,1   06.05   1,2   3,1   0,0   2,9  43,5   14.55   NNW
 7  18,7  26,8   14.31  10,6   06.45   2,0   2,5   0,0   3,7  30,6   16.40    NW
 8  16,0  25,4   14.30   6,2   06.06   3,9   1,7   0,0   2,6  30,6   16.01    NW
 9  18,2  27,8   16.40   9,3   06.12   2,6   2,5   0,0   3,4  29,0   18.09   NNW
10  20,4  26,8   15.10  12,6   06.27   1,4   3,4   0,0   3,1  27,4   13.49     E
11  20,0  29,1   15.45  10,6   06.11   2,1   3,8   0,0   3,4  29,0   18.59   NNW
12  20,8  29,8   17.13  11,1   06.28   1,6   4,1   0,0   1,7  22,5   18.24   NNW
13  18,7  26,2   16.19  10,8   06.26   2,1   2,4   0,0   5,6  35,4   11.30    NW
14  18,4  27,4   15.38   9,6   06.15   2,5   2,6   0,0   4,8  33,8   19.06   SSW
15  16,5  21,8   15.40  13,9   21.26   2,0   0,3   1,2   6,3  51,5   13.04     N
16  15,5  20,4   12.00   8,8   07.01   3,1   0,3   0,0   2,3  22,5   12.01     E
17  20,4  28,5   16.07  12,6   05.49   1,7   3,9   0,0   5,9  32,2   12.13   ENE
18  21,4  31,4   16.16  11,7   07.05   1,5   4,6   0,0   2,3  22,5   17.06    NW
19  20,4  28,0   15.05  12,7   06.50   1,1   3,3   0,0   2,8  24,1   16.43    NW
20  17,5  23,3   15.06  14,1   06.26   1,8   1,0   0,0   7,5  40,2   15.43     S
21  16,0  22,0   14.26  11,8   06.14   2,8   0,5   0,0   5,3  46,7   14.06   SSW
22  10,8  13,3   18.11   7,6   06.17   7,5   0,0   9,2   6,9  37,0   10.34   NNW
23  12,8  15,8   11.05  10,7   01.33   5,5   0,0  13,6   1,9  22,5   00.00   WNW
24  14,8  19,0   16.46  11,8   00.44   3,5   0,0   2,6   1,9  19,3   17.14    NE
25  16,2  24,3   14.35   8,3   06.24   3,5   1,4   0,0   3,7  30,6   15.56   WSW
26  15,1  21,4   11.49  10,6   05.56   3,4   0,2   3,2   2,2  19,3   13.48   SSW
27  15,9  20,3   14.00  12,0   05.25   2,7   0,3   0,0   5,4  37,0   15.20   ENE
28  16,5  24,7   16.51   8,1   05.54   3,5   1,7   0,0   3,9  27,4   18.03    NW
29  17,9  27,1   16.23   8,8   05.15   2,9   2,5   0,0   2,8  22,5   18.04    NW
30  18,3  26,6   15.03   9,8   06.00   2,5   2,5   0,0   3,3  25,7   17.02   WNW
31  19,4  27,7   15.05  10,8   06.38   2,0   3,1   0,0   3,3  35,4   17.12   WNW
----------------------------------------------------------------------------------
    17,6  31,4    18     6,2     8    82,5  60,8  30,4   4,1  51,5    15       W

Max >=  27,0: 12
Max <=   0,0:  0
Min <=   0,0:  0
Min <= -18,0:  0
Max Rain: 13,6 on day 23
Days of Rain: 6 (>= 0,2 mm)  4 (>= 2,0 mm)  0 (>= 20,0 mm)
Heat Base: 18,3  Cool Base: 18,3  Method: Integration