NOAA-Style Climate Reports

Select a Year or Month report
2018: Gen Feb Mar Apr Mag Giu Lug Ago Set Ott Nov Dic
2017: Gen Feb Mar Apr Mag Giu Lug Ago Set Ott Nov Dic
2016: Gen Feb Mar Apr Mag Giu Lug Ago Set Ott Nov Dic
2015: Gen Feb Mar Apr Mag Giu Lug Ago Set Ott Nov Dic
2014: Gen Feb Mar Apr Mag Giu Lug Ago Set Ott Nov Dic

Report for 2015 Aprile
                   Monthly Climatological Summary for apr 2015

Name: Stazione Meteo San Rocco a Pilli   City: Siena   State: Italia
Elevation: 241 m  Lat: N 43° 15' 22"   Lon: E 011° 16' 53"

                  Temperature (°C), Rain (mm), Wind Speed (km/h)

                                      Heat  Cool        Avg
    Mean                              Deg   Deg         Wind                 Dom
Day Temp  High   Time   Low    Time   Days  Days  Rain  Speed High   Time    Dir
----------------------------------------------------------------------------------
 1  13,8  20,3   15.54   7,0   07.36   4,9   0,4   0,0   6,2  37,0   13.58    NW
 2  11,7  21,3   14.52   3,5   07.42   6,9   0,3   0,0   5,2  45,1   17.28    SW
 3  10,9  17,2   17.37   4,1   06.55   7,4   0,0   0,0   4,2  32,2   11.38   ESE
 4   9,4  13,4   11.49   7,2   23.54   8,9   0,0  34,0   4,4  37,0   11.57   SSE
 5   7,8  10,7   14.37   5,4   23.33  10,5   0,0   1,4  13,3  56,3   15.05   ENE
 6   7,2  11,8   15.43   2,1   06.26  11,1   0,0   0,0   7,6  37,0   15.17    NE
 7   5,8  11,9   17.03  -0,7   06.11  12,5   0,0   0,0   7,2  49,9   15.34   ENE
 8   8,3  17,6   15.57  -1,2   07.16  10,0   0,0   0,0   4,7  30,6   15.03     N
 9  12,0  21,5   16.49   2,7   05.48   6,8   0,5   0,0   1,2  16,1   14.54   ESE
10  12,7  22,3   14.46   4,7   06.53   6,1   0,5   0,0   3,0  25,7   17.58   SSW
11  10,6  16,4   16.34   4,8   07.25   7,7   0,0   0,0   3,6  22,5   15.45   SSW
12  13,4  23,0   16.34   4,7   07.13   5,8   0,9   0,0   1,3  17,7   13.43   SSE
13  15,0  24,7   15.36   5,6   07.20   4,7   1,4   0,0   2,6  29,0   17.52   NNW
14  14,8  23,6   15.54   6,7   06.59   4,6   1,1   0,0   2,9  25,7   15.09   NNW
15  16,1  26,0   14.42   7,0   07.07   4,1   1,9   0,0   1,7  25,7   17.17   NNW
16  14,0  23,8   13.48   6,7   06.40   5,2   0,9   0,0   4,7  35,4   15.48   SSW
17  12,6  16,9   11.37   9,9   06.30   5,7   0,0   6,2   1,9  37,0   12.30   SSW
18  15,1  20,2   17.02  11,6   05.08   3,3   0,1   0,0   2,7  33,8   23.59   NNE
19  12,1  16,0   14.37   9,3   06.00   6,2   0,0   0,0   7,8  33,8   00.05     E
20  12,7  21,3   16.27   3,3   06.48   6,1   0,5   0,0   1,5  19,3   14.16   ESE
21  14,8  24,6   16.40   4,7   06.33   4,9   1,4   0,0   3,2  29,0   18.03   NNW
22  15,5  25,2   16.12   6,1   06.02   4,5   1,7   0,0   3,4  33,8   17.56   NNW
23  13,8  21,6   13.33   7,2   05.32   4,9   0,3   0,0   5,0  43,5   14.12    SW
24  15,4  21,8   18.29  10,3   05.50   3,5   0,6   0,0   1,7  19,3   17.32     N
25  15,3  22,7   17.03   8,1   05.51   3,9   0,9   0,0   2,8  24,1   13.02   SSW
26  14,8  20,4   14.45  10,5   05.10   3,7   0,2   0,8   2,9  29,0   15.37   SSW
27  14,0  17,3   14.15  10,6   23.55   4,3   0,0  22,2  10,9  57,9   11.43     S
28  13,2  16,8   17.29  10,3   05.27   5,1   0,0   1,8   3,2  25,7   19.10   NNW
29  15,5  20,6   15.42  10,9   07.02   3,2   0,4   1,2   3,8  30,6   17.41   ENE
30  13,9  20,8   16.52   9,7   23.53   4,5   0,1   0,0   3,2  32,2   00.52    NW
----------------------------------------------------------------------------------
    12,7  26,0    15    -1,2     8   181,0  14,1  67,6   4,3  57,9    27     ENE

Max >=  27,0:  0
Max <=   0,0:  0
Min <=   0,0:  2
Min <= -18,0:  0
Max Rain: 34,0 on day 4
Days of Rain: 7 (>= 0,2 mm)  3 (>= 2,0 mm)  2 (>= 20,0 mm)
Heat Base: 18,3  Cool Base: 18,3  Method: Integration