NOAA-Style Climate Reports

Select a Year or Month report
2018: Gen Feb Mar Apr Mag Giu Lug Ago Set Ott Nov Dic
2017: Gen Feb Mar Apr Mag Giu Lug Ago Set Ott Nov Dic
2016: Gen Feb Mar Apr Mag Giu Lug Ago Set Ott Nov Dic
2015: Gen Feb Mar Apr Mag Giu Lug Ago Set Ott Nov Dic
2014: Gen Feb Mar Apr Mag Giu Lug Ago Set Ott Nov Dic

Report for 2015 Marzo
                   Monthly Climatological Summary for mar 2015

Name: Stazione Meteo San Rocco a Pilli   City: Siena   State: Italia
Elevation: 241 m  Lat: N 43° 15' 22"   Lon: E 011° 16' 53"

                  Temperature (°C), Rain (mm), Wind Speed (km/h)

                                      Heat  Cool        Avg
    Mean                              Deg   Deg         Wind                 Dom
Day Temp  High   Time   Low    Time   Days  Days  Rain  Speed High   Time    Dir
----------------------------------------------------------------------------------
 1   7,0  12,5   13.33   0,5   05.55  11,3   0,0   0,0   2,5  25,7   14.59   WSW
 2  12,4  16,2   15.48   9,6   03.54   5,9   0,0   3,0  11,4  49,9   17.11   SSW
 3  12,4  17,8   14.06   6,9   23.43   5,9   0,0   0,0   2,6  30,6   14.48     W
 4   8,2  13,1   14.48   3,1   06.20  10,1   0,0  24,0   1,6  20,9   20.33   NNW
 5   7,1   8,3   12.36   5,1   04.50  11,2   0,0   5,8  21,1  82,1   08.32   ENE
 6   7,1   9,8   12.53   3,4   22.14  11,2   0,0   0,0  22,4  72,4   13.03     E
 7   7,3  11,4   13.15   1,4   04.50  11,0   0,0   0,0  16,4  57,9   20.24   ESE
 8   7,1  10,9   15.07   2,8   23.56  11,2   0,0   0,0  11,0  46,7   11.30   ESE
 9   6,4  12,2   16.30   0,1   05.15  11,9   0,0   0,0   3,9  32,2   12.17   ESE
10   7,4  15,4   16.32  -0,5   05.21  10,9   0,0   0,0   2,8  32,2   16.20    NE
11   8,3  15,3   13.48   1,8   06.45  10,0   0,0   0,0   2,3  29,0   15.58   NNE
12   8,3  12,3   15.02   3,4   22.59  10,0   0,0   0,0   7,6  45,1   10.10   ESE
13   7,1  14,7   14.42  -0,8   05.55  11,2   0,0   0,0   2,0  25,7   15.10   NNE
14   7,7  15,3   15.04   0,6   06.17  10,6   0,0   0,0   0,8  19,3   16.31   SSE
15   7,3  11,3   13.08   3,8   07.24  11,0   0,0   6,6   3,9  45,1   13.24    SE
16   8,4  10,2   15.07   7,2   06.36   9,9   0,0  24,4   4,1  30,6   12.50    SE
17  10,7  13,5   15.04   8,4   23.58   7,6   0,0  13,6   2,7  27,4   16.54   ESE
18  10,3  16,7   16.35   3,8   06.56   8,0   0,0   0,0   0,9  20,9   11.58    SE
19  10,1  17,4   17.01   3,0   07.06   8,2   0,0   0,0   0,7  16,1   13.46    SE
20  10,1  17,9   15.50   2,7   07.01   8,2   0,0   0,0   1,5  24,1   16.09   WSW
21   9,3  13,8   14.25   6,1   04.34   9,0   0,0   0,0   1,0  17,7   16.16   WSW
22   9,9  14,6   15.42   6,9   06.02   8,4   0,0   0,0   4,7  38,6   17.42   ESE
23  13,2  17,3   14.02  10,2   23.14   5,1   0,0   0,0   6,6  38,6   00.19   ESE
24  12,3  17,1   15.05   8,2   05.35   6,0   0,0   0,4   0,4  20,9   11.00    SE
25  11,6  12,7   15.15   9,9   02.30   6,7   0,0  23,2   7,2  54,7   23.08    SE
26  13,3  17,0   14.43  10,2   23.57   5,0   0,0   0,4   7,9  45,1   00.52   SSW
27  10,6  13,6   16.15   8,6   23.52   7,7   0,0   1,8   8,3  74,0   16.02   NNE
28  12,2  17,8   14.05   5,8   23.55   6,1   0,0   0,0   8,0  40,2   15.24    NE
29  11,2  21,7   15.34   2,1   07.35   7,0   0,3   0,0   3,2  30,6   16.25   WSW
30  12,6  18,6   13.25   7,1   06.42   5,7   0,0   0,0   5,4  51,5   19.02   NNW
31  13,9  22,9   15.03   6,5   06.07   5,2   0,8   0,0   5,0  35,4   15.23   WSW
----------------------------------------------------------------------------------
     9,7  22,9    31    -0,8    13   267,2   1,1 103,2   5,8  82,1     5     ESE

Max >=  27,0:  0
Max <=   0,0:  0
Min <=   0,0:  2
Min <= -18,0:  0
Max Rain: 24,4 on day 16
Days of Rain: 10 (>= 0,2 mm)  7 (>= 2,0 mm)  3 (>= 20,0 mm)
Heat Base: 18,3  Cool Base: 18,3  Method: Integration