NOAA-Style Climate Reports

Select a Year or Month report
2018: Gen Feb Mar Apr Mag Giu Lug Ago Set Ott Nov Dic
2017: Gen Feb Mar Apr Mag Giu Lug Ago Set Ott Nov Dic
2016: Gen Feb Mar Apr Mag Giu Lug Ago Set Ott Nov Dic
2015: Gen Feb Mar Apr Mag Giu Lug Ago Set Ott Nov Dic
2014: Gen Feb Mar Apr Mag Giu Lug Ago Set Ott Nov Dic

Report for 2015 Febbraio
                   Monthly Climatological Summary for feb 2015

Name: Stazione Meteo San Rocco a Pilli   City: Siena   State: Italia
Elevation: 241 m  Lat: N 43° 15' 22"   Lon: E 011° 16' 53"

                  Temperature (°C), Rain (mm), Wind Speed (km/h)

                                      Heat  Cool        Avg
    Mean                              Deg   Deg         Wind                 Dom
Day Temp  High   Time   Low    Time   Days  Days  Rain  Speed High   Time    Dir
----------------------------------------------------------------------------------
 1   3,2   6,4   15.07   0,9   22.45  15,1   0,0   1,2   0,7  11,3   06.04     E
 2   1,0   3,1   21.13  -1,2   07.49  17,3   0,0   2,2   1,3  22,5   15.27    SE
 3   3,2   5,8   13.25  -0,6   07.52  15,1   0,0   5,2   3,4  24,1   19.54    NE
 4   5,6   7,7   15.35   4,2   02.04  12,7   0,0  16,0   4,3  32,2   00.25    NE
 5   5,6   7,0   12.26   3,7   23.43  12,7   0,0  27,4   6,7  37,0   01.33    NE
 6   2,8   5,4   22.51   0,2   08.02  15,5   0,0  14,6   3,4  35,4   04.38    NW
 7   4,5   7,2   13.17   0,1   23.55  13,8   0,0   0,0   4,4  33,8   13.22   NNE
 8   2,5   8,3   15.25  -2,7   07.23  15,8   0,0   0,0   4,8  46,7   21.40     N
 9   2,7   7,7   15.20  -1,0   07.55  15,6   0,0   0,0   5,5  46,7   00.07   NNW
10   5,0  13,2   15.47  -1,3   06.48  13,3   0,0   0,0   0,8  17,7   18.16    NW
11   6,7  14,9   15.48   0,2   05.53  11,6   0,0   0,0   1,0  25,7   15.37    NE
12   6,7  14,2   15.43  -0,1   06.40  11,6   0,0   0,0   0,6  12,9   21.43    SE
13   6,9  11,3   15.29   3,7   03.00  11,4   0,0   0,0   0,7  17,7   17.33   ENE
14   7,2  12,1   12.56   2,8   08.20  11,1   0,0   0,2   3,4  30,6   15.21   SSE
15   7,5  10,3   13.59   5,8   05.34  10,8   0,0   2,6   1,3  16,1   14.31    NE
16   8,7  12,8   14.44   4,3   04.18   9,6   0,0   0,8   3,7  32,2   13.57   NNE
17   9,7  14,3   12.43   5,8   06.43   8,6   0,0   0,0   7,1  37,0   13.07    NE
18   6,3  10,7   13.19   2,0   05.55  12,0   0,0   0,0   8,7  40,2   10.10   NNE
19   4,4  11,2   15.46  -2,2   06.29  13,9   0,0   0,0   0,4  11,3   16.11   ESE
20   4,8  12,0   14.42  -2,5   07.57  13,5   0,0   0,0   0,9  14,5   16.32   SSE
21   6,6   9,7   13.50   5,1   06.46  11,7   0,0   9,2   6,4  30,6   15.01     E
22   8,0  12,0   13.20   5,7   00.00  10,3   0,0   5,6   5,8  35,4   15.18    NW
23   9,2  14,1   13.18   4,5   07.57   9,1   0,0   0,0   1,4  25,7   09.22   WNW
24   8,4  12,7   14.13   6,2   06.57   9,9   0,0   1,6   3,0  30,6   16.22    NW
25   7,7  10,4   14.52   4,6   23.14  10,6   0,0   0,2   8,9  40,2   04.51   NNW
26   7,3  11,6   12.56   2,9   04.19  11,0   0,0   0,0   4,5  37,0   11.54   NNE
27   7,9  13,4   14.34   1,8   07.05  10,4   0,0   0,0   1,2  19,3   12.29   NNE
28   7,0  13,6   16.25   0,5   06.14  11,3   0,0   0,0   0,8  14,5   17.55   WNW
----------------------------------------------------------------------------------
     6,0  14,9    11    -2,7     8   345,3   0,0  86,8   3,4  46,7     8     NNE

Max >=  27,0:  0
Max <=   0,0:  0
Min <=   0,0:  8
Min <= -18,0:  0
Max Rain: 27,4 on day 5
Days of Rain: 13 (>= 0,2 mm)  8 (>= 2,0 mm)  1 (>= 20,0 mm)
Heat Base: 18,3  Cool Base: 18,3  Method: Integration