NOAA-Style Climate Reports

Select a Year or Month report
2018: Gen Feb Mar Apr Mag Giu Lug Ago Set Ott Nov Dic
2017: Gen Feb Mar Apr Mag Giu Lug Ago Set Ott Nov Dic
2016: Gen Feb Mar Apr Mag Giu Lug Ago Set Ott Nov Dic
2015: Gen Feb Mar Apr Mag Giu Lug Ago Set Ott Nov Dic
2014: Gen Feb Mar Apr Mag Giu Lug Ago Set Ott Nov Dic

Report for 2015 Gennaio
                   Monthly Climatological Summary for gen 2015

Name: Stazione Meteo San Rocco a Pilli   City: Siena   State: Italia
Elevation: 241 m  Lat: N 43° 15' 22"   Lon: E 011° 16' 53"

                  Temperature (°C), Rain (mm), Wind Speed (km/h)

                                      Heat  Cool        Avg
    Mean                              Deg   Deg         Wind                 Dom
Day Temp  High   Time   Low    Time   Days  Days  Rain  Speed High   Time    Dir
----------------------------------------------------------------------------------
 1   0,1   6,6   14.05  -5,8   08.26  18,2   0,0   0,0   5,5  45,1   15.05    NE
 2   3,0  10,5   15.13  -2,3   04.55  15,3   0,0   0,0   0,4   9,7   00.24     S
 3   5,5  10,3   14.10   0,3   05.53  12,8   0,0   0,0   0,1   8,0   00.01     E
 4   9,1  14,1   14.15   6,3   02.26   9,2   0,0   0,0   4,7  29,0   18.54   NNW
 5   4,4   9,9   13.48  -0,9   08.33  13,9   0,0   0,0   1,7  30,6   00.13   NNW
 6   4,0  12,0   15.39  -1,1   05.05  14,3   0,0   0,0   0,3   9,7   06.45   WSW
 7   6,8  11,1   13.55   2,7   02.16  11,5   0,0   0,0   0,1   8,0   12.39   NNE
 8   7,0  11,9   14.25   1,1   08.37  11,3   0,0   0,0   1,8  16,1   16.32   SSW
 9   8,5  11,9   14.34   5,6   22.09   9,8   0,0   0,0   0,5  11,3   01.38   SSW
10   7,7  11,1   15.14   4,3   06.03  10,6   0,0   0,0   0,2   9,7   00.51    SE
11   9,7  15,2   13.06   5,8   05.22   8,6   0,0   0,0   4,0  29,0   15.17     W
12   5,9  12,4   14.07   1,2   08.44  12,4   0,0   0,0   1,4  17,7   16.00    SW
13   4,7  12,1   14.57  -1,1   07.51  13,6   0,0   0,0   2,2  20,9   13.52     S
14   8,3  13,7   13.57   4,4   03.47  10,0   0,0   0,0   3,3  29,0   13.14   SSW
15   7,7  13,2   14.31   2,9   09.04  10,6   0,0   0,0   3,5  27,4   14.36     S
16   9,0  12,4   14.37   4,8   06.49   9,3   0,0   0,2   4,9  37,0   15.29    SE
17  10,7  12,8   08.43   7,4   23.48   7,6   0,0   4,2   8,8  46,7   07.28     S
18   6,6  11,2   13.51   2,3   23.57  11,7   0,0   0,0   1,7  24,1   14.23   NNW
19   2,8   9,6   15.16  -2,4   08.00  15,5   0,0   0,0   0,0   6,4   11.32     S
20   6,0   9,1   14.32   2,9   05.30  12,3   0,0   0,0   0,6  14,5   12.42   ENE
21   7,2  10,3   12.10   5,3   06.06  11,1   0,0   3,2   1,8  29,0   14.30   ESE
22   7,2   9,7   15.30   5,1   05.26  11,1   0,0   0,6   1,9  17,7   13.39    NE
23   8,0  10,6   15.38   5,9   04.58  10,3   0,0   0,0  15,1  49,9   12.19     N
24   7,4  11,4   14.07   4,2   08.12  10,9   0,0   0,0   4,4  27,4   14.36   NNE
25   6,1   8,3   14.22   3,5   06.47  12,2   0,0   0,0   8,5  43,5   14.14    NE
26   4,6   8,1   14.28  -1,4   23.58  13,7   0,0   0,0   8,2  46,7   13.27    NE
27   1,6   7,9   15.05  -3,8   07.00  16,7   0,0   0,0   1,1  19,3   17.46     N
28   2,1   8,3   14.21  -2,5   08.30  16,2   0,0   0,0   2,9  32,2   13.43   NNE
29   1,5   7,4   21.09  -4,0   05.41  16,8   0,0  15,8   2,0  33,8   21.03     S
30   6,0  10,7   09.12   1,7   14.15  12,3   0,0  10,8  14,1  82,1   11.54    SW
31   3,4   8,9   15.04  -0,1   07.16  14,9   0,0  10,0   1,8  49,9   16.14     N
----------------------------------------------------------------------------------
     5,9  15,2    11    -5,8     1   384,7   0,0  44,8   3,5  82,1    30      NE

Max >=  27,0:  0
Max <=   0,0:  0
Min <=   0,0: 11
Min <= -18,0:  0
Max Rain: 15,8 on day 29
Days of Rain: 7 (>= 0,2 mm)  5 (>= 2,0 mm)  0 (>= 20,0 mm)
Heat Base: 18,3  Cool Base: 18,3  Method: Integration