NOAA-Style Climate Reports

Select a Year or Month report
2018: Gen Feb Mar Apr Mag Giu Lug Ago Set Ott Nov Dic
2017: Gen Feb Mar Apr Mag Giu Lug Ago Set Ott Nov Dic
2016: Gen Feb Mar Apr Mag Giu Lug Ago Set Ott Nov Dic
2015: Gen Feb Mar Apr Mag Giu Lug Ago Set Ott Nov Dic
2014: Gen Feb Mar Apr Mag Giu Lug Ago Set Ott Nov Dic

Report for 2015
                   Annual Climatological Summary for 2015

Name: SienaMETEO   City: San Rocco a Pilli - Sovicille (SI)   State: Italia
Elevation: 241 m  Lat: N 43° 15' 22"   Lon: E 011° 16' 53"

                  Temperature (°C), Heat Base: 18,3  Cool Base: 18,3
                          Dep.  Heat  Cool                       Max  Max  Min  Min
        Mean  Mean        From  Deg   Deg                        >=   <=   <=   <=
 YR MO  Max   Min   Mean  Norm  Days  Days  Hi  Date  Low  Date 27,0  0,0  0,0 -18,0
------------------------------------------------------------------------------------
 15  1  10,7   1,7   5,9   0.0   384     0  15,2  11  -5,8    1    0    0   11    0
 15  2  10,5   1,9   6,0   0.0   345     0  14,9  11  -2,7    8    0    0    8    0
 15  3  14,8   4,8   9,7   0.0   267     1  22,9  31  -0,8   13    0    0    2    0
 15  4  19,7   6,4  12,7   0.0   180    14  26,0  15  -1,2    8    0    0    2    0
 15  5  24,9  10,8  17,6   0.0    82    60  31,4  18   6,2    8   12    0    0    0
 15  6  29,6  14,6  21,8   0.0    23   125  34,8   6  10,9   25   23    0    0    0
 15  7  35,6  18,7  26,9   0.0     0   272  39,3  21  15,7   29   31    0    0    0
 15  8  32,3  17,1  23,9   0.0     7   175  38,4   8  13,4   22   27    0    0    0
 15  9  25,2  13,4  19,1   0.0    26    51  32,8   1   6,9   30    9    0    0    0
 15 10  18,7  10,2  14,1   0.0   139     8  24,9   6   4,6   22    0    0    0    0
 15 11  14,9   6,7  10,6   0.0   232     0  20,6   8  -1,7   28    0    0    2    0
 15 12  10,8   3,0   6,6   0.0   362     0  14,8   1  -1,7   11    0    0    4    0
------------------------------------------------------------------------------------
        20,6   9,1  14,6   0.0  2052   709  39,3 lug  -5,8  gen  102    0   29    0

                                Precipitation (mm)

              Dep.   Max        Days of Rain
              From   Obs.           >=
 YR MO Total  Norm   Day Date  0,2  2,0 20,0
---------------------------------------------
 15  1  44,8   0.0  15,8  29     7    5    0
 15  2  86,8   0.0  27,4   5    13    8    1
 15  3 103,2   0.0  24,4  16    10    7    3
 15  4  67,6   0.0  34,0   4     7    3    2
 15  5  30,4   0.0  13,6  23     6    4    0
 15  6 114,0   0.0  43,4  14     9    7    1
 15  7  27,6   0.0  26,2  25     2    1    1
 15  8 185,6   0.0 126,4  24    10    6    1
 15  9  16,2   0.0   6,4  14     7    3    0
 15 10 129,0   0.0  22,8  28    16   10    2
 15 11  18,0   0.0   8,8  21     9    3    0
 15 12   5,8   0.0   1,2  19    15    0    0
---------------------------------------------
       829,0   0.0 126,4  ago  111   57   11

                                Wind Speed (km/h)
                          Dom
 YR MO   Avg.  Hi   Date  Dir
------------------------------
 15  1   0,0  82,1   30   ---
 15  2   0,0  46,7    8   ---
 15  3   0,0  82,1    5   ---
 15  4   0,0  57,9   27   ---
 15  5   0,0  51,5   15   ---
 15  6   0,0  64,4   10   ---
 15  7   0,0  62,8   25   ---
 15  8   2,4  75,6    8    NW
 15  9   4,4  59,5   17    NE
 15 10   2,9  51,5    4   NNE
 15 11   2,0  61,2   21    NW
 15 12   0,4  25,7   11    NE
------------------------------
         1,0  82,1  gen     N