NOAA-Style Climate Reports

Select a Year or Month report
2018: Gen Feb Mar Apr Mag Giu Lug Ago Set Ott Nov Dic
2017: Gen Feb Mar Apr Mag Giu Lug Ago Set Ott Nov Dic
2016: Gen Feb Mar Apr Mag Giu Lug Ago Set Ott Nov Dic
2015: Gen Feb Mar Apr Mag Giu Lug Ago Set Ott Nov Dic
2014: Gen Feb Mar Apr Mag Giu Lug Ago Set Ott Nov Dic

Report for 2014 Dicembre
                   Monthly Climatological Summary for dic 2014

Name: Stazione Meteo San Rocco a Pilli   City: Siena   State: Italia
Elevation: 241 m  Lat: N 43° 15' 22"   Lon: E 011° 16' 53"

                  Temperature (°C), Rain (mm), Wind Speed (km/h)

                                      Heat  Cool        Avg
    Mean                              Deg   Deg         Wind                 Dom
Day Temp  High   Time   Low    Time   Days  Days  Rain  Speed High   Time    Dir
----------------------------------------------------------------------------------
 1  14,1  18,0   01.53   9,4   23.51   4,2   0,0   1,6   3,6  38,6   03.43    SE
 2  10,6  14,8   14.13   6,8   07.51   7,7   0,0   0,0   0,8  16,1   15.30   ENE
 3   9,9  13,3   11.59   7,8   23.49   8,4   0,0  11,8   1,9  25,7   11.51   NNW
 4   9,9  12,5   13.17   7,7   00.01   8,4   0,0  20,2   0,2  19,3   14.08     W
 5  10,0  12,2   13.50   7,7   06.39   8,3   0,0   5,4   0,4  14,5   09.07   ENE
 6  10,1  12,9   13.49   7,4   02.35   8,2   0,0   0,2   3,9  22,5   11.06   ENE
 7   8,8  10,9   13.15   6,1   23.37   9,5   0,0   1,2   0,6  12,9   00.00     N
 8   6,2  11,8   14.17   2,8   07.43  12,1   0,0   0,0   0,9  20,9   15.07    NE
 9   5,7   9,4   10.34   1,3   05.23  12,6   0,0   0,0   9,1  49,9   13.46    NE
10   5,0   9,9   14.18   0,3   08.34  13,3   0,0   0,0   0,9  16,1   17.01     N
11   3,6  10,3   14.28  -0,5   08.14  14,7   0,0   0,0   0,0   4,8   14.27   ESE
12   3,5   9,8   15.44  -2,1   07.49  14,7   0,0   0,0   0,7  16,1   20.24     E
13   7,7  14,1   13.25   2,6   08.12  10,6   0,0   0,0   4,0  43,5   15.22     S
14   8,4  13,2   14.44   4,3   06.10   9,9   0,0   0,0   0,3  11,3   17.25   ENE
15   9,6  12,4   13.47   7,6   01.53   8,7   0,0   5,8   1,5  17,7   23.22    NE
16   9,5  11,2   13.28   7,7   23.19   8,8   0,0  11,6   2,5  22,5   12.40   ENE
17   8,9  12,8   13.51   6,1   06.27   9,4   0,0   0,0   0,4  11,3   13.22     S
18   7,5  11,3   15.29   4,2   08.15  10,8   0,0   0,2   0,1   9,7   20.13   SSE
19   7,2  11,9   14.05   3,8   07.42  11,1   0,0   0,0   0,0   9,7   12.23    SE
20   8,5  13,3   14.49   4,8   00.12   9,8   0,0   0,0   0,2   8,0   12.26   SSE
21   7,0   9,3   14.52   2,9   23.57  11,3   0,0   0,2   0,2   8,0   11.37     S
22   5,1   9,5   15.47   0,0   06.13  13,2   0,0   0,0   0,2  11,3   23.06     S
23   9,5  10,7   19.58   8,0   00.12   8,8   0,0   0,0   0,5  12,9   21.53   SSE
24  10,2  11,9   14.51   8,8   08.06   8,1   0,0   0,0   0,3  14,5   13.34   SSE
25   9,1  11,1   14.21   6,1   23.39   9,2   0,0   0,0   0,7  16,1   02.29     E
26   5,9  10,2   13.49  -0,5   23.58  12,4   0,0   0,0   4,0  41,8   13.04    NE
27   1,9   7,8   18.17  -2,9   06.59  16,4   0,0  14,8   5,4  45,1   17.58    SW
28   2,8   6,0   12.45  -0,6   07.10  15,5   0,0   0,0  12,7  61,2   13.25   NNW
29   2,0   6,1   13.37  -3,3   23.20  16,3   0,0   0,0   8,4  46,7   11.17   NNE
30  -0,7   3,1   13.41  -4,4   04.04  19,0   0,0   0,0   5,7  32,2   13.01    NE
31  -0,7   1,7   14.07  -4,1   02.48  19,0   0,0   0,0  13,8  69,2   19.41   NNE
----------------------------------------------------------------------------------
     7,0  18,0     1    -4,4    30   350,4   0,0  73,0   2,7  69,2    31      NE

Max >=  27,0:  0
Max <=   0,0:  0
Min <=   0,0:  9
Min <= -18,0:  0
Max Rain: 20,2 on day 4
Days of Rain: 11 (>= 0,2 mm)  6 (>= 2,0 mm)  1 (>= 20,0 mm)
Heat Base: 18,3  Cool Base: 18,3  Method: Integration