NOAA-Style Climate Reports

Select a Year or Month report
2018: Gen Feb Mar Apr Mag Giu Lug Ago Set Ott Nov Dic
2017: Gen Feb Mar Apr Mag Giu Lug Ago Set Ott Nov Dic
2016: Gen Feb Mar Apr Mag Giu Lug Ago Set Ott Nov Dic
2015: Gen Feb Mar Apr Mag Giu Lug Ago Set Ott Nov Dic
2014: Gen Feb Mar Apr Mag Giu Lug Ago Set Ott Nov Dic

Report for 2014 Novembre
                   Monthly Climatological Summary for nov 2014

Name: Stazione Meteo San Rocco a Pilli   City: Siena   State: Italia
Elevation: 241 m  Lat: N 43° 15' 22"   Lon: E 011° 16' 53"

                  Temperature (°C), Rain (mm), Wind Speed (km/h)

                                      Heat  Cool        Avg
    Mean                              Deg   Deg         Wind                 Dom
Day Temp  High   Time   Low    Time   Days  Days  Rain  Speed High   Time    Dir
----------------------------------------------------------------------------------
 1   9,9  17,8   14.45   3,0   07.22   8,4   0,0   0,0   0,5  11,3   14.59    SW
 2  10,2  18,1   13.50   2,8   07.09   8,1   0,0   0,0   0,3  12,9   13.59   WSW
 3  11,6  17,6   14.45   6,0   04.49   6,7   0,0   0,2   2,8  27,4   21.54    SE
 4  15,6  20,3   13.18   9,8   07.41   3,0   0,3   0,0  11,6  57,9   13.24    SE
 5  16,5  18,8   05.59  14,4   21.01   1,8   0,1  47,8  14,0  67,6   06.43   SSE
 6  13,9  14,9   13.02  12,6   23.58   4,4   0,0   5,2   1,4  19,3   01.34    SE
 7  13,9  16,7   12.29  12,1   04.42   4,4   0,0   0,8   1,3  17,7   12.52    NE
 8  14,7  17,2   12.28  12,7   07.15   3,6   0,0   0,4   0,8   9,7   04.20   NNE
 9  14,7  18,3   14.11  12,2   06.07   3,6   0,0   0,0   3,2  27,4   15.22    SE
10  14,1  16,3   14.58  12,4   23.56   4,2   0,0   5,4   4,5  22,5   12.12     E
11  13,6  16,9   13.59  11,3   06.27   4,7   0,0   1,0   0,5  14,5   12.39    NE
12  13,2  14,5   12.22  11,9   07.00   5,1   0,0   5,4   0,8  14,5   02.21     E
13  12,9  15,6   15.12  10,8   06.30   5,4   0,0   5,2   0,7  19,3   03.11   WNW
14  13,2  17,2   14.07  10,3   23.49   5,1   0,0   0,2   0,3  12,9   14.10   ESE
15  12,2  15,5   14.59   9,7   01.26   6,1   0,0  18,2   5,4  49,9   15.35    SE
16  10,4  14,2   14.17   7,8   05.06   7,9   0,0   2,6   1,5  20,9   22.34   ESE
17   9,6  12,1   14.11   7,6   07.32   8,7   0,0  39,6   3,0  45,1   14.04    SE
18  10,4  13,8   12.31   7,5   22.51   7,9   0,0   5,6   2,9  37,0   14.45     S
19   9,9  15,4   13.07   6,7   07.58   8,4   0,0   0,8   2,6  24,1   13.11   NNW
20   7,0  13,2   15.48   2,7   05.37  11,3   0,0   0,2   0,0   8,0   05.53   SSE
21   8,2  11,8   14.36   3,4   07.53  10,1   0,0   0,2   0,1   8,0   11.45    NE
22  12,5  17,5   14.28   9,9   07.26   5,8   0,0   0,0   1,3  20,9   14.13    SE
23  11,3  15,7   14.38   8,8   02.48   7,0   0,0   0,0   0,0   0,0   00.00   ---
24  10,0  13,4   15.35   7,4   06.42   8,3   0,0   0,2   0,1   9,7   21.38     E
25  11,8  14,0   14.15   9,6   02.00   6,5   0,0   4,6   0,3  14,5   00.06   ENE
26  12,5  13,7   14.50  11,8   03.43   5,8   0,0   5,4   1,1  12,9   18.04   ENE
27  12,1  13,6   15.17  11,1   22.02   6,2   0,0  18,2   0,7  32,2   07.52   ENE
28  11,8  15,8   15.05   9,4   06.35   6,5   0,0   0,2   0,5  16,1   00.12   NNE
29  11,9  15,7   14.08   8,6   04.43   6,4   0,0   2,0   1,2  16,1   17.58    NE
30  14,0  16,5   14.58  12,2   03.27   4,3   0,0   0,2   0,8  16,1   20.52    NE
----------------------------------------------------------------------------------
    12,1  20,3     4     2,7    20   185,7   0,4 169,6   2,1  67,6     5      SE

Max >=  27,0:  0
Max <=   0,0:  0
Min <=   0,0:  0
Min <= -18,0:  0
Max Rain: 47,8 on day 5
Days of Rain: 24 (>= 0,2 mm)  13 (>= 2,0 mm)  2 (>= 20,0 mm)
Heat Base: 18,3  Cool Base: 18,3  Method: Integration