NOAA-Style Climate Reports

Select a Year or Month report
2018: Gen Feb Mar Apr Mag Giu Lug Ago Set Ott Nov Dic
2017: Gen Feb Mar Apr Mag Giu Lug Ago Set Ott Nov Dic
2016: Gen Feb Mar Apr Mag Giu Lug Ago Set Ott Nov Dic
2015: Gen Feb Mar Apr Mag Giu Lug Ago Set Ott Nov Dic
2014: Gen Feb Mar Apr Mag Giu Lug Ago Set Ott Nov Dic

Report for 2018 Febbraio
                   Monthly Climatological Summary for feb 2018

Name: SienaMETEO   City: San Rocco a Pilli - Sovicille (SI)   State: Italia
Elevation: 241 m  Lat: N 43° 15' 22"   Lon: E 011° 16' 53"

                  Temperature (°C), Rain (mm), Wind Speed (km/h)

                                      Heat  Cool        Avg
    Mean                              Deg   Deg         Wind                 Dom
Day Temp  High   Time   Low    Time   Days  Days  Rain  Speed High   Time    Dir
----------------------------------------------------------------------------------
 1  10,1  12,6   10.25   8,4   23.20   8,1   0,0  11,4   0,0   0,0   00.00   ---
 2   8,6  10,2   09.40   7,0   05.48   9,7   0,0  42,8   0,0   0,0   00.00   ---
 3   3,9   7,6   00.00   1,2   23.24  14,4   0,0  15,6   0,0  40,2   09.57   ---
 4   1,8   7,3   15.26  -2,2   06.51  16,3   0,0   0,0   0,0   0,0   00.00   ---
 5   5,2  10,6   15.03  -0,3   04.13  13,1   0,0   0,2   0,0   0,0   00.00   ---
 6   4,9   7,2   10.56   2,2   06.30  13,4   0,0   7,2   0,0   0,0   00.00   ---
 7   5,0   8,2   14.47   2,8   04.34  13,3   0,0   2,6   0,0   0,0   00.00   ---
 8   5,2   9,0   13.07   2,4   22.14  13,1   0,0   0,8   0,0   0,0   00.00   ---
 9   4,7  10,2   15.05  -0,9   08.10  13,5   0,0   0,0   0,0   1,6   12.35   ---
10   4,1  10,2   15.01  -0,8   07.20  14,2   0,0   0,2   0,0  41,8   12.36     W
11   3,9   9,2   13.03  -0,9   08.09  14,4   0,0   0,0   0,0   0,0   00.00   ---
12   4,0   8,7   14.39   1,0   01.14  14,3   0,0   1,6   0,0   0,0   00.00   ---
13   3,4   8,3   12.55  -1,3   23.44  14,9   0,0   0,0   0,0   0,0   00.00   ---
14   2,6   8,3   15.14  -2,1   01.52  15,7   0,0   0,0   0,0   0,0   00.00   ---
15   2,3   8,6   15.40  -3,7   07.13  16,0   0,0   0,0   0,0   0,0   00.00   ---
16   4,1   8,7   16.07  -0,4   03.02  14,2   0,0   0,0   0,0   0,0   00.00   ---
17   6,0   8,0   12.54   3,4   00.37  12,3   0,0   7,4   0,0   0,0   00.00   ---
18   7,9  10,2   05.39   4,7   23.56  10,4   0,0  19,0   0,0   0,0   00.00   ---
19   5,3   9,0   14.24   1,2   23.54  13,0   0,0   0,0   0,0   0,0   00.00   ---
20   2,9   7,9   13.16  -1,6   07.10  15,4   0,0   0,0   0,0   0,0   00.00   ---
21   4,4   8,1   13.17   2,3   07.52  13,9   0,0   0,6   0,0   0,0   00.00   ---
22   4,3   8,4   14.55   1,7   06.00  13,9   0,0   6,6   0,0   0,0   00.00   ---
23   5,1   8,3   11.41   3,7   07.28  13,2   0,0   9,2   0,0   0,0   00.00   ---
24   8,5  12,3   14.27   4,6   00.00   9,8   0,0   0,2   0,0   0,0   00.00   ---
----------------------------------------------------------------------------------
     4,9  12,6     1    -3,7    15   320,5   0,0 125,4   0,0  41,8    10       W

Max >=  34,0:  0
Max <=   0,0:  0
Min <=   0,0: 10
Min <= -10,0:  0
Max Rain: 42,8 on day 2
Days of Rain: 15 (>= 0,2 mm)  10 (>= 1,0 mm)  1 (>= 20,0 mm)
Heat Base: 18,3  Cool Base: 18,3  Method: Integration