NOAA-Style Climate Reports

Select a Year or Month report
2018: Gen Feb Mar Apr Mag Giu Lug Ago Set Ott Nov Dic

Report for 2018 Giugnio
                   Monthly Climatological Summary for giu 2018

Name: AvioSienaMETEO   City: Chiusdino - Pian di Feccia (si)   State: Italia
Elevation: 275 m  Lat: N 43° 11' 28"   Lon: E 011° 08' 36"

                  Temperature (°C), Rain (mm), Wind Speed (km/h)

                                      Heat  Cool        Avg
    Mean                              Deg   Deg         Wind                 Dom
Day Temp  High   Time   Low    Time   Days  Days  Rain  Speed High   Time    Dir
----------------------------------------------------------------------------------
 1  18,2  26,2   15:02  10,8   05:40   2,7   2,7   0,0   5,7  32,2   18:42    NW
 2  18,1  27,4   14:51   8,7   05:00   3,2   3,0   0,0   3,1  29,0   16:07   WNW
 3  19,6  28,8   15:25   9,8   05:51   2,5   3,8   0,0   3,9  25,7   14:25   SSW
 4  19,2  26,7   14:05  13,1   04:50   1,5   2,4   0,0   7,2  38,6   13:44   SSW
 5  19,3  25,5   15:04  14,3   23:55   1,3   2,3   0,0   8,0  38,6   13:44   WNW
 6  19,2  26,2   13:26  12,6   02:43   1,8   2,7   0,0   3,7  32,2   13:52     W
 7  20,0  28,3   14:22  12,5   06:11   1,4   3,1   0,2   4,3  29,0   17:18    NW
 8  18,1  25,1   14:10  13,2   06:42   1,5   1,3   1,2   4,9  29,0   17:02    NW
 9  19,2  25,1   16:58  12,4   23:59   1,5   2,4   0,0   9,5  33,8   11:40   WNW
10  19,2  28,8   16:00   9,2   05:46   2,8   3,7   0,0   5,5  33,8   11:40   WNW
11  20,7  30,3   13:06   9,9   05:33   2,2   4,6   0,0   4,1  33,8   10:46     S
12  20,2  26,8   13:45  13,6   06:36   1,1   2,9   0,0   7,1  35,4   17:38   WNW
13  17,0  22,4   12:11  12,9   02:26   1,8   0,6   5,0   5,1  35,4   17:23   ESE
14  19,1  25,4   15:00  14,6   00:00   1,2   2,0   0,2   5,6  32,2   13:00     N
15  18,3  24,1   12:30   9,9   05:30   2,4   2,4   0,0   4,9  32,2   13:00   NNE
16  19,4  27,8   16:30   9,2   05:30   2,6   3,7   0,0   5,3  25,7   11:00     N
17  20,5  30,2   15:00   9,7   06:00   2,2   4,3   0,0   4,7  37,0   17:30   WNW
18  21,1  29,8   15:16  10,6   05:15   2,0   4,8   0,0   7,0  37,0   17:10   ENE
19  21,6  30,2   13:47  10,8   05:23   1,8   5,1   0,0   8,1  33,8   14:00    NE
20  21,4  30,6   15:41  11,1   05:58   1,7   4,8   2,8   6,2  48,3   18:46     E
21  21,6  28,8   12:01  15,9   04:06   0,5   3,8   3,4   4,5  48,3   18:31     S
22  20,6  28,6   14:31  13,6   03:46   1,2   3,5   4,8   5,1  35,4   14:06    SE
23  20,7  26,4   16:17  12,2   23:56   0,8   3,2   0,0   9,7  41,8   11:24   ENE
24  18,2  27,7   15:35   6,3   05:57   3,3   3,2   0,0   5,1  41,8   11:08    NE
----------------------------------------------------------------------------------
    19,6  30,6    20     6,3    24    45,0  76,3  17,6   5,8  48,3    20     NNW

Max >=  27,0: 13
Max <=   0,0:  0
Min <=   0,0:  0
Min <= -18,0:  0
Max Rain: 5,0 on day 13
Days of Rain: 7 (>= 0,2 mm)  4 (>= 2,0 mm)  0 (>= 20,0 mm)
Heat Base: 18,3  Cool Base: 18,3  Method: Integration