NOAA-Style Climate Reports

Select a Year or Month report
2018: Gen Feb Mar Apr Mag Giu Lug Ago Set Ott Nov Dic

Report for 2018 Agosto
                   Monthly Climatological Summary for ago 2018

Name: AvioSienaMETEO   City: Chiusdino - Pian di Feccia (si)   State: Italia
Elevation: 275 m  Lat: N 43° 11' 28"   Lon: E 011° 08' 36"

                  Temperature (°C), Rain (mm), Wind Speed (km/h)

                                      Heat  Cool        Avg
    Mean                              Deg   Deg         Wind                 Dom
Day Temp  High   Time   Low    Time   Days  Days  Rain  Speed High   Time    Dir
----------------------------------------------------------------------------------
 1  26,1  35,7   13:47  15,4   06:21   0,3   8,1   0,0   4,4  32,2   17:23   NNW
 2  23,8  36,2   14:52  16,6   05:55   0,2   5,7   0,8   4,9  51,5   15:29     N
 3  24,4  32,2   13:59  16,2   04:05   0,4   6,5   0,2   7,2  51,5   15:13     N
 4  24,0  34,6   14:57  16,1   05:13   0,3   6,0   0,8   5,1  37,0   12:29    NE
 5  25,2  34,9   16:14  17,4   06:54   0,1   7,0   0,2   4,5  33,8   15:02   ESE
 6  25,0  34,9   16:39  14,7   06:04   0,5   7,2   0,0   4,5  33,8   16:03   SSE
 7  23,3  33,4   13:21  16,2   06:10   0,3   5,3   4,6   3,5  33,8   15:24    NW
 8  23,7  33,0   13:34  16,9   05:05   0,1   5,6   0,0   4,8  33,8   15:08   WNW
 9  23,8  33,6   16:06  15,1   05:53   0,5   6,0   0,0   4,1  33,8   18:04     W
10  24,0  32,4   14:37  17,5   06:12   0,1   5,8   0,2   6,6  33,8   17:48   WNW
11  23,4  33,2   14:05  15,2   03:39   0,6   5,7   0,0   6,3  37,0   17:05     W
12  22,9  33,7   16:04  12,4   05:42   1,4   6,0   0,0   4,2  37,0   16:49   WNW
13  21,5  31,6   14:52  11,9   06:21   1,3   4,6   0,0   5,6  54,7   15:21    SW
14  19,1  27,4   16:03  16,4   02:25   0,7   1,4   8,0   5,2  54,7   15:06   ENE
15  21,8  28,1   14:00  15,6   06:00   0,6   4,1   0,0   6,7  32,2   14:00    NE
16  22,1  31,6   15:36  12,9   05:00   1,3   4,9   0,0   7,6  41,8   13:00   NNE
17  21,7  31,7   15:52  11,5   05:55   1,8   5,2   0,0   5,4  41,8   12:50   WNW
18  21,9  32,9   15:37  12,3   06:39   1,5   5,1   2,2   4,1  30,6   19:56   NNW
----------------------------------------------------------------------------------
    23,2  36,2     2    11,5    17    12,0 100,2  17,0   5,2  54,7    13     NNW

Max >=  27,0: 18
Max <=   0,0:  0
Min <=   0,0:  0
Min <= -18,0:  0
Max Rain: 8,0 on day 14
Days of Rain: 8 (>= 0,2 mm)  3 (>= 2,0 mm)  0 (>= 20,0 mm)
Heat Base: 18,3  Cool Base: 18,3  Method: Integration